000
CXUS53 KLBF 011451
CLMLBF


CLIMATE REPORT
NATIONAL WEATHER SERVICE NORTH PLATTE
947 AM CDT MON JUL 1 2019

...................................

...THE NORTH PLATTE NE CLIMATE SUMMARY FOR THE MONTH OF JUNE 2019...

CLIMATE NORMAL PERIOD 1981 TO 2010
CLIMATE RECORD PERIOD 1874 TO 2019

WEATHER         OBSERVED          NORMAL  DEPART  LAST YEAR`S
                 VALUE   DATE(S)  VALUE   FROM    VALUE  DATE(S)
                                          NORMAL
................................................................
TEMPERATURE (F)
RECORD
 HIGH             107   06/21/2017
                        06/26/2012
                        06/15/1952
 LOW               29   06/02/1969
HIGHEST           100   06/29        96       4      100  06/14
LOWEST             40   06/10        41      -1       42  06/03
AVG. MAXIMUM     82.6              81.8     0.8     86.3
AVG. MINIMUM     54.4              54.0     0.4     59.4
MEAN             68.5              67.9     0.6     72.8
DAYS MAX >= 90      4               5.4    -1.4       12
DAYS MAX <= 32      0               0.0     0.0        0
DAYS MIN <= 32      0               0.0     0.0        0
DAYS MIN <= 0       0               0.0     0.0        0

PRECIPITATION (INCHES)
RECORD
 MAXIMUM        10.47   1951
 MINIMUM         0.33   1952
TOTALS           3.59              3.42    0.17     3.76
DAILY AVG.       0.12              0.11    0.01     0.13
DAYS >= .01        13              10.5     2.5       10
DAYS >= .10         8               6.6     1.4        9
DAYS >= .50         1               2.6    -1.6        3
DAYS >= 1.00        1               0.6     0.4        1
GREATEST
 24 HR. TOTAL    1.83   06/08 TO 06/08

SNOWFALL (INCHES)
RECORDS
 TOTAL              T   2014
                        2013
                        2009
TOTALS            0.0               0.0     0.0      0.0
SINCE 7/1        41.3              28.5    12.8     49.1
SNOWDEPTH AVG.      0                MM      MM        0
DAYS >= 1.0         0               0.0     0.0        0
GREATEST
 SNOW DEPTH         0   MM                             0  MM
 24 HR TOTAL      0.0   06/30 TO 06/30

DEGREE_DAYS
HEATING TOTAL      36                51     -15       11
 SINCE 7/1       6993              6686     307     6585
COOLING TOTAL     148               138      10      253
 SINCE 1/1        160               166      -6      333
.................................................................

WIND (MPH)
AVERAGE WIND SPEED              7.5
HIGHEST WIND SPEED/DIRECTION    31/020    DATE  06/11
HIGHEST GUST SPEED/DIRECTION    43/020    DATE  06/11

SKY COVER
POSSIBLE SUNSHINE (PERCENT)   MM
AVERAGE SKY COVER           0.20
NUMBER OF DAYS FAIR           21
NUMBER OF DAYS PC              6
NUMBER OF DAYS CLOUDY          3

AVERAGE RH (PERCENT)     65

WEATHER CONDITIONS. NUMBER OF DAYS WITH
  0
  7
  0
  0
  0
  0
  2
HAZE                      1

-  INDICATES NEGATIVE NUMBERS.
R  INDICATES RECORD WAS SET OR TIED.
MM INDICATES DATA IS MISSING.
T  INDICATES TRACE AMOUNT.

$$
