000
CXUS53 KLBF 011126
CLMLBF


CLIMATE REPORT
NATIONAL WEATHER SERVICE NORTH PLATTE
624 AM CDT WED MAY 1 2019

...................................

...THE NORTH PLATTE NE CLIMATE SUMMARY FOR THE MONTH OF APRIL 2019...

CLIMATE NORMAL PERIOD 1981 TO 2010
CLIMATE RECORD PERIOD 1874 TO 2019

WEATHER         OBSERVED          NORMAL  DEPART  LAST YEAR`S
                 VALUE   DATE(S)  VALUE   FROM    VALUE  DATE(S)
                                          NORMAL
................................................................
TEMPERATURE (F)
RECORD
 HIGH              98   04/30/1992
 LOW               -3   04/02/1936
HIGHEST            89   04/20        85       4       85  04/29
                                                          04/11
LOWEST             19   04/13        18       1        4  04/07
AVG. MAXIMUM     65.3              62.2     3.1     58.4
AVG. MINIMUM     33.3              33.0     0.3     28.0
MEAN             49.3              47.6     1.7     43.2
DAYS MAX >= 90      0               0.2    -0.2        0
DAYS MAX <= 32      1               0.3     0.7        2
DAYS MIN <= 32     11              13.8    -2.8       20
DAYS MIN <= 0       0               0.0     0.0        0

PRECIPITATION (INCHES)
RECORD
 MAXIMUM         7.10   1915
 MINIMUM         0.04   1928
TOTALS           1.43              2.27   -0.84     1.46
DAILY AVG.       0.05              0.08   -0.03     0.05
DAYS >= .01        12               8.4     3.6        8
DAYS >= .10         6               4.6     1.4        7
DAYS >= .50         0               1.4    -1.4        0
DAYS >= 1.00        0               0.4    -0.4        0
GREATEST
 24 HR. TOTAL    0.41   04/30 TO 04/30

SNOWFALL (INCHES)
RECORDS
 TOTAL           14.8   1886
TOTALS            4.9               3.2     1.7      9.5
SINCE 7/1        41.3              28.5    12.8     49.1
SNOWDEPTH AVG.      0                MM      MM        1
DAYS >= 1.0         3               0.9     2.1        3
GREATEST
 SNOW DEPTH         3   04/11                          5  04/14
 24 HR TOTAL      1.8   04/10 TO 04/10

DEGREE_DAYS
HEATING TOTAL     461               525     -64      653
 SINCE 7/1       6606              6390     216     6462
COOLING TOTAL       0                 3      -3        7
 SINCE 1/1          0                 3      -3        7
.................................................................

WIND (MPH)
AVERAGE WIND SPEED              10.7
HIGHEST WIND SPEED/DIRECTION    39/030    DATE  04/10
HIGHEST GUST SPEED/DIRECTION    54/360    DATE  04/11

SKY COVER
POSSIBLE SUNSHINE (PERCENT)   MM
AVERAGE SKY COVER           0.30
NUMBER OF DAYS FAIR           16
NUMBER OF DAYS PC             12
NUMBER OF DAYS CLOUDY          2

AVERAGE RH (PERCENT)     64

WEATHER CONDITIONS. NUMBER OF DAYS WITH
  0
  1
  0
  0
  0
  0
  2
HAZE                      3

-  INDICATES NEGATIVE NUMBERS.
R  INDICATES RECORD WAS SET OR TIED.
MM INDICATES DATA IS MISSING.
T  INDICATES TRACE AMOUNT.

$$
