000
CXUS52 KILM 012011
CLMLBT


CLIMATE REPORT
NATIONAL WEATHER SERVICE WILMINGTON NC
405 PM EDT MON JUL 1 2019

...................................

...THE LUMBERTON NORTH CAROLINA CLIMATE SUMMARY FOR THE MONTH OF JUNE 2019...

CLIMATE NORMAL PERIOD 1981 TO 2010
CLIMATE RECORD PERIOD 1903 TO 2019

WEATHER         OBSERVED          NORMAL  DEPART  LAST YEAR`S
                 VALUE   DATE(S)  VALUE   FROM    VALUE  DATE(S)
                                          NORMAL
................................................................
TEMPERATURE (F)
RECORD
 HIGH             104   06/18/2015
                        06/15/2015
                        06/26/1952
 LOW               40   06/12/1972
HIGHEST            99   06/30        MM      MM       98
LOWEST             55   06/15        MM      MM       59
AVG. MAXIMUM     88.5              88.5     0.0     91.7
AVG. MINIMUM     68.4              67.4     1.0     70.4
MEAN             78.4              78.0     0.4     81.0
DAYS MAX >= 90     15              13.0     2.0       24
DAYS MAX <= 32      0               0.0     0.0        0
DAYS MIN <= 32      0               0.0     0.0        0
DAYS MIN <= 0       0               0.0     0.0        0

PRECIPITATION (INCHES)
RECORD
 MAXIMUM        12.25   1969
 MINIMUM         0.81   1954
TOTALS           2.89              4.34   -1.45
DAILY AVG.       0.10              0.15   -0.05
DAYS >= .01        11              11.0     0.0
DAYS >= .10         9               7.0     2.0
DAYS >= .50         1               3.0    -2.0
DAYS >= 1.00        1               1.0     0.0
GREATEST
 24 HR. TOTAL    1.55   06/09 TO 06/09

DEGREE_DAYS
HEATING TOTAL       0                 0       0        0
 SINCE 7/1       2303              2761    -458
COOLING TOTAL     410               388      22      472
 SINCE 1/1        909               638     271

FREEZE DATES
RECORD
 EARLIEST     10/03/1981
 LATEST       05/10/1980
EARLIEST                        11/01
LATEST                          04/01
.................................................................

WIND (MPH)
AVERAGE WIND SPEED              MM
RESULTANT WIND SPEED/DIRECTION  MM
HIGHEST WIND SPEED/DIRECTION    MM        DATE   MM
HIGHEST GUST SPEED/DIRECTION    MM        DATE   MM

SKY COVER
POSSIBLE SUNSHINE (PERCENT)   MM
AVERAGE SKY COVER             MM
NUMBER OF DAYS FAIR           MM
NUMBER OF DAYS PC             MM
NUMBER OF DAYS CLOUDY         MM

AVERAGE RH (PERCENT)     MM

WEATHER CONDITIONS. NUMBER OF DAYS WITH
THUNDERSTORM             MM     MIXED PRECIP              MM
HEAVY RAIN               MM     RAIN                      MM
LIGHT RAIN               MM     FREEZING RAIN             MM
LT FREEZING RAIN         MM     HAIL                      MM
HEAVY SNOW               MM     SNOW                      MM
LIGHT SNOW               MM     SLEET                     MM
FOG                      MM     FOG W/VIS <= 1/4 MILE     MM
HAZE                     MM

-  INDICATES NEGATIVE NUMBERS.
R  INDICATES RECORD WAS SET OR TIED.
MM INDICATES DATA IS MISSING.
T  INDICATES TRACE AMOUNT.

$$
