159
CXUS52 KILM 020134
CLMLBT


CLIMATE REPORT
NATIONAL WEATHER SERVICE WILMINGTON NC
930 PM EDT WED MAY 1 2019

...................................

...THE LUMBERTON NORTH CAROLINA CLIMATE SUMMARY FOR THE MONTH OF APRIL 2019...

CLIMATE NORMAL PERIOD 1981 TO 2010
CLIMATE RECORD PERIOD 1903 TO 2019

WEATHER         OBSERVED          NORMAL  DEPART  LAST YEAR`S
                 VALUE   DATE(S)  VALUE   FROM    VALUE  DATE(S)
                                          NORMAL
................................................................
TEMPERATURE (F)
RECORD
 HIGH              96   04/24/1925
 LOW               22   04/08/2007
HIGHEST            88   04/30        MM      MM       85
                        04/24
LOWEST             35   04/03        MM      MM       32
AVG. MAXIMUM     76.1              74.5     1.6     72.6
AVG. MINIMUM     54.6              49.0     5.6     45.8
MEAN             65.3              61.7     3.6     59.2
DAYS MAX >= 90      0               0.6    -0.6        0
DAYS MAX <= 32      0               0.0     0.0        0
DAYS MIN <= 32      0               1.0    -1.0        1
DAYS MIN <= 0       0               0.0     0.0        0

PRECIPITATION (INCHES)
RECORD
 MAXIMUM        13.74   1918
 MINIMUM         0.11   1976
TOTALS           4.90              2.82    2.08
DAILY AVG.       0.16              0.09    0.07
DAYS >= .01         9               8.0     1.0
DAYS >= .10         5               5.0     0.0
DAYS >= .50         4               2.0     2.0
DAYS >= 1.00        3               1.0     2.0
GREATEST
 24 HR. TOTAL    1.32   04/19 TO 04/19

DEGREE_DAYS
HEATING TOTAL      93               153     -60      193
 SINCE 7/1       2297              2729    -432
COOLING TOTAL     108                55      53       29
 SINCE 1/1        127                68      59

FREEZE DATES
RECORD
 EARLIEST     10/03/1981
 LATEST       05/10/1980
EARLIEST                        11/01
LATEST                          04/01
.................................................................

WIND (MPH)
AVERAGE WIND SPEED              MM
RESULTANT WIND SPEED/DIRECTION  MM
HIGHEST WIND SPEED/DIRECTION    MM        DATE   MM
HIGHEST GUST SPEED/DIRECTION    MM        DATE   MM

SKY COVER
POSSIBLE SUNSHINE (PERCENT)   MM
AVERAGE SKY COVER             MM
NUMBER OF DAYS FAIR          MM
NUMBER OF DAYS PC            MM
NUMBER OF DAYS CLOUDY        MM

AVERAGE RH (PERCENT)     MM

WEATHER CONDITIONS. NUMBER OF DAYS WITH
THUNDERSTORM             MM     MIXED PRECIP              MM
HEAVY RAIN               MM     RAIN                      MM
LIGHT RAIN               MM     FREEZING RAIN             MM
LT FREEZING RAIN         MM     HAIL                      MM
HEAVY SNOW               MM     SNOW                      MM
LIGHT SNOW               MM     SLEET                     MM
FOG                      MM     FOG W/VIS <= 1/4 MILE     MM
HAZE                     MM

-  INDICATES NEGATIVE NUMBERS.
R  INDICATES RECORD WAS SET OR TIED.
MM INDICATES DATA IS MISSING.
T  INDICATES TRACE AMOUNT.

$$
