000
CXUS54 KLCH 012135
CLMLCH


CLIMATE REPORT
NATIONAL WEATHER SERVICE LAKE CHARLES, LA
435 PM CDT THU AUG 1 2019

...................................

...THE LAKE CHARLES CLIMATE SUMMARY FOR THE MONTH OF JULY 2019...

CLIMATE NORMAL PERIOD 1981 TO 2010
CLIMATE RECORD PERIOD 1895 TO 2019

WEATHER         OBSERVED          NORMAL  DEPART  LAST YEAR`S
                 VALUE   DATE(S)  VALUE   FROM    VALUE  DATE(S)
                                          NORMAL
................................................................
TEMPERATURE (F)
RECORD
 HIGH             103   07/15/1909
                        07/13/1901
 LOW               60   07/08/1924
HIGHEST            99   07/11        MM      MM       99  07/26
                                                          07/23
LOWEST             69   07/25        MM      MM       71  07/25
                        07/24
AVG. MAXIMUM     91.1              91.1     0.0     93.3
AVG. MINIMUM     75.8              74.6     1.2     76.7
MEAN             83.5              82.9     0.6     85.0
DAYS MAX >= 90     23              21.1     1.9       27
DAYS MAX <= 32      0               0.0     0.0        0
DAYS MIN <= 32      0               0.0     0.0        0
DAYS MIN <= 0       0               0.0     0.0        0

PRECIPITATION (INCHES)
RECORD
 MAXIMUM        20.73   1933
 MINIMUM         0.48   1956
TOTALS           4.82              5.63   -0.81     6.88
DAILY AVG.       0.16              0.18   -0.02     0.22
DAYS >= .01        13              11.6     1.4        9
DAYS >= .10         7               8.1    -1.1        8
DAYS >= .50         3               3.6    -0.6        5
DAYS >= 1.00        1               1.6    -0.6        3
GREATEST
 24 HR. TOTAL    1.74   07/02 TO 07/02

DEGREE_DAYS
COOLING TOTAL     581               553      28      628
 SINCE 1/1       1751              1571     180     1924
.................................................................

WIND (MPH)
AVERAGE WIND SPEED              6.0
HIGHEST WIND SPEED/DIRECTION    33/070    DATE  07/11
HIGHEST GUST SPEED/DIRECTION    40/080    DATE  07/11

SKY COVER
POSSIBLE SUNSHINE (PERCENT)   MM
AVERAGE SKY COVER           0.20
NUMBER OF DAYS FAIR           25
NUMBER OF DAYS PC              4
NUMBER OF DAYS CLOUDY          2

AVERAGE RH (PERCENT)     76

WEATHER CONDITIONS. NUMBER OF DAYS WITH
  0
  7
  0
  0
  0
  0
  1
HAZE                      4

-  INDICATES NEGATIVE NUMBERS.
R  INDICATES RECORD WAS SET OR TIED.
MM INDICATES DATA IS MISSING.
T  INDICATES TRACE AMOUNT.

$$
