000
CXUS53 KLMK 011827
CLMLEX


CLIMATE REPORT
NATIONAL WEATHER SERVICE LOUISVILLE KY
218 PM EDT WED MAY 1 2019

...................................

...THE LEXINGTON KY CLIMATE SUMMARY FOR THE MONTH OF APRIL 2019...

CLIMATE NORMAL PERIOD 1981 TO 2010
CLIMATE RECORD PERIOD 1872 TO 2019

WEATHER         OBSERVED          NORMAL  DEPART  LAST YEAR`S
                 VALUE   DATE(S)  VALUE   FROM    VALUE  DATE(S)
                                          NORMAL
................................................................
TEMPERATURE (F)
RECORD
 HIGH              91   04/30/1942
 LOW               15   04/18/1875
HIGHEST            83   04/11        MM      MM       81  04/13
LOWEST             25   04/01        MM      MM       25  04/05
AVG. MAXIMUM     70.1              65.8     4.3     61.8
AVG. MINIMUM     48.1              44.7     3.4     40.0
MEAN             59.1              55.3     3.8     50.9
DAYS MAX >= 90      0               0.0     0.0        0
DAYS MAX <= 32      0               0.0     0.0        0
DAYS MIN <= 32      1               2.7    -1.7        7
DAYS MIN <= 0       0               0.0     0.0        0

PRECIPITATION (INCHES)
RECORD
 MAXIMUM        12.70   2011
 MINIMUM         0.40   1896
TOTALS           4.39              3.60    0.79     4.34
DAILY AVG.       0.15              0.12    0.03     0.14
DAYS >= .01        14              12.1     1.9       13
DAYS >= .10         8               7.3     0.7        8
DAYS >= .50         3               2.4     0.6        5
DAYS >= 1.00        2               0.7     1.3        0
GREATEST
 24 HR. TOTAL    1.05   04/19 TO 04/19
                        04/14 TO 04/14

SNOWFALL (INCHES)
RECORDS
 TOTAL            5.9   5
                        0
TOTALS            0.0               0.3    -0.3      1.4
SINCE 7/1         9.8              13.0    -3.2     21.2
SNOWDEPTH AVG.      0                MM      MM        0
DAYS >= 1.0         0               0.1    -0.1        0
GREATEST
 SNOW DEPTH         0   MM                             1  04/09
 24 HR TOTAL      0.0   04/30 TO 04/30

DEGREE_DAYS
HEATING TOTAL     197               313    -116      423
 SINCE 7/1       4180              4489    -309     4410
COOLING TOTAL      28                20       8        8
 SINCE 1/1         30                22       8       15
.................................................................

WIND (MPH)
AVERAGE WIND SPEED              8.8
HIGHEST WIND SPEED/DIRECTION    38/180    DATE  04/14
HIGHEST GUST SPEED/DIRECTION    52/180    DATE  04/14

SKY COVER
POSSIBLE SUNSHINE (PERCENT)   MM
AVERAGE SKY COVER           0.40
NUMBER OF DAYS FAIR           16
NUMBER OF DAYS PC             10
NUMBER OF DAYS CLOUDY          4

AVERAGE RH (PERCENT)     60

WEATHER CONDITIONS. NUMBER OF DAYS WITH
THUNDERSTORM              3     MIXED PRECIP                0
HEAVY RAIN                6     RAIN                        7
LIGHT RAIN               14     FREEZING RAIN               0
LT FREEZING RAIN          0     HAIL                        0
HEAVY SNOW                0     SNOW                        0
LIGHT SNOW                0     SLEET                       0
FOG                      10     FOG W/VIS <= 1/4 MILE       1
HAZE                      2


-  INDICATES NEGATIVE NUMBERS.
R  INDICATES RECORD WAS SET OR TIED.
MM INDICATES DATA IS MISSING.
T  INDICATES TRACE AMOUNT.

$$
