000
CXUS54 KLCH 012135
CLMLFT


CLIMATE REPORT
NATIONAL WEATHER SERVICE LAKE CHARLES, LA
435 PM CDT THU AUG 1 2019

...................................

...THE LAFAYETTE CLIMATE SUMMARY FOR THE MONTH OF JULY 2019...

CLIMATE NORMAL PERIOD 1981 TO 2010
CLIMATE RECORD PERIOD 1893 TO 2019

WEATHER         OBSERVED          NORMAL  DEPART  LAST YEAR`S
                 VALUE   DATE(S)  VALUE   FROM    VALUE  DATE(S)
                                          NORMAL
................................................................
TEMPERATURE (F)
RECORD
 HIGH             107   07/13/1901
 LOW               57   07/07/1924
HIGHEST            98   07/06        MM      MM       99  07/27
LOWEST             67   07/25        MM      MM       72  07/25
                        07/24
AVG. MAXIMUM     89.8              92.0    -2.2     93.2
AVG. MINIMUM     74.3              74.9    -0.6     76.0
MEAN             82.0              83.4    -1.4     84.6
DAYS MAX >= 90     16              23.9    -7.9       27
DAYS MAX <= 32      0               0.0     0.0        0
DAYS MIN <= 32      0               0.0     0.0        0
DAYS MIN <= 0       0               0.0     0.0        0

PRECIPITATION (INCHES)
RECORD
 MAXIMUM        16.57   1967
 MINIMUM         1.34   1947
TOTALS          10.63              6.30    4.33     5.12
DAILY AVG.       0.34              0.20    0.14     0.17
DAYS >= .01        14              13.4     0.6       13
DAYS >= .10        12               9.3     2.7       10
DAYS >= .50         6               4.1     1.9        2
DAYS >= 1.00        4               1.8     2.2        2
GREATEST
 24 HR. TOTAL    3.68   07/14 TO 07/14

SNOWFALL (INCHES)
RECORDS
 TOTAL             MM   5
TOTALS            0.0               0.0     0.0      0.0
SINCE 7/1         0.0               0.0     0.0      0.0
SNOWDEPTH AVG.      0                MM      MM        0
DAYS >= 1.0         0               0.0     0.0        0
GREATEST
 24 HR TOTAL      0.0   07/31 TO 07/31

DEGREE_DAYS
HEATING TOTAL       0                 0       0        0
 SINCE 7/1          0                 0       0        0
COOLING TOTAL     536               572     -36      616
 SINCE 1/1       1798              1684     114     1912
.................................................................

WIND (MPH)
AVERAGE WIND SPEED              5.8
HIGHEST WIND SPEED/DIRECTION    36/180    DATE  07/13
HIGHEST GUST SPEED/DIRECTION    52/180    DATE  07/13

SKY COVER
POSSIBLE SUNSHINE (PERCENT)   MM
AVERAGE SKY COVER           0.40
NUMBER OF DAYS FAIR           20
NUMBER OF DAYS PC              9
NUMBER OF DAYS CLOUDY          2

AVERAGE RH (PERCENT)     80

WEATHER CONDITIONS. NUMBER OF DAYS WITH
  0
  8
  0
  0
  0
  0
  0
HAZE                      4

-  INDICATES NEGATIVE NUMBERS.
R  INDICATES RECORD WAS SET OR TIED.
MM INDICATES DATA IS MISSING.
T  INDICATES TRACE AMOUNT.

$$
