000
CXUS51 KOKX 011704 CCA
CLMLGA

CLIMATE REPORT
NATIONAL WEATHER SERVICE NEW YORK NY
104 PM EDT MON JUL 1 2019



...THE LAGUARDIA NY CLIMATE SUMMARY FOR THE MONTH OF JUNE 2019...

CLIMATE NORMAL PERIOD 1981 TO 2010
CLIMATE RECORD PERIOD 1939 TO 2019

WEATHER         OBSERVED          NORMAL  DEPART  LAST YEAR`S
                 VALUE   DATE(S)  VALUE   FROM    VALUE  DATE(S)
                                          NORMAL
................................................................
TEMPERATURE (F)
RECORD
 HIGH             101   06/13/2017
                        06/26/1952
                        06/29/1934
 LOW               46   06/11/1972
HIGHEST            94   06/29        MM      MM       96  06/30
LOWEST             57   06/13        MM      MM       52  06/04
                        06/04
AVG. MAXIMUM     80.4              80.5    -0.1     80.8
AVG. MINIMUM     65.2              63.8     1.4     65.1
MEAN             72.8              72.2     0.6     72.9
DAYS MAX >= 90      4               3.8     0.2        4
DAYS MAX <= 32      0               0.0     0.0        0
DAYS MIN <= 32      0               0.0     0.0        0
DAYS MIN <= 0       0               0.0     0.0        0

PRECIPITATION (INCHES)
RECORD
 MAXIMUM         9.88   2003
 MINIMUM         0.03   1949
TOTALS           4.89              3.94    0.95     3.60
DAILY AVG.       0.16              0.13    0.03     0.12
DAYS >= .01        13              10.5     2.5       14
DAYS >= .10         8               6.6     1.4        5
DAYS >= .50         5               2.6     2.4        2
DAYS >= 1.00        0               1.0    -1.0        2
GREATEST
 24 HR. TOTAL    1.42   06/20 TO 06/21           06/28 TO 06/28
                                                          06/30 TO 06/30EATHER         OBSERVED          NORMAL  DEPART  LAST YEAR`S
                                                          06/30 TO 06/30EATHER         OBSERVED          NORMAL  DEPART  LAST YEAR`S
 STORM TOTAL       MM                                 MM
 (MM/DD(HH))            MM                    06/28(00) TO 06/28(00)
                                                 06/30(00) TO 06/30(00)0EATHER         OBSERVED          NORMAL  DEPART  LAST YEAR`S
                                                 06/30(00) TO 06/30(00)0EATHER         OBSERVED          NORMAL  DEPART  LAST YEAR`S

SNOWFALL (INCHES)
RECORDS
 TOTAL             MM   5
 24 HR TOTAL       MM
TOTALS            0.0               0.0     0.0      0.0
 LIQUID EQUIV    0.00              0.00    0.00     0.00
SINCE 7/1        18.2              26.9    -8.7     38.4
 LIQUID 7/1      1.82              2.70             3.84
DAYS >= TRACE       0               0.0     0.0        0
DAYS >= 1.0         0               0.0     0.0        0
GREATEST
 SNOW DEPTH         0   MM                             0  MM
 24 HR TOTAL      0.0   06/30 TO 06/30           06/30 TO 06/30
                                                          06/30 TO 06/30EATHER         OBSERVED          NORMAL  DEPART  LAST YEAR`S
                                                          06/30 TO 06/30EATHER         OBSERVED          NORMAL  DEPART  LAST YEAR`S
 STORM TOTAL       MM                                 MM
 (MM/DD(HH))            MM                    06/30(00) TO 06/30(00)
                                                 06/30(00) TO 06/30(00)0EATHER         OBSERVED          NORMAL  DEPART  LAST YEAR`S
                                                 06/30(00) TO 06/30(00)0EATHER         OBSERVED          NORMAL  DEPART  LAST YEAR`S

DEGREE_DAYS
HEATING TOTAL       4                16     -12        8
 SINCE 7/1       4556              4664    -108     4408
COOLING TOTAL     243               231      12      253
 SINCE 1/1        305               297       8      397
.................................................................

WIND (MPH)
AVERAGE WIND SPEED              9.7
HIGHEST WIND SPEED/DIRECTION    31/320    DATE  06/30
HIGHEST GUST SPEED/DIRECTION    40/320    DATE  06/30

SKY COVER
POSSIBLE SUNSHINE (PERCENT)   MM
AVERAGE SKY COVER           0.70
NUMBER OF DAYS FAIR            2
NUMBER OF DAYS PC             19
NUMBER OF DAYS CLOUDY          9

AVERAGE RH (PERCENT)     61



-  INDICATES NEGATIVE NUMBERS.
R  INDICATES RECORD WAS SET OR TIED.
MM INDICATES DATA IS MISSING.
T  INDICATES TRACE AMOUNT.

$$
