000
CXHW51 PHFO 011625
CLMLIH


CLIMATE REPORT
NATIONAL WEATHER SERVICE HONOLULU HI
625 AM HST WED MAY 1 2019

...................................

...THE LIHUE HI CLIMATE SUMMARY FOR THE MONTH OF APRIL 2019...

CLIMATE NORMAL PERIOD 1981 TO 2010
CLIMATE RECORD PERIOD 1950 TO 2019

WEATHER         OBSERVED          NORMAL  DEPART  LAST YEAR`S
                 VALUE   DATE(S)  VALUE   FROM    VALUE  DATE(S)
                                          NORMAL
................................................................
TEMPERATURE (F)
RECORD
 HIGH              88   04/27/1981
 LOW               56   04/22/1958
HIGHEST            87   04/06        79       8       87  04/05
LOWEST             63   04/07        69      -6       58  04/29
AVG. MAXIMUM     82.1              79.2     2.9     79.5
AVG. MINIMUM     70.2              68.8     1.4     69.9
MEAN             76.1              74.0     2.1     74.7
DAYS MAX >= 90      0               0.0     0.0        0
DAYS MAX <= 32      0               0.0     0.0        0
DAYS MIN <= 32      0               0.0     0.0        0
DAYS MIN <= 0       0               0.0     0.0        0

PRECIPITATION (INCHES)
RECORD
 MAXIMUM        10.65   1972
 MINIMUM         0.32   1992
TOTALS           2.03              2.25   -0.22     5.70
DAILY AVG.       0.07              0.08   -0.01     0.20
DAYS >= .01        20              16.6     3.4       18
DAYS >= .10         5               6.2    -1.2       10
DAYS >= .50         1               0.8     0.2        3
DAYS >= 1.00        0               0.3    -0.3        2
GREATEST
 24 HR. TOTAL    0.99   04/08 TO 04/08              1.82

SNOWFALL (INCHES)
RECORDS
 TOTAL             MM   5
TOTALS            0.0               0.0     0.0      0.0
SINCE 7/1         0.0               0.0     0.0      0.0
SNOWDEPTH AVG.     MM                MM      MM       MM
DAYS >= 1.0         0               0.0     0.0        0
GREATEST
 SNOW DEPTH        MM                                 MM  MM
 24 HR TOTAL      0.0   04/30 TO 04/30               0.0

DEGREE_DAYS
HEATING TOTAL       0                 0       0        0
 SINCE 7/1          1                 0       1        0
COOLING TOTAL     344               270      74      287
 SINCE 1/1        983               904      79      986
.................................................................

WIND (MPH)
AVERAGE WIND SPEED              13.4
HIGHEST WIND SPEED/DIRECTION    26/050    DATE  04/13
HIGHEST GUST SPEED/DIRECTION    32/050    DATE  04/13

SKY COVER
POSSIBLE SUNSHINE (PERCENT)   MM
AVERAGE SKY COVER             MM
NUMBER OF DAYS FAIR            0
NUMBER OF DAYS PC              0
NUMBER OF DAYS CLOUDY          0

AVERAGE RH (PERCENT)     MM

WEATHER CONDITIONS. NUMBER OF DAYS WITH
THUNDERSTORM              0     MIXED PRECIP               0
HEAVY RAIN                0     RAIN                       0
LIGHT RAIN                0     FREEZING RAIN              0
LT FREEZING RAIN          0     HAIL                       0
HEAVY SNOW                0     SNOW                       0
LIGHT SNOW                0     SLEET                      0
FOG                      11     FOG W/VIS <= 1/4 MILE      0
HAZE                      3

-  INDICATES NEGATIVE NUMBERS.
R  INDICATES RECORD WAS SET OR TIED.
MM INDICATES DATA IS MISSING.
T  INDICATES TRACE AMOUNT.

$$
