000
CXHW51 PHFO 011614
CLMLIH
CLIMATE REPORT
NATIONAL WEATHER SERVICE HONOLULU HI
614 AM HST MON APR 01 2024
...................................
...THE LIHUE HI CLIMATE SUMMARY FOR THE MONTH OF MARCH 2024...
CLIMATE NORMAL PERIOD 1991 TO 2020
CLIMATE RECORD PERIOD 1950 TO 2024
WEATHER OBSERVED NORMAL DEPART LAST YEAR`S
VALUE DATE(S) VALUE FROM VALUE DATE(S)
NORMAL
................................................................
TEMPERATURE (F)
RECORD
HIGH 88 03/06/1986
LOW 51 03/25/1955
HIGHEST 81 03/28 78 3 84 03/15
03/31
LOWEST 59 03/15 67 -8 59 03/11
03/16
AVG. MAXIMUM 75.5 78.5 -3.0 80.7
AVG. MINIMUM 65.3 67.3 -2.0 68.8
MEAN 70.4 72.9 -2.5 74.7
DAYS MAX >= 93 0 0
DAYS MAX >= 90 0 0
DAYS MAX <= 80 29 13
DAYS MIN >= 72 0 6
DAYS MIN <= 60 0 0
DAYS MIN <= 55 0 0
PRECIPITATION (INCHES)
RECORD
MAXIMUM 36.13 2006
MINIMUM T 2010
TOTALS 0.89 5.61 -4.72 6.12
DAILY AVG. 0.03 0.18 -0.15 0.20
DAYS >= .01 17 15.1 1.9 18
DAYS >= .10 3 6.3 -3.3 11
DAYS >= .50 0 2.2 -2.2 3
DAYS >= 1.00 0 1.6 -1.6 3
GREATEST
24 HR. TOTAL 0.21 03/04 TO 03/05 1.65
DEGREE DAYS
HEATING TOTAL 0 0 0 0
SINCE 7/1 0 0 0 MM
COOLING TOTAL 174 245 -71 309
SINCE 1/1 673 671 2 MM
................................................................
WIND (MPH)
AVERAGE WIND SPEED 15.6
HIGHEST WIND SPEED/DIRECTION 29/050 DATE 03/06
29/040 03/07
HIGHEST GUST SPEED/DIRECTION 36/040 DATE 03/06
SKY COVER
POSSIBLE SUNSHINE (PERCENT) MM
AVERAGE SKY COVER 0.60
NUMBER OF DAYS FAIR 3
NUMBER OF DAYS PC 25
NUMBER OF DAYS CLOUDY 3
AVERAGE RH (PERCENT) 80
WEATHER CONDITIONS. NUMBER OF DAYS WITH
THUNDERSTORM MM MIXED PRECIP MM
HEAVY RAIN 2 RAIN 4
LIGHT RAIN 19 FREEZING RAIN MM
LT FREEZING RAIN MM HAIL MM
HEAVY SNOW MM SNOW MM
LIGHT SNOW MM SLEET MM
FOG 18 FOG W/VIS <= 1/4 MILE MM
HAZE 5
- INDICATES NEGATIVE NUMBERS.
R INDICATES RECORD WAS SET OR TIED.
MM INDICATES DATA IS MISSING.
T INDICATES TRACE AMOUNT.
$$