000
CXUS54 KLZK 010957
CLMLIT


CLIMATE REPORT
NATIONAL WEATHER SERVICE LITTLE ROCK AR
448 AM CDT MON JUL 1 2019

...................................

...THE LITTLE ROCK ADAMS FIELD CLIMATE SUMMARY FOR THE MONTH OF JUNE 2019...

CLIMATE NORMAL PERIOD 1981 TO 2010
CLIMATE RECORD PERIOD 1874 TO 2019

WEATHER         OBSERVED          NORMAL  DEPART  LAST YEAR`S
                 VALUE   DATE(S)  VALUE   FROM    VALUE  DATE(S)
                                          NORMAL
................................................................
TEMPERATURE (F)
RECORD
 HIGH             107   06/28/2012
 LOW               46   06/03/1969
HIGHEST            92   06/22        89       3       97  06/28
                        06/21
                        06/19
LOWEST             55   06/14        68     -13       62  06/04
AVG. MAXIMUM     86.7              88.9    -2.2     90.9
AVG. MINIMUM     67.3              69.4    -2.1     70.7
MEAN             77.0              79.1    -2.1     80.8
DAYS MAX >= 90     10              14.3    -4.3       21
DAYS MAX <= 32      0               0.0     0.0        0
DAYS MIN <= 32      0               0.0     0.0        0
DAYS MIN <= 0       0               0.0     0.0        0

PRECIPITATION (INCHES)
RECORD
 MAXIMUM        10.53   1877
 MINIMUM         0.00   1952
TOTALS           4.49              3.65    0.84     2.86
DAILY AVG.       0.15              0.12    0.03     0.10
DAYS >= .01         6               8.7    -2.7        6
DAYS >= .10         4                                  5
DAYS >= .50         3                                  2
DAYS >= 1.00        3               0.9     2.1        1
GREATEST
 24 HR. TOTAL    1.98   06/23 TO 06/24

SNOWFALL (INCHES)
TOTALS            0.0               0.0     0.0      0.0
 LIQUID EQUIV    0.00              0.00    0.00     0.00
SINCE 7/1         0.2               3.5    -3.3      1.7
 LIQUID 7/1      0.02                MM      MM     0.17
SNOWDEPTH AVG.      0
DAYS >= TRACE       0               0.0     0.0        0
DAYS >= 1.0         0                                  0
GREATEST
 SNOW DEPTH         0   MM
 24 HR TOTAL      0.0

DEGREE_DAYS
HEATING TOTAL       0                 0       0        0
 SINCE 7/1       3118              3052      66     3078
COOLING TOTAL     367               425     -58      482
 SINCE 1/1        645               706     -61      881

FREEZE DATES
RECORD
 EARLIEST     10/20/1989
 LATEST       04/19/1983
EARLIEST      11/10             11/13
LATEST        02/25             03/19
.................................................................

WIND (MPH)
AVERAGE WIND SPEED              7.0
HIGHEST WIND SPEED/DIRECTION    45/250    DATE  06/19
HIGHEST GUST SPEED/DIRECTION    64/280    DATE  06/19

SKY COVER
POSSIBLE SUNSHINE (PERCENT)   MM
AVERAGE SKY COVER           0.60
NUMBER OF DAYS FAIR            3
NUMBER OF DAYS PC             19
NUMBER OF DAYS CLOUDY          8

AVERAGE RH (PERCENT)     72

-  INDICATES NEGATIVE NUMBERS.
R  INDICATES RECORD WAS SET OR TIED.
MM INDICATES DATA IS MISSING.
T  INDICATES TRACE AMOUNT.

&&

...Data for Little Rock for June 2019...

.Summary...
As far as Junes go, it was not intolerable in Little Rock. In fact,
the month as a whole ended up a little over two degrees below the 30-
year average for June. This made it the coolest June in two years in
terms of highs as well as lows. The temperature managed to stay
below 93 degrees, which also was the first such occurrance in two
years. The coolest temperature during the month was 55 degrees,
which was the coolest June reading in 19 years (since 2000).

Rainfall was above average for the first June in five years, and it
was the wettest June in five years (since 2014).

.Monthly Temperatures...
The average high, low and monthly temperatures were the coolest
since 2017.

There were ten days with highs at or above 90 degrees, which was the
fewest since 2017. There were three days with low temperatures
cooler than 60 degrees, which was the most since 2000.

.Daily Temperatures...
Daily temperatures were above average on eight days, below average
on 19 days, and average on three days.

.Daily Record Temperatures Tied or Broken During the Month...
No temperature records were tied or broken during the month.

.Monthly Rainfall...
It was the wettest June since 2014, and the first June since then
with above average rainfall.

.Daily Rainfall Records Tied or Broken During the Month...
Date    New Record     Previous Record
19th   1.05 in 2019     0.84 in 1891

.Miscellaneous Phenomena...
19th - A 64 MPH wind gust was clocked as a severe thunderstorm passed
over the airport. This was the highest wind gust recorded at Little Rock
in the month of June since 2007, and the 5th highest wind gust on record
in the month of June. This also most recently tied with August 20, 1993
and March 11, 1977 for the 10th highest wind gust over all.

$$

57
