000
CXUS54 KLZK 051410
CLMLIT


CLIMATE REPORT
NATIONAL WEATHER SERVICE LITTLE ROCK AR
905 AM CDT SUN MAY 5 2019

...................................

...THE LITTLE ROCK ADAMS FIELD CLIMATE SUMMARY FOR THE MONTH OF APRIL 2019...

CLIMATE NORMAL PERIOD 1981 TO 2010
CLIMATE RECORD PERIOD 1874 TO 2019

WEATHER         OBSERVED          NORMAL  DEPART  LAST YEAR`S
                 VALUE   DATE(S)  VALUE   FROM    VALUE  DATE(S)
                                          NORMAL
................................................................
TEMPERATURE (F)
RECORD
 HIGH              95   04/20/1987
 LOW               28   04/08/2018
                        04/08/2007
                        04/07/1971
HIGHEST            87   04/10        73      14       85  04/17
LOWEST             34   04/02        50     -16       28  04/08
                        04/01
AVG. MAXIMUM     72.9              73.1    -0.2     68.5
AVG. MINIMUM     51.0              51.0     0.0     44.0
MEAN             62.0              62.1    -0.1     56.3
DAYS MAX >= 90      0               0.2    -0.2        0
DAYS MAX <= 32      0               0.0     0.0        0
DAYS MIN <= 32      0               0.2    -0.2        3
DAYS MIN <= 0       0               0.0     0.0        0

PRECIPITATION (INCHES)
RECORD
 MAXIMUM        14.81   1927
 MINIMUM         0.17   1930
TOTALS          11.56              5.14    6.42     5.97
DAILY AVG.       0.39              0.17    0.22     0.20
DAYS >= .01         9               9.4    -0.4       10
DAYS >= .10         7                                  8
DAYS >= .50         5                                  5
DAYS >= 1.00        4               1.5     2.5        2
GREATEST
 24 HR. TOTAL    5.44   04/18 TO 04/18

SNOWFALL (INCHES)
RECORDS
 TOTAL              T   2018
 24 HR TOTAL        T   04/07/2018 TO 04/07/2018
 SNOW DEPTH         T   04/02/1908
                        04/05/1886
TOTALS            0.0               0.0     0.0        T
 LIQUID EQUIV    0.00              0.00    0.00       MM
SINCE 7/1         0.2               3.5    -3.3      1.7
 LIQUID 7/1      0.02                MM      MM     0.17
SNOWDEPTH AVG.      0
DAYS >= TRACE       0               0.0     0.0        1
DAYS >= 1.0         0                                  0
GREATEST
 SNOW DEPTH         0   MM
 24 HR TOTAL      0.0

DEGREE_DAYS
HEATING TOTAL     126               144     -18      265
 SINCE 7/1       3103              3032      71     3078
COOLING TOTAL      40                56     -16       13
 SINCE 1/1         46                72     -26       36

FREEZE DATES
RECORD
 EARLIEST     10/20/1989
 LATEST       04/19/1983
EARLIEST                        11/13
LATEST                          03/19
.................................................................

WIND (MPH)
AVERAGE WIND SPEED              8.0
HIGHEST WIND SPEED/DIRECTION    37/060    DATE  04/13
HIGHEST GUST SPEED/DIRECTION    52/070    DATE  04/13

SKY COVER
POSSIBLE SUNSHINE (PERCENT)   MM
AVERAGE SKY COVER           0.60
NUMBER OF DAYS FAIR            6
NUMBER OF DAYS PC             13
NUMBER OF DAYS CLOUDY         11

AVERAGE RH (PERCENT)     68

-  INDICATES NEGATIVE NUMBERS.
R  INDICATES RECORD WAS SET OR TIED.
MM INDICATES DATA IS MISSING.
T  INDICATES TRACE AMOUNT.

&&

...Data for Little Rock for April 2019...

.Summary...
April 2019 in Little Rock was the warmest in two years. But, that
being said, temperatures ended the month very close to average. The
coldest period was during the first four days of the month, though
there were other notable cool periods throughout. Temperatures
missed the freezing mark by two degrees (April 1st-2nd), marking the
first April in two years without a freeze. The first 80-degree day
occurred on the 9th, which was actually almost a month later than
average.

Rainfall was frequent throughout the month, and was excessive at
times, with daily totals exceeding one inch on the 4th, 13th, 18th,
and 25th. For the first time since 1974, a daily rainfall total
exceeded five inches, and this was on the 18th. The frequent rains
made for the wettest April in 28 years.

For the first time in two years, no snow fell (which is actually
normal for April).

.Monthly Temperatures...
The average high, low and monthly temperatures were the warmest
since 2017, but were very close to or slightly below the 30-year
average.

There were three days with low temperatures at or below 40, which
was the fewest since 2017. There were six days with high
temperatures at or above 80 degrees, which was the fewest since
2017.

.Daily Temperatures...
Daily temperatures were above average on 16 days, below average on
13 days, and average on one day.

.Daily Record Temperatures Tied or Broken During the Month...
No temperature records were tied or broken during the month.

.Monthly Rainfall...
It was the wettest April since 1991, and the 6th wettest April since
rainfall records started (1874).

.Daily Rainfall Records Tied or Broken During the Month...
Date   New Record    Previous Record
18th  5.44 in 2019    1.74 in 1911

On the 18th, the 5.44 inches of rain marked the highest daily
rainfall total at Little Rock during the month of April since 1974,
and the 5th highest on record for the month of April. This was also
the highest daily rainfall total over all since November 21, 2011
(6.06 inches), and the 15th all-time highest daily rainfall on
record. For the month, this was the 6th highest 24-hour rainfall.

.Monthly Snowfall...
No snow fell during the month, which was the first time in two
years (since 2017).

.Daily Snowfall Records Tied or Broken...
No daily snowfall records were tied or broken during the month.

.Miscellaneous Phenomena...
13th - A 52 MPH wind gust was recorded.

$$

57
