000
CXUS53 KOAX 121458
CLMLNK

CLIMATE REPORT
NATIONAL WEATHER SERVICE OMAHA NEBRASKA
958 AM CDT MON AUG 12 2019

...................................

...THE LINCOLN, NEBRASKA CLIMATE SUMMARY FOR THE MONTH OF JULY 2019...

CLIMATE NORMAL PERIOD 1981 TO 2010
CLIMATE RECORD PERIOD 1887 TO 2019

WEATHER         OBSERVED          NORMAL  DEPART
                 VALUE   DATE(S)  VALUE   FROM
                                          NORMAL
................................................
TEMPERATURE (F)
HIGHEST            99   07/19
                        07/17
LOWEST             55   07/23
AVG. MAXIMUM     88.6              89.0    -0.4
AVG. MINIMUM     67.9              66.1     1.8
MEAN             78.3              77.6     0.7
DAYS MAX >= 90     15
DAYS MAX <= 32      0
DAYS MIN <= 32      0
DAYS MIN <= 0       0

PRECIPITATION (INCHES)
RECORD
 MAXIMUM        12.50   1993
 MINIMUM         0.08   1936
TOTALS           4.08              3.40    0.68
DAILY AVG.       0.13
DAYS >= .01         8
DAYS >= .10         4
DAYS >= .50         1
DAYS >= 1.00        1
GREATEST
 24 HR. TOTAL    3.26   07/21 TO 07/21

SNOWFALL (INCHES)
RECORDS
 TOTAL            0.0   2002
                        2001
                        1989
TOTALS            0.0               0.0
SINCE 7/1         0.0
SNOWDEPTH AVG.      0                MM      MM
DAYS >= 1.0         0               0.0     0.0
GREATEST
 SNOW DEPTH         0   MM
 24 HR TOTAL      0.0   07/31

DEGREE_DAYS
HEATING TOTAL       0                 1      -1
 SINCE 7/1          0                 1      -1
COOLING TOTAL     416               390      26
 SINCE 1/1        746               711      35
.................................................

WIND (MPH)
AVERAGE WIND SPEED              9.2
HIGHEST WIND SPEED/DIRECTION    29/230    DATE  07/09
HIGHEST GUST SPEED/DIRECTION    37/230    DATE  07/09

SKY COVER
AVERAGE SKY COVER           0.10



WEATHER CONDITIONS. NUMBER OF DAYS WITH
THUNDERSTORM              7
MIXED PRECIP              0
HEAVY RAIN                3
RAIN                      3
LIGHT RAIN               13
FREEZING RAIN             0
LT FREEZING RAIN          0
HAIL                      0
HEAVY SNOW                0
SNOW                      0
LIGHT SNOW                0
SLEET                     0
FOG                       6
FOG W/VIS <= 1/4 MILE     0
HAZE                      4

-  INDICATES NEGATIVE NUMBERS.
R  INDICATES RECORD WAS SET OR TIED.
MM INDICATES DATA IS MISSING.
T  INDICATES TRACE AMOUNT.
>= INDICATES GREATER THAN OR EQUAL TO.
<= INDICATES LESS THAN OR EQUAL TO.


FOR MORE INFORMATION VISIT WWW.WEATHER.GOV/OAX/CLIMATESUMMARY


$$
