000
CXUS53 KLOT 011350
CLMLOT


CLIMATE REPORT
NATIONAL WEATHER SERVICE CHICAGO IL
836 AM CDT WED MAY 1 2019

...................................

...THE ROMEOVILLE  WFO CLIMATE SUMMARY FOR THE MONTH OF APRIL 2019...

CLIMATE NORMAL PERIOD 1981 TO 2010
CLIMATE RECORD PERIOD 1992 TO 2019

WEATHER         OBSERVED          NORMAL  DEPART  LAST YEAR`S
                 VALUE   DATE(S)  VALUE   FROM    VALUE
                                          NORMAL
.............................................................
TEMPERATURE (F)
RECORD
 HIGH              89   04/18/2002
                        04/26/1994
 LOW               16   04/07/1994
HIGHEST            79   04/22        MM      MM       79
LOWEST             25   04/01        MM      MM       17
AVG. MAXIMUM     60.6              60.8    -0.2     51.2
AVG. MINIMUM     39.8              39.6     0.2     31.6
MEAN             50.2              50.2     0.0     41.4

PRECIPITATION (INCHES)
RECORD
 MAXIMUM         7.86   2013
 MINIMUM         1.80   2012
TOTALS           5.89              3.96    1.93     2.12
DAILY AVG.       0.20              0.13    0.07     0.07
DAYS >= .01        14              11.5     2.5        9
DAYS >= .10        10               7.2     2.8        5
DAYS >= .50         5               2.5     2.5        2
DAYS >= 1.00        2               1.2     0.8        0
GREATEST
 24 HR. TOTAL    1.50   04/29 TO 04/29

SNOWFALL (INCHES)
RECORDS
 TOTAL             MM   MM
TOTALS            2.9               0.5     2.4      4.2
SINCE 7/1        33.8              32.3     1.5     37.7
SNOWDEPTH AVG.      0                MM      MM        0
DAYS >= 1.0         1               0.3     0.7
GREATEST
 SNOW DEPTH         1   04/15
 24 HR TOTAL      2.5   04/14 TO 04/14

DEGREE_DAYS
HEATING TOTAL     441               449      -8      701
 SINCE 7/1       6216              5994     222     6256
COOLING TOTAL       2                 5      -3        0
 SINCE 1/1          2                 5      -3        0
..............................................................

WIND (MPH)
AVERAGE WIND SPEED              11.4
HIGHEST WIND SPEED/DIRECTION    33/030    DATE  04/19
HIGHEST GUST SPEED/DIRECTION    45/030    DATE  04/19

AVERAGE RH (PERCENT)     70


-  INDICATES NEGATIVE NUMBERS.
R  INDICATES RECORD WAS SET OR TIED.
MM INDICATES DATA IS MISSING.
T  INDICATES TRACE AMOUNT.

$$
