000
CXUS53 KARX 010750
CLMLSE


CLIMATE REPORT
NATIONAL WEATHER SERVICE LA CROSSE WI
249 AM CDT WED MAY 1 2019

...................................

...THE LA CROSSE WI CLIMATE SUMMARY FOR THE MONTH OF APRIL 2019...

CLIMATE NORMAL PERIOD 1981 TO 2010
CLIMATE RECORD PERIOD 1873 TO 2019

WEATHER         OBSERVED          NORMAL  DEPART  LAST YEAR`S
                 VALUE   DATE(S)  VALUE   FROM    VALUE  DATE(S)
                                          NORMAL
................................................................
TEMPERATURE (F)
RECORD
 HIGH              93   04/22/1980
                        04/29/1910
 LOW                7   04/06/1982
                        04/01/1924
HIGHEST            85   04/21        MM      MM       84  04/30
LOWEST             27   04/15        MM      MM       15  04/05
                                                          04/01
AVG. MAXIMUM     58.2              59.3    -1.1     50.2
AVG. MINIMUM     38.7              37.9     0.8     28.4
MEAN             48.5              48.6    -0.1     39.3
DAYS MAX >= 90      0               0.1    -0.1        0
DAYS MAX <= 32      0               0.2    -0.2        2
DAYS MIN <= 32      6               7.7    -1.7       18
DAYS MIN <= 0       0               0.0     0.0        0

PRECIPITATION (INCHES)
RECORD
 MAXIMUM         7.31   1973
 MINIMUM         0.42   1879
TOTALS           3.17              3.34   -0.17     2.96
DAILY AVG.       0.11              0.11    0.00     0.10
DAYS >= .01        15              11.2     3.8        8
DAYS >= .10         8               6.5     1.5        6
DAYS >= .50         2               2.2    -0.2        2
DAYS >= 1.00        1               0.9     0.1        1
GREATEST
 24 HR. TOTAL    1.05   04/11 TO 04/11

SNOWFALL (INCHES)
RECORDS
 TOTAL           19.0   2018
TOTALS            6.2               1.7     4.5     19.0
SINCE 7/1        64.3              43.3    21.0     49.8
SNOWDEPTH AVG.      0                MM      MM        2
DAYS >= TRACE       5               1.2     3.8       13
DAYS >= 1.0         2               0.6     1.4        4
GREATEST
 SNOW DEPTH         4   04/11                          7  04/19
                                                          04/04
 24 HR TOTAL      3.9   04/10 TO 04/10

DEGREE_DAYS
HEATING TOTAL     495               499      -4      765
 SINCE 7/1       7188              6952     236     6917
COOLING TOTAL       4                 7      -3        3
 SINCE 1/1          4                 7      -3        3
.................................................................

WIND (MPH)
AVERAGE WIND SPEED              9.0
HIGHEST WIND SPEED/DIRECTION    33/220    DATE  04/12
HIGHEST GUST SPEED/DIRECTION    46/100    DATE  04/11

SKY COVER
POSSIBLE SUNSHINE (PERCENT)   MM
AVERAGE SKY COVER           0.50
NUMBER OF DAYS FAIR           11
NUMBER OF DAYS PC             10
NUMBER OF DAYS CLOUDY          9

AVERAGE RH (PERCENT)     61

WEATHER CONDITIONS. NUMBER OF DAYS WITH
  1
  4
  1
  0
  2
  1
  3
HAZE                     10

-  INDICATES NEGATIVE NUMBERS.
R  INDICATES RECORD WAS SET OR TIED.
MM INDICATES DATA IS MISSING.
T  INDICATES TRACE AMOUNT.

$$
