000
CXUS53 KTOP 011457
CLMLWC


CLIMATE REPORT
NATIONAL WEATHER SERVICE TOPEKA KS
956 AM CDT WED MAY 1 2019

...................................

...THE LAWRENCE KS CLIMATE SUMMARY FOR THE MONTH OF APRIL 2019...

CLIMATE NORMAL PERIOD 1981 TO 2010
CLIMATE RECORD PERIOD 9999 TO 9999

WEATHER         OBSERVED          NORMAL  DEPART  LAST YEAR`S
                 VALUE   DATE(S)  VALUE   FROM    VALUE
                                          NORMAL
.............................................................
TEMPERATURE (F)
HIGHEST            87   04/10                         84
LOWEST             26   04/13                         16
AVG. MAXIMUM     70.5              67.1     3.4     61.4
AVG. MINIMUM     43.9              42.7     1.2     33.7
MEAN             57.2              54.9     2.3     47.6
DAYS MAX >= 90      0               0.2    -0.2        0
DAYS MAX <= 32      0               0.0     0.0        0
DAYS MIN <= 32      3               4.5    -1.5       15
DAYS MIN <= 0       0               0.0     0.0        0

PRECIPITATION (INCHES)
TOTALS           4.75              3.77    0.98     1.03
DAILY AVG.       0.16                               0.03
DAYS >= .01         8                                  8
DAYS >= .10         5                                  2
DAYS >= .50         4                                  1
DAYS >= 1.00        2                                  0
GREATEST
 24 HR. TOTAL    1.85   04/30 TO 04/30              0.52

DEGREE_DAYS
HEATING TOTAL     247               323     -76      525
 SINCE 7/1       5279              4979     300     5090
COOLING TOTAL      18                20      -2        7
 SINCE 1/1         18                23      -5        7
..............................................................

WIND (MPH)
AVERAGE WIND SPEED              10.4
HIGHEST WIND SPEED/DIRECTION    35/300    DATE  04/27
HIGHEST GUST SPEED/DIRECTION    50/170    DATE  04/21

SKY COVER
POSSIBLE SUNSHINE (PERCENT)   MM
AVERAGE SKY COVER           0.40
NUMBER OF DAYS FAIR           15
NUMBER OF DAYS PC              9
NUMBER OF DAYS CLOUDY          6

AVERAGE RH (PERCENT)     62


-  INDICATES NEGATIVE NUMBERS.
R  INDICATES RECORD WAS SET OR TIED.
MM INDICATES DATA IS MISSING.
T  INDICATES TRACE AMOUNT.

$$
