000
CXUS53 KTOP 011447
CLMLWC


CLIMATE REPORT
NATIONAL WEATHER SERVICE TOPEKA KS
922 AM CDT MON JUL 1 2019

...................................

...THE LAWRENCE KS CLIMATE SUMMARY FOR THE MONTH OF JUNE 2019...

CLIMATE NORMAL PERIOD 1981 TO 2010
CLIMATE RECORD PERIOD 9999 TO 9999

WEATHER         OBSERVED          NORMAL  DEPART  LAST YEAR`S
                 VALUE   DATE(S)  VALUE   FROM    VALUE
                                          NORMAL
.............................................................
TEMPERATURE (F)
HIGHEST            97   06/29                        102
LOWEST             47   06/13                         53
AVG. MAXIMUM     85.9              84.9     1.0     91.8
AVG. MINIMUM     63.1              62.9     0.2     67.4
MEAN             74.5              73.9     0.6     79.6
DAYS MAX >= 90      9               6.3     2.7       17
DAYS MAX <= 32      0               0.0     0.0        0
DAYS MIN <= 32      0               0.0     0.0        0
DAYS MIN <= 0       0               0.0     0.0        0

PRECIPITATION (INCHES)
TOTALS           7.30              5.46    1.84     2.32
DAILY AVG.       0.24                               0.08
DAYS >= .01        14                                  9
DAYS >= .10         8                                  7
DAYS >= .50         5                                  1
DAYS >= 1.00        3                                  0
GREATEST
 24 HR. TOTAL    2.74   06/22 TO 06/22              0.64

DEGREE_DAYS
HEATING TOTAL       2                 8      -6        0
 SINCE 7/1       5403              5092     311     5090
COOLING TOTAL     294               275      19      444
 SINCE 1/1        392               394      -2      732
..............................................................

WIND (MPH)
AVERAGE WIND SPEED              7.3
HIGHEST WIND SPEED/DIRECTION    46/340    DATE  06/22
HIGHEST GUST SPEED/DIRECTION    61/340    DATE  06/22

SKY COVER
POSSIBLE SUNSHINE (PERCENT)   MM
AVERAGE SKY COVER           0.20
NUMBER OF DAYS FAIR           23
NUMBER OF DAYS PC              6
NUMBER OF DAYS CLOUDY          1

AVERAGE RH (PERCENT)     69


-  INDICATES NEGATIVE NUMBERS.
R  INDICATES RECORD WAS SET OR TIED.
MM INDICATES DATA IS MISSING.
T  INDICATES TRACE AMOUNT.

$$
