639
CXUS53 KILX 011352
CLMLWV


CLIMATE REPORT
NATIONAL WEATHER SERVICE LINCOLN IL
841 AM CDT THU AUG 1 2019

...................................

...THE LAWRENCEVILLE IL AIRPORT CLIMATE SUMMARY FOR THE MONTH OF JULY 2019...

CLIMATE NORMAL PERIOD 1981 TO 2010
CLIMATE RECORD PERIOD 9999 TO 9999

WEATHER         OBSERVED          NORMAL  DEPART  LAST YEAR`S
                 VALUE   DATE(S)  VALUE   FROM    VALUE
                                          NORMAL
.............................................................
TEMPERATURE (F)
RECORD
 HIGH              MM   MM
 LOW               MM   MM
HIGHEST            94   07/10        MM      MM       98
LOWEST             59   07/23        MM      MM       59
AVG. MAXIMUM     87.8              88.3    -0.5     89.1
AVG. MINIMUM     68.8              67.4     1.4     67.8
MEAN             78.3              77.8     0.5     78.4
DAYS MAX >= 90     14              12.4     1.6       15
DAYS MAX <= 32      0               0.0     0.0        0
DAYS MIN <= 32      0               0.0     0.0        0
DAYS MIN <= 0       0               0.0     0.0        0

PRECIPITATION (INCHES)
RECORD
 MAXIMUM           MM   MM
 MINIMUM           MM   MM
TOTALS           7.10              4.42    2.68     1.49
DAILY AVG.       0.23              0.14    0.09     0.06
DAYS >= .01        11                MM      MM        6
DAYS >= .10         7                MM      MM        5
DAYS >= .50         4                MM      MM        0
DAYS >= 1.00        4                MM      MM        0
GREATEST
 24 HR. TOTAL    1.94   07/21 TO 07/21              0.43

DEGREE_DAYS
HEATING TOTAL       0                 0       0        0
 SINCE 7/1          0                 0       0        0
COOLING TOTAL     419               398      21      425
 SINCE 1/1        863               827      36     1150
..............................................................

WIND (MPH)
AVERAGE WIND SPEED              6.2
HIGHEST WIND SPEED/DIRECTION    39/330    DATE  07/05
HIGHEST GUST SPEED/DIRECTION    48/330    DATE  07/05

AVERAGE RH (PERCENT)     75

WEATHER CONDITIONS. NUMBER OF DAYS WITH
THUNDERSTORM              8     MIXED PRECIP               0
HEAVY RAIN                7     RAIN                       7
LIGHT RAIN               12     FREEZING RAIN              0
LT FREEZING RAIN          0     HAIL                       0
HEAVY SNOW                0     SNOW                       0
LIGHT SNOW                0     SLEET                      0
FOG                      20     FOG W/VIS <= 1/4 MILE      2
HAZE                      5

-  INDICATES NEGATIVE NUMBERS.
R  INDICATES RECORD WAS SET OR TIED.
MM INDICATES DATA IS MISSING.
T  INDICATES TRACE AMOUNT.

$$
