859
CXUS53 KILX 011813
CLMLWV


CLIMATE REPORT
NATIONAL WEATHER SERVICE LINCOLN IL
106 PM CDT WED MAY 1 2019

...................................

...THE LAWRENCEVILLE IL AIRPORT CLIMATE SUMMARY FOR THE MONTH OF APRIL 2019...

CLIMATE NORMAL PERIOD 1981 TO 2010
CLIMATE RECORD PERIOD 9999 TO 9999

WEATHER         OBSERVED          NORMAL  DEPART  LAST YEAR`S
                 VALUE   DATE(S)  VALUE   FROM    VALUE
                                          NORMAL
.............................................................
TEMPERATURE (F)
RECORD
 HIGH              MM   MM
 LOW               MM   MM
HIGHEST            85   04/30        MM      MM       81
LOWEST             26   04/01        MM      MM       28
AVG. MAXIMUM     68.5              66.7     1.8     60.5
AVG. MINIMUM     47.0              45.3     1.7     38.6
MEAN             57.8              56.0     1.8     49.5
DAYS MAX >= 90      0               0.0     0.0        0
DAYS MAX <= 32      0               0.0     0.0        0
DAYS MIN <= 32      2               2.1    -0.1        9
DAYS MIN <= 0       0               0.0     0.0        0

PRECIPITATION (INCHES)
RECORD
 MAXIMUM           MM   MM
 MINIMUM           MM   MM
TOTALS           5.72              4.16    1.56     2.64
DAILY AVG.       0.22              0.14    0.08     0.09
DAYS >= .01        12                MM      MM        9
DAYS >= .10        10                MM      MM        6
DAYS >= .50         6                MM      MM        2
DAYS >= 1.00        2                MM      MM        0
GREATEST
 24 HR. TOTAL    1.28   04/25 TO 04/25              0.68

DEGREE_DAYS
HEATING TOTAL     201               294     -93      458
 SINCE 7/1       4635              4591      44     4753
COOLING TOTAL      16                24      -8        2
 SINCE 1/1         16                26     -10        3
..............................................................

WIND (MPH)
AVERAGE WIND SPEED              9.6
HIGHEST WIND SPEED/DIRECTION    35/190    DATE  04/11
HIGHEST GUST SPEED/DIRECTION    49/180    DATE  04/11

AVERAGE RH (PERCENT)     67

WEATHER CONDITIONS. NUMBER OF DAYS WITH
THUNDERSTORM              2     MIXED PRECIP               0
HEAVY RAIN                8     RAIN                       9
LIGHT RAIN               16     FREEZING RAIN              0
LT FREEZING RAIN          0     HAIL                       0
HEAVY SNOW                0     SNOW                       0
LIGHT SNOW                0     SLEET                      0
FOG                      15     FOG W/VIS <= 1/4 MILE      3
HAZE                      4

-  INDICATES NEGATIVE NUMBERS.
R  INDICATES RECORD WAS SET OR TIED.
MM INDICATES DATA IS MISSING.
T  INDICATES TRACE AMOUNT.

$$
