000
CXUS54 KLZK 010957
CLMLZK


CLIMATE REPORT
NATIONAL WEATHER SERVICE LITTLE ROCK AR
448 AM CDT MON JUL 1 2019

...................................

...THE NORTH LITTLE ROCK CLIMATE SUMMARY FOR THE MONTH OF JUNE 2019...

CLIMATE NORMAL PERIOD 1981 TO 2010
CLIMATE RECORD PERIOD 1975 TO 2019

WEATHER         OBSERVED          NORMAL  DEPART  LAST YEAR`S
                 VALUE   DATE(S)  VALUE   FROM    VALUE  DATE(S)
                                          NORMAL
................................................................
TEMPERATURE (F)
RECORD
 HIGH             105   06/25/2012
 LOW               53   06/13/1985
HIGHEST            92   06/22        89       3       98  06/28
LOWEST             58   06/12        69     -11       65  06/04
AVG. MAXIMUM     84.9              88.2    -3.3     90.7
AVG. MINIMUM     67.8              69.3    -1.5     71.5
MEAN             76.3              78.7    -2.4     81.1
DAYS MAX >= 90      5              12.5    -7.5       22
DAYS MAX <= 32      0               0.0     0.0        0
DAYS MIN <= 32      0               0.0     0.0        0
DAYS MIN <= 0       0               0.0     0.0        0

PRECIPITATION (INCHES)
RECORD
 MAXIMUM         7.58   2014
 MINIMUM         0.64   1980
TOTALS           4.95              3.31    1.64     2.63
DAILY AVG.       0.16              0.11    0.05     0.09
DAYS >= .01         7               9.0    -2.0        6
DAYS >= .10         4                                  4
DAYS >= .50         3                                  2
DAYS >= 1.00        2               1.0     1.0        1
GREATEST
 24 HR. TOTAL    2.69   06/23 TO 06/24

SNOWFALL (INCHES)
TOTALS            0.0               0.0     0.0        T
 LIQUID EQUIV    0.00              0.00    0.00        T
SINCE 7/1         0.6               4.4    -3.8      1.5
 LIQUID 7/1      0.06              0.50   -0.44     0.15
SNOWDEPTH AVG.      0
DAYS >= TRACE       0               0.0     0.0        1
DAYS >= 1.0         0                                  0
GREATEST
 SNOW DEPTH         0   MM
 24 HR TOTAL      0.0

DEGREE_DAYS
HEATING TOTAL       0                 1      -1        0
 SINCE 7/1       3228              3006     222     3037
COOLING TOTAL     350               413     -63      487
 SINCE 1/1        610               709     -99      850

FREEZE DATES
RECORD
 EARLIEST     10/20/1989
 LATEST       04/19/1983
EARLIEST      03/07             11/13
LATEST        03/06             03/19
.................................................................

WIND (MPH)
AVERAGE WIND SPEED              5.9
HIGHEST WIND SPEED/DIRECTION    21/220    DATE  06/19
HIGHEST GUST SPEED/DIRECTION    42/240    DATE  06/19

SKY COVER
POSSIBLE SUNSHINE (PERCENT)   MM
AVERAGE SKY COVER            MM
NUMBER OF DAYS FAIR          MM
NUMBER OF DAYS PC            MM
NUMBER OF DAYS CLOUDY        MM

AVERAGE RH (PERCENT)     75

-  INDICATES NEGATIVE NUMBERS.
R  INDICATES RECORD WAS SET OR TIED.
MM INDICATES DATA IS MISSING.
T  INDICATES TRACE AMOUNT.

&&

...Data for North Little Rock for June 2019...

.Summary...
June 2019 was the coolest June in 16 years, and was close to two and
a half degrees below average. There were five days with 90-degree
temperatures, which was the least amount in two years. The coldest
temperature was 58, which was the coolest temperature in the month
of June in six years.

Rainfall was above average for the first time in two years. It was
the wettest June since 2017.

.Monthly Temperatures...
The average high temperature was the coolest since 2003, and the 7th
coolest on record. The average low temperature was the coolest since
2003. The average monthly temperature was also the coolest since
2003, and the 9th coolest on record.

.Daily Temperatures...
Daily temperatures were above average on seven days, average on
three days, and below average on 20 days.

.Daily Record Temperatures Tied or Broken During the Month...
Date  Record Type                New Record        Previous Record
12th  Coolest High Temperature   78 in 2019          78 in 1995
13th  Coolest High Temperature   77 in 2019          78 in 1985
14th  Low Temperature            60 in 2019          60 in 1985
24th  Low Temperature            64 in 2019          64 in 1979

.Monthly Rainfall...
It was the wettest June since 2017, and the first June since then
with above average rainfall.

.Daily Rainfall Records Tied or Broken During the Month...
Date    New Record     Previous Record
 6th   1.58 in 2019      0.85 in 2004
19th   0.59 in 2019      0.38 in 2000
23rd   2.55 in 2019      1.57 in 2018

On the 23rd, the 2.55 inches of rain that fell marked the highest
calendar day rainfall in the month of June since 1976, and the
2nd highest on record for the month.

In a 24-hour period from the 23rd-24th, 2.69 inches of rain fell,
which marked the highest 24-hour rainfall in the month of June since
2000, and the 3rd highest 24-hour rainfall on record in the month of
June.

.Miscellaneous Phenomena...
None.

$$

57
