000
CXUS54 KMAF 011455
CLMMAF


CLIMATE REPORT
NATIONAL WEATHER SERVICE MIDLAND TX
951 AM CDT THU AUG 1 2019

...................................

...THE MIDLAND CLIMATE SUMMARY FOR THE MONTH OF JULY 2019...

CLIMATE NORMAL PERIOD 1981 TO 2010
CLIMATE RECORD PERIOD 1930 TO 2019

WEATHER         OBSERVED          NORMAL  DEPART  LAST YEAR`S
                 VALUE   DATE(S)  VALUE   FROM    VALUE  DATE(S)
                                          NORMAL
................................................................
TEMPERATURE (F)
RECORD
 HIGH             112   07/02/1989
 LOW               49   07/13/1936
HIGHEST           106   07/09        94      12      105  07/23
                                                          07/19
LOWEST             63   07/26        69      -6       69  07/31
                        07/25
                        07/24
AVG. MAXIMUM     97.0              94.6     2.4     97.4
AVG. MINIMUM     70.9              69.7     1.2     74.4
MEAN             84.0              82.1     1.9     85.9
DAYS MAX >= 90     30              25.6     4.4       29
DAYS MAX <= 32      0               0.0     0.0        0
DAYS MIN <= 32      0               0.0     0.0        0
DAYS MIN <= 0       0               0.0     0.0        0

PRECIPITATION (INCHES)
RECORD
 MAXIMUM         8.50   1991
 MINIMUM         0.00   1946
TOTALS           2.75              1.82    0.93     1.86
DAILY AVG.       0.09              0.06    0.03     0.06
DAYS >= .01         5               4.9     0.1        5
DAYS >= .10         3               2.9     0.1        5
DAYS >= .50         2               1.3     0.7        1
DAYS >= 1.00        2               0.4     1.6        0
GREATEST
 24 HR. TOTAL    1.19   07/22 TO 07/22              0.88

DEGREE_DAYS
COOLING TOTAL     595               532      63      656
 SINCE 1/1       1460              1382      78     1994
.................................................................

WIND (MPH)
AVERAGE WIND SPEED              10.2
HIGHEST WIND SPEED/DIRECTION    36/260    DATE  07/22
HIGHEST GUST SPEED/DIRECTION    49/010    DATE  07/11

SKY COVER
POSSIBLE SUNSHINE (PERCENT)   MM
AVERAGE SKY COVER           0.10
NUMBER OF DAYS FAIR           30
NUMBER OF DAYS PC              1
NUMBER OF DAYS CLOUDY          0

AVERAGE RH (PERCENT)     50

WEATHER CONDITIONS. NUMBER OF DAYS WITH
  0
  2
  0
  0
  0
  0
  0
HAZE                      2

-  INDICATES NEGATIVE NUMBERS.
R  INDICATES RECORD WAS SET OR TIED.
MM INDICATES DATA IS MISSING.
T  INDICATES TRACE AMOUNT.

$$
