000
CXUS54 KMAF 011210
CLMMAF


CLIMATE REPORT
NATIONAL WEATHER SERVICE MIDLAND TX
709 AM CDT WED MAY 1 2019

...................................

...THE MIDLAND CLIMATE SUMMARY FOR THE MONTH OF APRIL 2019...

CLIMATE NORMAL PERIOD 1981 TO 2010
CLIMATE RECORD PERIOD 1930 TO 2019

WEATHER         OBSERVED          NORMAL  DEPART  LAST YEAR`S
                 VALUE   DATE(S)  VALUE   FROM    VALUE  DATE(S)
                                          NORMAL
................................................................
TEMPERATURE (F)
RECORD
 HIGH             104   04/25/2012
 LOW               20   04/09/1973
HIGHEST            97   04/10        79      18       98  04/12
LOWEST             35   04/01        49     -14       35  04/07
AVG. MAXIMUM     81.2              79.2     2.0     82.0
AVG. MINIMUM     52.1              49.3     2.8     48.6
MEAN             66.7              64.2     2.5     65.3
DAYS MAX >= 90      5               3.7     1.3        7
DAYS MAX <= 32      0               0.0     0.0        0
DAYS MIN <= 32      0               0.6    -0.6        0
DAYS MIN <= 0       0               0.0     0.0        0

PRECIPITATION (INCHES)
RECORD
 MAXIMUM         3.59   1931
 MINIMUM         0.00   2011
                        1998
                        1964
TOTALS           2.15              0.65    1.50        T
DAILY AVG.       0.07              0.02    0.05        T
DAYS >= .01         4               2.9     1.1        0
DAYS >= .10         3               1.6     1.4        0
DAYS >= .50         1               0.3     0.7        0
DAYS >= 1.00        1               0.1     0.9        0
GREATEST
 24 HR. TOTAL    1.55   04/13 TO 04/13                 T

SNOWFALL (INCHES)
RECORDS
 TOTAL            2.0   1996
TOTALS            0.0               0.1    -0.1      0.0
SINCE 7/1           T               4.8    -4.8        T
SNOWDEPTH AVG.      0                MM      MM        0
DAYS >= 1.0         0               0.1    -0.1        0
GREATEST
 SNOW DEPTH         0   MM                             0  MM
 24 HR TOTAL      0.0   04/30 TO 04/30               0.0

DEGREE_DAYS
HEATING TOTAL      69               112     -43       75
 SINCE 7/1       2537              2656    -119     2155
COOLING TOTAL     126                90      36       92
 SINCE 1/1        152               108      44      167
.................................................................

WIND (MPH)
AVERAGE WIND SPEED              12.1
HIGHEST WIND SPEED/DIRECTION    38/050    DATE  04/23
HIGHEST GUST SPEED/DIRECTION    47/260    DATE  04/17

SKY COVER
POSSIBLE SUNSHINE (PERCENT)   MM
AVERAGE SKY COVER           0.10
NUMBER OF DAYS FAIR           26
NUMBER OF DAYS PC              3
NUMBER OF DAYS CLOUDY          1

AVERAGE RH (PERCENT)     52

WEATHER CONDITIONS. NUMBER OF DAYS WITH
  0
  3
  0
  0
  0
  0
  0
HAZE                      4

-  INDICATES NEGATIVE NUMBERS.
R  INDICATES RECORD WAS SET OR TIED.
MM INDICATES DATA IS MISSING.
T  INDICATES TRACE AMOUNT.

$$
