000
CXUS53 KABR 011626
CLMMBG


CLIMATE REPORT
NATIONAL WEATHER SERVICE ABERDEEN SD
1103 AM CDT MON JUL 1 2019

...................................

...THE MOBRIDGE SD CLIMATE SUMMARY FOR THE MONTH OF JUNE 2019...

CLIMATE NORMAL PERIOD 1981 TO 2010
CLIMATE RECORD PERIOD 1911 TO 2019

WEATHER         OBSERVED          NORMAL  DEPART  LAST YEAR`S
                 VALUE   DATE(S)  VALUE   FROM    VALUE  DATE(S)
                                          NORMAL
................................................................
TEMPERATURE (F)
RECORD
 HIGH             110   06/28/1931
 LOW               32   06/02/1946
                        06/07/1915
HIGHEST            95   06/29        MM      MM       99  06/14
LOWEST             43   06/10        MM      MM       48  06/13
AVG. MAXIMUM     79.9              77.8     2.1     82.7
AVG. MINIMUM     55.1              53.8     1.3     60.1
MEAN             67.5              65.8     1.7     71.4
DAYS MAX >= 90      3               2.6     0.4        6
DAYS MAX <= 32      0               0.0     0.0        0
DAYS MIN <= 32      0               0.0     0.0        0
DAYS MIN <= 0       0               0.0     0.0        0

PRECIPITATION (INCHES)
RECORD
 MAXIMUM         8.06   1968
 MINIMUM         0.26   1974
TOTALS           3.32              3.16    0.16     3.63
DAYS >= .01         8                MM      MM       14
DAYS >= .10         5                MM      MM        8
DAYS >= .50         1                MM      MM        3
DAYS >= 1.00        1                MM      MM        1

SNOWFALL (INCHES)
RECORDS
 TOTAL             MM   MM
 SNOW DEPTH        MM   MM
TOTALS            0.0                MM      MM      0.0
SINCE 7/1        86.8                MM      MM     49.4
SNOWDEPTH AVG.      0                MM      MM        0
DAYS >= TRACE       0
DAYS >= 1.0         0
GREATEST
 SNOW DEPTH         0   MM                             0  MM

DEGREE_DAYS
HEATING TOTAL      40                75     -35        6
 SINCE 7/1       8562              7959     603     7929
COOLING TOTAL     122                99      23      204
 SINCE 1/1        136               115      21      318

FREEZE DATES
RECORD
 EARLIEST     MM
 LATEST       MM
EARLIEST      03/01             MM
LATEST        05/10             MM
.................................................................

WIND (MPH)
AVERAGE WIND SPEED              8.4
RESULTANT WIND SPEED/DIRECTION   1/071
HIGHEST WIND SPEED/DIRECTION    36/180    DATE  06/07
HIGHEST GUST SPEED/DIRECTION    51/180    DATE  06/07

SKY COVER
POSSIBLE SUNSHINE (PERCENT)   MM
AVERAGE SKY COVER           0.20
NUMBER OF DAYS FAIR           23
NUMBER OF DAYS PC              6
NUMBER OF DAYS CLOUDY          1

AVERAGE RH (PERCENT)     64

-  INDICATES NEGATIVE NUMBERS.
R  INDICATES RECORD WAS SET OR TIED.
MM INDICATES DATA IS MISSING.
T  INDICATES TRACE AMOUNT.

$$
