000
CXUS53 KABR 151606
CLMMBG


CLIMATE REPORT
NATIONAL WEATHER SERVICE ABERDEEN SD
1052 AM CDT WED MAY 15 2019

...................................

...THE MOBRIDGE SD CLIMATE SUMMARY FOR THE MONTH OF MARCH 2019...

CLIMATE NORMAL PERIOD 1981 TO 2010
CLIMATE RECORD PERIOD 1911 TO 2019

WEATHER         OBSERVED          NORMAL  DEPART  LAST YEAR`S
                 VALUE   DATE(S)  VALUE   FROM    VALUE  DATE(S)
                                          NORMAL
................................................................
TEMPERATURE (F)
RECORD
 HIGH              84   03/27/1946
                        03/23/1939
 LOW              -22   03/10/1948
                        03/03/1916
HIGHEST            53   03/31        MM      MM       58  03/27
                        03/27
LOWEST            -20   03/02        MM      MM        1  03/08
AVG. MAXIMUM     32.5              42.6   -10.1     37.1
AVG. MINIMUM     13.6              21.1    -7.5     21.3
MEAN             23.0              31.9    -8.9     29.2
DAYS MAX >= 90      0               0.0     0.0        0
DAYS MAX <= 32     12               6.5     5.5        6
DAYS MIN <= 32     30              27.4     2.6       27
DAYS MIN <= 0       6               1.9     4.1        0

PRECIPITATION (INCHES)
RECORD
 MAXIMUM         3.98   1966
 MINIMUM            T   1927
TOTALS           1.04              0.90    0.14     0.94
DAYS >= .01         5                MM      MM        9
DAYS >= .10         5                MM      MM        4
DAYS >= .50         0                MM      MM        0
DAYS >= 1.00        0                MM      MM        0

SNOWFALL (INCHES)
RECORDS
 TOTAL           36.3   5
 SNOW DEPTH        MM   MM
TOTALS           18.1                MM      MM     11.9
SINCE 7/1        76.2                MM      MM     39.6
SNOWDEPTH AVG.     27                MM      MM        2
DAYS >= TRACE       8
DAYS >= 1.0         4
GREATEST
 SNOW DEPTH        39   03/10                          8  03/08
                                                          03/07
                                                          03/06

DEGREE_DAYS
HEATING TOTAL    1292              1027     265     1103
 SINCE 7/1       7534              7002     532     6973
COOLING TOTAL       0                 0       0        0
 SINCE 1/1          0                 0       0        0

FREEZE DATES
RECORD
 EARLIEST     MM
 LATEST       MM
EARLIEST      03/01             MM
LATEST                          MM
.................................................................

WIND (MPH)
AVERAGE WIND SPEED              9.4
RESULTANT WIND SPEED/DIRECTION   3/340
HIGHEST WIND SPEED/DIRECTION    40/340    DATE  03/14
HIGHEST GUST SPEED/DIRECTION    57/340    DATE  03/14

SKY COVER
POSSIBLE SUNSHINE (PERCENT)   MM
AVERAGE SKY COVER           0.40
NUMBER OF DAYS FAIR           14
NUMBER OF DAYS PC             11
NUMBER OF DAYS CLOUDY          6

AVERAGE RH (PERCENT)     75

WEATHER CONDITIONS. NUMBER OF DAYS WITH
  0
  0
  0
  0
  3
  0
 10
HAZE                     19

-  INDICATES NEGATIVE NUMBERS.
R  INDICATES RECORD WAS SET OR TIED.
MM INDICATES DATA IS MISSING.
T  INDICATES TRACE AMOUNT.

$$
