601
CXUS53 KDTX 011416
CLMMBS

CLIMATE REPORT
NATIONAL WEATHER SERVICE DETROIT/PONTIAC MI
842 AM EDT THU AUG 1 2019

...................................

...THE  TRI CITIES MI CLIMATE SUMMARY FOR THE MONTH OF JULY 2019...

CLIMATE NORMAL PERIOD 1981 TO 2010
CLIMATE RECORD PERIOD 1898 TO 2019

WEATHER         OBSERVED          NORMAL  DEPART
                 VALUE   DATE(S)  VALUE   FROM
                                          NORMAL
................................................
TEMPERATURE (F)
HIGHEST            94   07/19        MM      MM
LOWEST             53   07/24        MM      MM
AVG. MAXIMUM     84.5              81.8     2.7
AVG. MINIMUM     64.2              60.2     4.0
MEAN             74.4              71.0     3.4
DAYS MAX >= 90      6               3.0     3.0
DAYS MAX <= 32      0               0.0     0.0
DAYS MIN <= 32      0               0.0     0.0
DAYS MIN <= 0       0               0.0     0.0

PRECIPITATION (INCHES)
TOTALS           1.61              2.58   -0.97
DAILY AVG.       0.05              0.08   -0.03
DAYS >= .01         9               9.1    -0.1
DAYS >= .10         6               5.0     1.0
DAYS >= .50         0               1.7    -1.7
DAYS >= 1.00        0               0.6    -0.6
GREATEST
 24 HR. TOTAL    0.36   07/15 TO 07/15
 STORM TOTAL       MM
 (MM/DD(HH))            MM

SNOWFALL (INCHES)
TOTALS            0.0               0.0     0.0
 LIQUID EQUIV    0.00              0.00    0.00
SINCE 7/1         0.0               0.0     0.0
 LIQUID 7/1      0.00
DAYS >= TRACE       0               0.0     0.0
DAYS >= 1.0         0               0.0     0.0
GREATEST
 SNOW DEPTH         0   MM
 24 HR TOTAL      0.0   07/31 TO 07/31
 STORM TOTAL       MM
 (MM/DD(HH))            MM

DEGREE_DAYS
HEATING TOTAL       0                13     -13
 SINCE 7/1          0                13     -13
COOLING TOTAL     298               198     100
 SINCE 1/1        386               358      28

FREEZE DATES
RECORD
 EARLIEST     MM
 LATEST       MM
EARLIEST                        MM
LATEST                          MM
.................................................

WIND (MPH)
AVERAGE WIND SPEED              8.1
HIGHEST WIND SPEED/DIRECTION    41/330    DATE  07/20
HIGHEST GUST SPEED/DIRECTION    49/330    DATE  07/20

SKY COVER
POSSIBLE SUNSHINE (PERCENT)   MM
AVERAGE SKY COVER           0.20
NUMBER OF DAYS FAIR           24
NUMBER OF DAYS PC              6
NUMBER OF DAYS CLOUDY          1

AVERAGE RH (PERCENT)     71


-  INDICATES NEGATIVE NUMBERS.
R  INDICATES RECORD WAS SET OR TIED.
MM INDICATES DATA IS MISSING.
T  INDICATES TRACE AMOUNT.

$$


================================================================
       SOUTHEAST MICHIGAN CLIMATE SUMMARY FOR JULY 2019


JULY 2019 MONTHLY STATISTICS AND RANKINGS
-----------------------------------------------------------------
PRECIPITATION
                ACTUAL    NORMAL     DEPARTURE     RANKING
DETROIT AREA    2.63"      3.37"      -0.74"     64TH DRIEST
FLINT AREA      1.96"      3.32"      -1.36"     37TH DRIEST
SAGINAW AREA    1.61"      2.58"      -0.97"     32ND DRIEST


PRECIPITATION SINCE JANUARY 1*

                ACTUAL    NORMAL     DEPARTURE     RANKING
DETROIT AREA    21.46"    19.43"      +2.03"     38TH WETTEST
FLINT AREA      20.69"    17.38"      +3.31"     23RD WETTEST
SAGINAW AREA    15.74"    17.21"      -1.47"     46TH DRIEST

      *NORMAL TO DATE (AS OF JULY 31, 2019)

AVERAGE TEMPERATURE
                ACTUAL    NORMAL     DEPARTURE     RANKING
DETROIT AREA     76.8      73.6       +3.2        9TH WARMEST
FLINT AREA       75.0      70.5       +4.5       13TH WARMEST
SAGINAW AREA     74.4      71.0       +3.4       12TH WARMEST

AVERAGE HIGH TEMPERATURE
                ACTUAL    NORMAL     DEPARTURE     RANKING
DETROIT AREA     86.7      83.4       +3.3       14TH WARMEST
FLINT AREA       86.6      81.9       +4.7       18TH WARMEST
SAGINAW AREA     84.5      81.8       +2.7       24TH WARMEST

AVERAGE LOW TEMPERATURE
                ACTUAL    NORMAL     DEPARTURE     RANKING
DETROIT AREA     66.8      63.9       +2.9       11TH WARMEST
FLINT AREA       63.5      59.2       +4.3        9TH WARMEST
SAGINAW AREA     64.2      60.2       +4.0        7TH WARMEST


DETROIT AREA HAS A CLIMATE RECORD DATING TO NOVEMBER 1874 (~145 YEARS)
FLINT AREA HAS A CLIMATE RECORD DATING TO JANUARY 1921 (~98 YEARS)
SAGINAW AREA HAS CLIMATE RECORD DATING TO 1912 (~107 YEARS)
