000
CXUS53 KDTX 102140
CLMMBS

CLIMATE REPORT
NATIONAL WEATHER SERVICE DETROIT/PONTIAC MI
538 PM EDT FRI MAY 10 2019

...................................

...THE  TRI CITIES MI CLIMATE SUMMARY FOR THE MONTH OF APRIL 2019...

CLIMATE NORMAL PERIOD 1981 TO 2010
CLIMATE RECORD PERIOD 1898 TO 2019

WEATHER         OBSERVED          NORMAL  DEPART
                 VALUE   DATE(S)  VALUE   FROM
                                          NORMAL
................................................
TEMPERATURE (F)
HIGHEST            76   04/22        MM      MM
LOWEST             21   04/01        MM      MM
AVG. MAXIMUM     55.2              56.1    -0.9
AVG. MINIMUM     36.8              36.0     0.8
MEAN             46.0              46.1    -0.1
DAYS MAX >= 90      0               0.0     0.0
DAYS MAX <= 32      0               0.5    -0.5
DAYS MIN <= 32      4               9.8    -5.8
DAYS MIN <= 0       0               0.0     0.0

PRECIPITATION (INCHES)
TOTALS           1.61              2.89   -1.28
DAILY AVG.       0.05              0.10   -0.05
DAYS >= .01        12              11.4     0.6
DAYS >= .10         6               6.8    -0.8
DAYS >= .50         0               1.7    -1.7
DAYS >= 1.00        0               0.5    -0.5
GREATEST
 24 HR. TOTAL    0.41   04/14 TO 04/14
 STORM TOTAL       MM
 (MM/DD(HH))            MM

SNOWFALL (INCHES)
TOTALS            2.1               1.7     0.4
 LIQUID EQUIV    0.21              0.20    0.01
SINCE 7/1        44.0              41.5     2.5
 LIQUID 7/1      4.40
DAYS >= TRACE       4               1.3     2.7
DAYS >= 1.0         1               0.8     0.2
GREATEST
 SNOW DEPTH         2   04/15
 24 HR TOTAL      2.0   04/14 TO 04/14
 STORM TOTAL       MM
 (MM/DD(HH))            MM

DEGREE_DAYS
HEATING TOTAL     560               572     -12
 SINCE 7/1       6695              6640      55
COOLING TOTAL       0                 4      -4
 SINCE 1/1          0                 4      -4

FREEZE DATES
RECORD
 EARLIEST     MM
 LATEST       MM
EARLIEST                        MM
LATEST                          MM
.................................................

WIND (MPH)
AVERAGE WIND SPEED              12.3
HIGHEST WIND SPEED/DIRECTION    36/230    DATE  04/12
HIGHEST GUST SPEED/DIRECTION    47/230    DATE  04/12

SKY COVER
POSSIBLE SUNSHINE (PERCENT)   MM
AVERAGE SKY COVER           0.50
NUMBER OF DAYS FAIR            9
NUMBER OF DAYS PC             14
NUMBER OF DAYS CLOUDY          7

AVERAGE RH (PERCENT)     68


-  INDICATES NEGATIVE NUMBERS.
R  INDICATES RECORD WAS SET OR TIED.
MM INDICATES DATA IS MISSING.
T  INDICATES TRACE AMOUNT.

$$
