128
CXUS56 KHNX 011505
CLMMCE


CLIMATE REPORT
NATIONAL WEATHER SERVICE SAN JOAQUIN VALLEY, CA
802 AM PDT THU AUG 1 2019

...................................

...THE MERCED CA AIRPORT CLIMATE SUMMARY FOR THE MONTH OF JULY 2019...

CLIMATE NORMAL PERIOD 1981 TO 2010
CLIMATE RECORD PERIOD 1998 TO 2019

WEATHER         OBSERVED          NORMAL  DEPART  LAST YEAR`S
                 VALUE   DATE(S)  VALUE   FROM    VALUE  DATE(S)
                                          NORMAL
................................................................
TEMPERATURE (F)
RECORD
 HIGH             112   07/23/2006
 LOW               50   07/03/2000
                        07/04/1999
HIGHEST           105   07/28        MM      MM      104  07/25
LOWEST             55   07/09        MM      MM       59  07/05
                        07/04                             07/04
AVG. MAXIMUM     96.0              94.8     1.2     98.5
AVG. MINIMUM     61.5              60.8     0.7     65.6
MEAN             78.7              77.8     0.9     82.1
DAYS MAX >= 90     28              24.8     3.2       30
DAYS MIN <= 32      0               0.0     0.0        0

PRECIPITATION (INCHES)
RECORD
 MAXIMUM         0.02   2012
TOTALS           0.00              0.01   -0.01     0.00
DAYS >= .01         0                MM      MM        0
DAYS >= .10         0                MM      MM        0
DAYS >= .50         0                MM      MM        0
DAYS >= 1.00        0                MM      MM        0
GREATEST
 24 HR. TOTAL    0.00

SNOWFALL (INCHES)
RECORDS
 TOTAL            0.0
TOTALS            0.0                MM

DEGREE_DAYS
HEATING TOTAL       0                 0       0        0
 SINCE 7/1          0                 0       0        0
COOLING TOTAL     434               397      37      534
 SINCE 1/1        878               790      88      949
.................................................................

WIND (MPH)
AVERAGE WIND SPEED              6.7
HIGHEST WIND SPEED/DIRECTION    17/330    DATE  07/16
HIGHEST GUST SPEED/DIRECTION    23/340    DATE  07/16

AVERAGE RH (PERCENT)     49

WEATHER CONDITIONS. NUMBER OF DAYS WITH
THUNDERSTORM              0     RAIN                       0
HAIL                      0     FOG                        0
FOG W/VIS <= 1/4 MILE     0     HAZE                       2

-  INDICATES NEGATIVE NUMBERS.
R  INDICATES RECORD WAS SET OR TIED.
MM INDICATES DATA IS MISSING.
T  INDICATES TRACE AMOUNT.

$$
