000
CXAK59 PAFG 012225
CLMMCG


CLIMATE REPORT
NATIONAL WEATHER SERVICE FAIRBANKS, AK
220 PM AKDT THU AUG 1 2019

...................................

...THE MCGRATH AK CLIMATE SUMMARY FOR THE MONTH OF JULY 2019...

CLIMATE NORMAL PERIOD 1981 TO 2010
CLIMATE RECORD PERIOD 1946 TO 2019

WEATHER         OBSERVED          NORMAL  DEPART  LAST YEAR`S
                 VALUE   DATE(S)  VALUE   FROM    VALUE  DATE(S)
                                          NORMAL
................................................................
TEMPERATURE (F)
RECORD
 HIGH              89   07/08/2019
                        07/07/2009
                        07/30/1977
 LOW               31   07/17/2003
HIGHEST            89R  07/08        MM      MM       83  07/22
LOWEST             46   07/29        MM      MM       45  07/18
AVG. MAXIMUM     74.3              69.3     5.0     72.6
AVG. MINIMUM     53.8              50.7     3.1     53.2
MEAN             64.0              60.0     4.0     62.9
DAYS MAX >= 90      0               0.0     0.0        0
DAYS MAX <= 32      0               0.0     0.0        0
DAYS MIN <= 32      0               0.0     0.0        0
DAYS MIN <= 0       0               0.0     0.0        0

PRECIPITATION (INCHES)
RECORD
 MAXIMUM         5.37   1975
 MINIMUM         0.38   1993
TOTALS           3.10              2.38    0.72     2.90
DAILY AVG.       0.10              0.08    0.02     0.09
DAYS >= .01         8              15.0    -7.0       15
DAYS >= .10         6               7.3    -1.3        7
DAYS >= .50         3               0.9     2.1        2
DAYS >= 1.00        1               0.1     0.9        0
GREATEST
 24 HR. TOTAL    1.11   07/24 TO 07/24           07/27 TO 07/27

SNOWFALL (INCHES)
RECORDS
 TOTAL              T   2007
                        1990
                        1950
 24 HR TOTAL       MM
 SNOW DEPTH         0   MM
TOTALS            0.0               0.0     0.0      0.0
SINCE 7/1         0.0               0.0     0.0      0.0
SNOWDEPTH AVG.      0                 0       0        0
DAYS >= TRACE       0               0.0     0.0        0
DAYS >= 1.0         0               0.0     0.0        0
GREATEST
 SNOW DEPTH         0   MM                             0  MM
 24 HR TOTAL      0.0   07/31 TO 07/31           07/31 TO 07/31

DEGREE_DAYS
HEATING TOTAL      75               167     -92       86
 SINCE 7/1         75               167     -92       86
COOLING TOTAL      53                12      41       29
 SINCE 1/1         82                18      64       29
.................................................................

WIND (MPH)
AVERAGE WIND SPEED              4.1
HIGHEST WIND SPEED/DIRECTION    17/150    DATE  07/23
HIGHEST GUST SPEED/DIRECTION    26/160    DATE  07/23

SKY COVER
AVERAGE SKY COVER           0.60


-  INDICATES NEGATIVE NUMBERS.
R  INDICATES RECORD WAS SET OR TIED.
MM INDICATES DATA IS MISSING.
T  INDICATES TRACE AMOUNT.

$$
