000
CXAK59 PAFG 031310
CLMMCG


CLIMATE REPORT
NATIONAL WEATHER SERVICE FAIRBANKS, AK
503 AM AKDT FRI MAY 3 2019

...................................

...THE MCGRATH AK CLIMATE SUMMARY FOR THE MONTH OF APRIL 2019...

CLIMATE NORMAL PERIOD 1981 TO 2010
CLIMATE RECORD PERIOD 1946 TO 2019

WEATHER         OBSERVED          NORMAL  DEPART  LAST YEAR`S
                 VALUE   DATE(S)  VALUE   FROM    VALUE  DATE(S)
                                          NORMAL
................................................................
TEMPERATURE (F)
RECORD
 HIGH              68   04/29/2009
 LOW              -40   04/01/1985
HIGHEST            56   04/30        MM      MM       54  04/12
                        04/29
LOWEST              3   04/05        MM      MM        1  04/05
AVG. MAXIMUM     42.4              40.8     1.6     42.0
AVG. MINIMUM     21.7              18.6     3.1     23.8
MEAN             32.1              29.7     2.4     32.9
DAYS MAX >= 90      0               0.0     0.0        0
DAYS MAX <= 32      4               5.6    -1.6        2
DAYS MIN <= 32     30              26.7     3.3       23
DAYS MIN <= 0       0               3.6    -3.6        0

PRECIPITATION (INCHES)
RECORD
 MAXIMUM         2.78   1964
 MINIMUM         0.01   1943
TOTALS           0.31              0.74   -0.43     1.61
DAILY AVG.       0.01              0.02   -0.01     0.05
DAYS >= .01         4               7.4    -3.4        8
DAYS >= .10         1               2.3    -1.3        5
DAYS >= .50         0               0.1    -0.1        0
DAYS >= 1.00        0               0.0     0.0        0
GREATEST
 24 HR. TOTAL    0.13   04/13 TO 04/13           04/28 TO 04/28

SNOWFALL (INCHES)
RECORDS
 TOTAL           32.8   1964
 24 HR TOTAL       MM
 SNOW DEPTH        50   04/04/1946
                        04/03/1946
TOTALS            0.9               5.1    -4.2      2.9
SINCE 7/1        95.5              96.4    -0.9     83.5
SNOWDEPTH AVG.     16                17      -1       16
DAYS >= TRACE      11               6.0     5.0        6
DAYS >= 1.0         0               1.5    -1.5        1
GREATEST
 SNOW DEPTH        22   04/08                         26  04/02
                        04/07                             04/01
                        04/06
 24 HR TOTAL      0.3   04/22 TO 04/22           04/21 TO 04/21

DEGREE_DAYS
HEATING TOTAL     982              1059     -77      953
 SINCE 7/1      10990             12946   -1956    10897
COOLING TOTAL       0                 0       0        0
 SINCE 1/1          0                 0       0        0
.................................................................

WIND (MPH)
AVERAGE WIND SPEED              5.5
HIGHEST WIND SPEED/DIRECTION    22/060    DATE  04/11
HIGHEST GUST SPEED/DIRECTION    32/090    DATE  04/11

SKY COVER
AVERAGE SKY COVER           0.50

-  INDICATES NEGATIVE NUMBERS.
R  INDICATES RECORD WAS SET OR TIED.
MM INDICATES DATA IS MISSING.
T  INDICATES TRACE AMOUNT.

$$
