341
CXUS53 KEAX 021531
CLMMCI

CLIMATE REPORT
NATIONAL WEATHER SERVICE KANSAS CITY/PLEASANT HILL MO
1024 AM CDT THU MAY 2 2019

...................................

...THE KANSAS CITY INTERNATIONAL MO CLIMATE SUMMARY FOR THE MONTH OF MARCH 2019...

CLIMATE NORMAL PERIOD 1981 TO 2010
CLIMATE RECORD PERIOD 1888 TO 2019

WEATHER         OBSERVED          NORMAL  DEPART  LAST YEAR`S
                 VALUE   DATE(S)  VALUE   FROM    VALUE  DATE(S)
                                          NORMAL
................................................................
TEMPERATURE (F)
RECORD
 HIGH              91   03/21/1907
 LOW              -10   03/04/1978
HIGHEST            73   03/27        78      -5       76  03/15
LOWEST             -2   03/04        14     -16       19  03/08
AVG. MAXIMUM     49.5              55.1    -5.6     53.6
AVG. MINIMUM     30.9              33.4    -2.5     33.6
MEAN             40.2              44.2    -4.0     43.6
DAYS MAX >= 90      0               0.0     0.0        0
DAYS MAX <= 32      4               1.3     2.7        0
DAYS MIN <= 32     17              14.6     2.4       13
DAYS MIN <= 0       1               0.1     0.9        0

PRECIPITATION (INCHES)
RECORD
 MAXIMUM         9.08   1973
 MINIMUM         0.08   1910
                        1936
TOTALS           3.29              2.37    0.92     1.65
DAILY AVG.       0.11              0.08    0.03     0.05
DAYS >= .01        10               9.5     0.5        6
DAYS >= .10         8               5.3     2.7        3
DAYS >= .50         2               1.7     0.3        1
DAYS >= 1.00        0               0.3    -0.3        0
GREATEST
 24 HR. TOTAL    0.87   03/28 TO 03/28

SNOWFALL (INCHES)
RECORDS
 TOTAL           40.2   1912
                        0
                        0
TOTALS            2.8               2.0     0.8        T
SINCE 7/1        29.1              18.2    10.9      5.8
SNOWDEPTH AVG.      0                MM      MM        0
DAYS >= 1.0         1               0.6     0.4        0
GREATEST
 SNOW DEPTH         3   03/04                          0  MM
 24 HR TOTAL      2.8   03/03 TO 03/03

DEGREE_DAYS
HEATING TOTAL     761               646     115      655
 SINCE 7/1       5108              4691     417     4582
COOLING TOTAL       0                 3      -3        0
 SINCE 1/1          0                 3      -3        0
.................................................................

WIND (MPH)
AVERAGE WIND SPEED              11.2
HIGHEST WIND SPEED/DIRECTION    39/210    DATE  03/14
HIGHEST GUST SPEED/DIRECTION    54/220    DATE  03/14

SKY COVER
POSSIBLE SUNSHINE (PERCENT)   MM
AVERAGE SKY COVER           0.60
NUMBER OF DAYS FAIR            6
NUMBER OF DAYS PC             12
NUMBER OF DAYS CLOUDY         13

AVERAGE RH (PERCENT)     67



-  INDICATES NEGATIVE NUMBERS.
R  INDICATES RECORD WAS SET OR TIED.
MM INDICATES DATA IS MISSING.
T  INDICATES TRACE AMOUNT.

$$
