043
CXUS53 KEAX 010650
CLMMCI

STLCLMWRK 000
TTAA00 KEAX 010648


CLIMATE REPORT
NATIONAL WEATHER SERVICE KANSAS CITY/PLEASANT HILL MO
146 AM CDT THU AUG 1 2019

...................................

...THE KANSAS CITY INTERNATIONAL MO CLIMATE SUMMARY FOR THE MONTH OF JULY 2019...

CLIMATE NORMAL PERIOD 1981 TO 2010
CLIMATE RECORD PERIOD 1888 TO 2019

WEATHER         OBSERVED          NORMAL  DEPART  LAST YEAR`S
                 VALUE   DATE(S)  VALUE   FROM    VALUE  DATE(S)
                                          NORMAL
................................................................
TEMPERATURE (F)
RECORD
 HIGH             112   07/13/1954
 LOW               51   07/05/1997
HIGHEST            97   07/20        98      -1      100  07/12
                        07/19
LOWEST             57   07/23        58      -1       59  07/31
AVG. MAXIMUM     87.7              88.3    -0.6     89.4
AVG. MINIMUM     67.9              68.4    -0.5     68.5
MEAN             77.8              78.3    -0.5     78.9
DAYS MAX >= 90     10              11.3    -1.3       14
DAYS MAX <= 32      0               0.0     0.0        0
DAYS MIN <= 32      0               0.0     0.0        0
DAYS MIN <= 0       0               0.0     0.0        0

PRECIPITATION (INCHES)
RECORD
 MAXIMUM        15.47   1992
 MINIMUM         0.12   2003
TOTALS           2.49              4.45   -1.96     5.29
DAILY AVG.       0.08              0.14   -0.06     0.17
DAYS >= .01         7               9.0    -2.0        8
DAYS >= .10         7               5.9     1.1        4
DAYS >= .50         2               2.6    -0.6        3
DAYS >= 1.00        0               1.3    -1.3        2
GREATEST
 24 HR. TOTAL    0.89   07/05 TO 07/05

SNOWFALL (INCHES)
RECORDS
 TOTAL            0.0   0
                        0
                        0
TOTALS            0.0               0.0     0.0      0.0
SINCE 7/1         0.0               0.0     0.0      0.0
SNOWDEPTH AVG.      0                MM      MM        0
DAYS >= 1.0         0               0.0     0.0        0
GREATEST
 SNOW DEPTH         0   MM                             0  MM
 24 HR TOTAL      0.0   07/31 TO 07/31

DEGREE_DAYS
HEATING TOTAL       0                 0       0        0
 SINCE 7/1          0                 0       0        0
COOLING TOTAL     404               414     -10      439
 SINCE 1/1        774               796     -22     1109
.................................................................

WIND (MPH)
AVERAGE WIND SPEED              8.7
HIGHEST WIND SPEED/DIRECTION    32/290    DATE  07/10
HIGHEST GUST SPEED/DIRECTION    50/290    DATE  07/10

SKY COVER
POSSIBLE SUNSHINE (PERCENT)   MM
AVERAGE SKY COVER           0.40
NUMBER OF DAYS FAIR           10
NUMBER OF DAYS PC             18
NUMBER OF DAYS CLOUDY          3

AVERAGE RH (PERCENT)     72

WEATHER CONDITIONS. NUMBER OF DAYS WITH
  0
  6
  0
  0
  0
  0
  0
HAZE                     14

-  INDICATES NEGATIVE NUMBERS.
R  INDICATES RECORD WAS SET OR TIED.
MM INDICATES DATA IS MISSING.
T  INDICATES TRACE AMOUNT.

$$
