000
CXUS53 KGLD 040119
CLMMCK

CLIMATE REPORT
NATIONAL WEATHER SERVICE GOODLAND
714 PM MDT WED JUL 3 2019

...................................

...THE MCCOOK CLIMATE SUMMARY FOR THE MONTH OF JUNE 2019...

CLIMATE NORMAL PERIOD 1981 TO 2010
CLIMATE RECORD PERIOD 1896 TO 2019

WEATHER         OBSERVED          NORMAL  DEPART  LAST YEAR`S
                 VALUE   DATE(S)  VALUE   FROM    VALUE  DATE(S)
                                          NORMAL
................................................................
TEMPERATURE (F)
RECORD
 HIGH             115   06/26/2012
 LOW               33   06/11/1998
                        06/06/1998
HIGHEST           104   06/29        99       5      106  06/28
LOWEST             41   06/10        45      -4       45  06/03
AVG. MAXIMUM     84.1              84.0     0.1     88.9
AVG. MINIMUM     56.1              55.9     0.2     61.3
MEAN             70.1              69.9     0.2     75.1
DAYS MAX >= 90      8               7.9     0.1       13
DAYS MAX <= 32      0               0.0     0.0        0
DAYS MIN <= 32      0               0.0     0.0        0
DAYS MIN <= 0       0               0.0     0.0        0

PRECIPITATION (INCHES)
RECORD
 MAXIMUM         8.05   2014
 MINIMUM         0.27   2017
TOTALS           2.89              3.38   -0.49     4.91
DAILY AVG.       0.10              0.11   -0.01     0.16
DAYS >= .01        11               9.1     1.9        8
DAYS >= .10         8               5.9     2.1        6
DAYS >= .50         2               2.2    -0.2        2
DAYS >= 1.00        0               0.9    -0.9        2
GREATEST
 24 HR. TOTAL    0.54   06/18 TO 06/18              2.58


.................................................................



-  INDICATES NEGATIVE NUMBERS.
R  INDICATES RECORD WAS SET OR TIED.
MM INDICATES DATA IS MISSING.
T  INDICATES TRACE AMOUNT.

$$
