000
CXUS53 KGLD 021052
CLMMCK

CLIMATE REPORT
NATIONAL WEATHER SERVICE GOODLAND
448 AM MDT THU MAY 2 2019

...................................

...THE MCCOOK CLIMATE SUMMARY FOR THE MONTH OF APRIL 2019...

CLIMATE NORMAL PERIOD 1981 TO 2010
CLIMATE RECORD PERIOD 1896 TO 2019

WEATHER         OBSERVED          NORMAL  DEPART  LAST YEAR`S
                 VALUE   DATE(S)  VALUE   FROM    VALUE  DATE(S)
                                          NORMAL
................................................................
TEMPERATURE (F)
RECORD
 HIGH              98   04/23/1939
                        04/28/1910
 LOW                0   04/02/1936
HIGHEST            91   04/20        87       4       86  04/29
LOWEST             23   04/12        21       2        3  04/07
AVG. MAXIMUM     67.8              64.5     3.3     60.7
AVG. MINIMUM     36.6              34.4     2.2     29.7
MEAN             52.2              49.5     2.7     45.2
DAYS MAX >= 90      1               0.5     0.5        0
DAYS MAX <= 32      1               0.3     0.7        0
DAYS MIN <= 32      8              11.6    -3.6       15
DAYS MIN <= 0       0               0.0     0.0        0

PRECIPITATION (INCHES)
RECORD
 MAXIMUM         7.84   2007
 MINIMUM         0.13   1989
TOTALS           0.24              2.31   -2.07     1.17
DAILY AVG.       0.01              0.08   -0.07     0.04
DAYS >= .01         5               7.4    -2.4        8
DAYS >= .10         1               4.6    -3.6        3
DAYS >= .50         0               1.4    -1.4        1
DAYS >= 1.00        0               0.6    -0.6        0
GREATEST
 24 HR. TOTAL    0.14   04/28 TO 04/28              0.58


.................................................................



-  INDICATES NEGATIVE NUMBERS.
R  INDICATES RECORD WAS SET OR TIED.
MM INDICATES DATA IS MISSING.
T  INDICATES TRACE AMOUNT.

$$
