639
CXUS52 KFFC 011435
CLMMCN


CLIMATE REPORT
NATIONAL WEATHER SERVICE PEACHTREE CITY GA
1035 AM EDT THU AUG 1 2019

...................................

...THE MACON CLIMATE SUMMARY FOR THE MONTH OF JULY 2019...

CLIMATE NORMAL PERIOD 1981 TO 2010
CLIMATE RECORD PERIOD 1899 TO 2019

WEATHER         OBSERVED          NORMAL  DEPART  LAST YEAR`S
                 VALUE   DATE(S)  VALUE   FROM    VALUE  DATE(S)
                                          NORMAL
................................................................
TEMPERATURE (F)
RECORD
 HIGH             108   07/13/1980
 LOW               54   07/15/1967
HIGHEST           100   07/18        MM      MM       96  07/13
                        07/16                             07/12
                                                          07/11
LOWEST             60   07/25        MM      MM       67  07/23
                                                          07/22
                                                          07/10
AVG. MAXIMUM     95.0              92.6     2.4     91.4
AVG. MINIMUM     70.7              71.0    -0.3     71.2
MEAN             82.9              81.8     1.1     81.3
DAYS MAX >= 90     29              23.0     6.0       23
DAYS MAX <= 32      0               0.0     0.0        0
DAYS MIN <= 32      0               0.0     0.0        0
DAYS MIN <= 0       0               0.0     0.0        0

PRECIPITATION (INCHES)
RECORD
 MAXIMUM        18.16   1994
 MINIMUM         0.60   2004
TOTALS           3.40              4.95   -1.55
DAILY AVG.       0.11              0.16   -0.05     0.21
DAYS >= .01         9              11.4    -2.4       18
DAYS >= .10         6               7.6    -1.6       11
DAYS >= .50         2               2.8    -0.8        6
DAYS >= 1.00        2               1.3     0.7        1
GREATEST
 24 HR. TOTAL    1.21   07/19 TO 07/19           07/13 TO 07/13
                                                          07/31 TO 07/31EATHER         OBSERVED          NORMAL  DEPART  LAST YEAR`S
                                                          07/31 TO 07/31EATHER         OBSERVED          NORMAL  DEPART  LAST YEAR`S

DEGREE_DAYS
HEATING TOTAL       0                 0       0        0
 SINCE 7/1          0                 0       0        0
COOLING TOTAL     559               521      38      512
 SINCE 1/1       1500              1253     247     1392
.................................................................

WIND (MPH)
AVERAGE WIND SPEED              4.8
HIGHEST WIND SPEED/DIRECTION    32/330    DATE  07/04
HIGHEST GUST SPEED/DIRECTION    42/330    DATE  07/04

SKY COVER
POSSIBLE SUNSHINE (PERCENT)   MM
AVERAGE SKY COVER           0.20
NUMBER OF DAYS FAIR           24
NUMBER OF DAYS PC              7
NUMBER OF DAYS CLOUDY          0

AVERAGE RH (PERCENT)     67

WEATHER CONDITIONS. NUMBER OF DAYS WITH
  0
  5
  0
  0
  0
  0
  0
HAZE                      3

-  INDICATES NEGATIVE NUMBERS.
R  INDICATES RECORD WAS SET OR TIED.
MM INDICATES DATA IS MISSING.
T  INDICATES TRACE AMOUNT.

$$
