000
CXUS52 KMLB 011600
CLMMCO


CLIMATE REPORT
NATIONAL WEATHER SERVICE MELBOURNE FL
1035 AM EDT SUN APR 1 2018

...................................

...THE ORLANDO  AREA CLIMATE SUMMARY FOR THE MONTH OF MARCH 2018...

CLIMATE NORMAL PERIOD 1981 TO 2010
CLIMATE RECORD PERIOD 1892 TO 2018

WEATHER         OBSERVED          NORMAL  DEPART  LAST YEAR`S
                 VALUE   DATE(S)  VALUE   FROM    VALUE  DATE(S)
                                          NORMAL
................................................................
TEMPERATURE (F)
MONTHLY RECORD
 HOTTEST         73.7   1907
 COLDEST         59.1   1915
DAILY RECORD
 HIGH              97   03/30/1907
 LOW               25   03/03/1980
MARCH 2018
HIGHEST            87   03/01                         91
LOWEST             37   03/16                         38
AVG. MAXIMUM     77.3              78.0    -0.7     81.0
AVG. MINIMUM     52.9              55.8    -2.9     56.7
MEAN             65.1              66.9    -1.8     68.8
DAYS MAX >= 90      0               0.2    -0.2        2
DAYS MAX <= 32      0               0.0     0.0        0
DAYS MIN <= 32      0               0.0     0.0        0
DAYS MIN <= 0       0               0.0     0.0        0

PRECIPITATION (INCHES)
MONTHLY RECORD
 MAXIMUM        12.24   1930
 MINIMUM         0.02   2006
DAILY RECORD
 MAXIMUM         5.02   03/15/1960
MARCH 2018
TOTALS           0.83              3.77   -2.94     0.10
DAYS >= .01         7               7.4    -0.4        3
DAYS >= .10         2               4.8    -2.8        0
DAYS >= .50         0               2.4    -2.4        0
DAYS >= 1.00        0               1.3    -1.3        0
GREATEST
 24 HR. TOTAL    0.37   03/20 TO 03/20

SNOWFALL (INCHES)
TOTALS            0.0               0.0     0.0      0.0
SINCE 7/1         0.0               0.0     0.0      0.0
DAYS >= TRACE       0                                  0

DEGREE_DAYS
HEATING TOTAL      83                59      24       37
 SINCE 7/1        467               558     -91      206
COOLING TOTAL      93               118     -25      163
 SINCE 1/1        340               222     118      364
.................................................................

WIND (MPH)
AVERAGE WIND SPEED              9.2
HIGHEST WIND SPEED/DIRECTION    29/210    DATE  03/20
HIGHEST GUST SPEED/DIRECTION    39/270    DATE  03/12

SKY COVER
POSSIBLE SUNSHINE (PERCENT)   MM
AVERAGE SKY COVER           0.40
NUMBER OF DAYS FAIR           19
NUMBER OF DAYS PC              9
NUMBER OF DAYS CLOUDY          3

AVERAGE RH (PERCENT)     59

WEATHER CONDITIONS. NUMBER OF DAYS WITH
THUNDERSTORM              2     MIXED PRECIP                   0
HEAVY RAIN                2     RAIN                           2
LIGHT RAIN                2     LT FREEZING RAIN               0
HAIL                      0     LIGHT SNOW                     0
SLEET                     0     FOG                            7
FOG W/VIS <= 1/4 MILE     0     HAZE                           2

-  INDICATES NEGATIVE NUMBERS.
R  INDICATES RECORD WAS SET OR TIED.
MM INDICATES DATA IS MISSING.
T  INDICATES TRACE AMOUNT.

$$
