000
CXUS52 KMLB 011227
CLMMCO


CLIMATE REPORT
NATIONAL WEATHER SERVICE MELBOURNE FL
731 AM EDT WED MAY 1 2019

...................................

...THE ORLANDO INTL CLIMATE SUMMARY FOR THE MONTH OF APRIL 2019...

CLIMATE NORMAL PERIOD 1981 TO 2010
CLIMATE RECORD PERIOD 1892 TO 2019

WEATHER         OBSERVED          NORMAL  DEPART  LAST YEAR`S
                 VALUE   DATE(S)  VALUE   FROM    VALUE
                                          NORMAL
.............................................................
TEMPERATURE (F)
MONTHLY RECORD
 HOTTEST        78.7    1908
 COLDEST        66.8    1987
DAILY RECORD
 HIGH              98   04/26/1908
 LOW               37   04/02/1919
APRIL 2019
HIGHEST            92   04/13                         90
LOWEST             53   04/21                         50
AVG. MAXIMUM     85.0              82.5     2.5     84.5
AVG. MINIMUM     62.6              60.0     2.6     61.6
MEAN             73.8              71.2     2.6     73.1
DAYS MAX >= 90      4               2.0     2.0        2
DAYS MAX <= 32      0               0.0     0.0        0
DAYS MIN <= 32      0               0.0     0.0        0
DAYS MIN <= 0       0               0.0     0.0        0

PRECIPITATION (INCHES)
MONTHLY RECORD
 MAXIMUM         9.10   1992
 MINIMUM         0.00   1896
DAILY RECORD
 MAXIMUM         5.13"  04/11/1992
APRIL 2019
TOTALS           1.47              2.68   -1.21     2.14
DAYS >= .01         8               6.2     1.8        8
DAYS >= .10         4               3.9     0.1        4
DAYS >= .50         2               1.8     0.2        1
DAYS >= 1.00        0               0.6    -0.6        1
GREATEST
 24 HR. TOTAL    0.57   04/05 TO 04/05

SNOWFALL (INCHES)
TOTALS            0.0               0.0     0.0      0.0
SINCE 7/1         0.0               0.0     0.0      0.0
DAYS >= TRACE       0                                  0

DEGREE_DAYS
HEATING TOTAL       0                12     -12        0
 SINCE 7/1        390               570    -180      467
COOLING TOTAL     273               199      74      248
 SINCE 1/1        621               421     200      588
..............................................................

WIND (MPH)
AVERAGE WIND SPEED              8.6
HIGHEST WIND SPEED/DIRECTION    43/230    DATE  04/19
HIGHEST GUST SPEED/DIRECTION    54/230    DATE  04/19

SKY COVER
POSSIBLE SUNSHINE (PERCENT)   MM
AVERAGE SKY COVER           0.50
NUMBER OF DAYS FAIR            9
NUMBER OF DAYS PC             18
NUMBER OF DAYS CLOUDY          3

AVERAGE RH (PERCENT)     65

WEATHER CONDITIONS. NUMBER OF DAYS WITH

THUNDERSTORM              4     MIXED PRECIP                0
HEAVY RAIN                2     RAIN                        3
LIGHT RAIN               13     FREEZING RAIN               0
LT FREEZING RAIN          0     HAIL                        0
HEAVY SNOW                0     SNOW                        0
LIGHT SNOW                0     SLEET                       0
FOG                      13     FOG W/VIS <= 1/4 MILE       1
HAZE                      2

-  INDICATES NEGATIVE NUMBERS.
R  INDICATES RECORD WAS SET OR TIED.
MM INDICATES DATA IS MISSING.
T  INDICATES TRACE AMOUNT.

$$
