000
CXUS52 KMLB 011517
CLMMCO
CLIMATE REPORT
NATIONAL WEATHER SERVICE MELBOURNE FL
1117 AM EDT MON APR 01 2024
...................................
...THE ORLANDO INTL CLIMATE SUMMARY FOR THE MONTH OF MARCH 2024...
CLIMATE NORMAL PERIOD 1991 TO 2020
CLIMATE RECORD PERIOD 1892 TO 2024
WEATHER OBSERVED NORMAL DEPART LAST YEAR`S
VALUE DATE(S) VALUE FROM VALUE
NORMAL
..............................................................
TEMPERATURE (F)
MONTHLY RECORD
WARMEST 74.0 2020
COOLEST 59.1 1915
DAILY RECORD
HIGH 97 03/30/1907
LOW 25 03/03/1980
MARCH 2024
HIGHEST 90 03/09 92
LOWEST 48 03/20 47
AVG. MAXIMUM 81.9 78.9 3.0 84.1
AVG. MINIMUM 61.5 55.8 5.7 59.7
MEAN 71.7 67.3 4.4 71.9
DAYS MAX >= 90 1 0.8 0.2 8
DAYS MAX <= 32 0 0.0 0.0 0
DAYS MIN <= 32 0 0.0 0.0 0
DAYS MIN <= 0 0 0.0 0.0 0
PRECIPITATION (INCHES)
MONTHLY RECORD
MAXIMUM 12.24 1930
MINIMUM 0.02 2006
DAILY RECORD
MAXIMUM 5.02 03/15/1960
MARCH 2024
TOTALS 1.39 3.03 -1.64 0.33
DAYS >= .01 6 6.8 -0.8 2
DAYS >= .10 2 4.0 -2.0 2
DAYS >= .50 1 1.7 -0.7 0
DAYS >= 1.00 0 1.1 -1.1 0
GREATEST
24 HR. TOTAL 0.94 03/22 TO 03/22
SNOWFALL (INCHES)
TOTALS 0.0 0.0 0.0 0.0
SINCE 7/1 0.0 0.0 0.0 MM
DAYS >= TRACE 0 0
DEGREE DAYS
HEATING TOTAL 9 54 -45 21
SINCE 7/1 331 517 -186 MM
COOLING TOTAL 225 127 98 242
SINCE 1/1 327 240 87 MM
..............................................................
WIND (MPH)
AVERAGE WIND SPEED 8.5
HIGHEST WIND SPEED/DIRECTION 28/340 DATE 03/19
28/030 03/24
HIGHEST GUST SPEED/DIRECTION 39/280 DATE 03/18
SKY COVER
POSSIBLE SUNSHINE (PERCENT) MM
AVERAGE SKY COVER 0.62
NUMBER OF DAYS FAIR 4
NUMBER OF DAYS PC 18
NUMBER OF DAYS CLOUDY 9
AVERAGE RH (PERCENT) 69
WEATHER CONDITIONS. NUMBER OF DAYS WITH
THUNDERSTORM 3 MIXED PRECIP 0
HEAVY RAIN 2 RAIN 1
LIGHT RAIN 12 LT FREEZING RAIN 0
HAIL 0 LIGHT SNOW 0
SLEET 0 FOG 14
FOG W/VIS <= 1/4 MILE 1 HAZE 0
- INDICATES NEGATIVE NUMBERS.
R INDICATES RECORD WAS SET OR TIED.
MM INDICATES DATA IS MISSING.
T INDICATES TRACE AMOUNT.
$$