000
CXUS52 KMLB 011619
CLMMCO


CLIMATE REPORT
NATIONAL WEATHER SERVICE MELBOURNE FL
1047 AM EDT THU AUG 1 2019

...................................

...THE ORLANDO INTL CLIMATE SUMMARY FOR THE MONTH OF JULY 2019...

CLIMATE NORMAL PERIOD 1981 TO 2010
CLIMATE RECORD PERIOD 1892 TO 2019

WEATHER         OBSERVED          NORMAL  DEPART  LAST YEAR`S
                 VALUE   DATE(S)  VALUE   FROM    VALUE
                                          NORMAL
.............................................................
TEMPERATURE (F)
MONTHLY RECORD
 HOTTEST         85.2   2016
 COOLEST         79.6   1938
DAILY RECORD
 HIGH             101   07/02/1998
                        07/28/1936
 LOW               64   07/01/1981
                        07/03/1937
JULY 2019
HIGHEST            97   07/02                         95
LOWEST             71   07/13                         70
AVG. MAXIMUM     92.6              91.8     0.8     91.0
AVG. MINIMUM     74.5              73.6     0.9     73.6
MEAN             83.5              82.7     0.8     82.3
DAYS MAX >= 90     28              23.1     4.9       24
DAYS MAX <= 32      0               0.0     0.0        0
DAYS MIN <= 32      0               0.0     0.0        0
DAYS MIN <= 0       0               0.0     0.0        0

PRECIPITATION (INCHES)
MONTHLY RECORD
 MAXIMUM        19.57   1960
 MINIMUM         1.63   1892
DAILY RECORD
 MAXIMUM         8.19   07/25/1960
JULY 2019
TOTALS           6.00              7.27   -1.27     9.24
DAYS >= .01        19              16.3     2.7       21
DAYS >= .10        11              11.1    -0.1       15
DAYS >= .50         4               5.0    -1.0        7
DAYS >= 1.00        2               2.1    -0.1        3
GREATEST
 24 HR. TOTAL    1.30   07/06 TO 07/06

SNOWFALL (INCHES)
TOTALS            0.0               0.0     0.0      0.0
SINCE 7/1         0.0               0.0     0.0      0.0
DAYS >= TRACE       0                                  0

DEGREE_DAYS
HEATING TOTAL       0                 0       0        0
 SINCE 7/1          0                 0       0        0
COOLING TOTAL     581               549      32      545
 SINCE 1/1       2222              1840     382     2024
..............................................................

WIND (MPH)
AVERAGE WIND SPEED              5.7
HIGHEST WIND SPEED/DIRECTION    32/080    DATE  07/31
HIGHEST GUST SPEED/DIRECTION    43/170    DATE  07/11

SKY COVER
POSSIBLE SUNSHINE (PERCENT)   MM
AVERAGE SKY COVER           0.60
NUMBER OF DAYS FAIR            0
NUMBER OF DAYS PC             26
NUMBER OF DAYS CLOUDY          5

AVERAGE RH (PERCENT)     74

WEATHER CONDITIONS. NUMBER OF DAYS WITH
THUNDERSTORM             26     MIXED PRECIP                0
HEAVY RAIN                7     RAIN                        5
LIGHT RAIN               24     LT FREEZING RAIN            0
HAIL                      0     LIGHT SNOW                  0
SLEET                     0     FOG                        16
FOG W/VIS <= 1/4 MILE     1     HAZE                       10

-  INDICATES NEGATIVE NUMBERS.
R  INDICATES RECORD WAS SET OR TIED.
MM INDICATES DATA IS MISSING.
T  INDICATES TRACE AMOUNT.

$$
