000
CXUS51 KCTP 020459
CLMMDT

CLIMATE REPORT
NATIONAL WEATHER SERVICE STATE COLLEGE PA
1259 AM EDT THU MAY 2 2019

...................................

...THE HARRISBURG PA CLIMATE SUMMARY FOR THE MONTH OF APRIL 2019...
...TIED 1960 FOR 7TH WARMEST APRIL ON RECORD...

CLIMATE NORMAL PERIOD 1981 TO 2010
CLIMATE RECORD PERIOD 1888 TO 2019

WEATHER         OBSERVED          NORMAL  DEPART  LAST YEAR`S
                 VALUE   DATE(S)  VALUE   FROM    VALUE  DATE(S)
                                          NORMAL
................................................................
TEMPERATURE (F)
RECORD
 HIGH              93   04/22/1985
                        04/25/1915
 LOW               11   04/01/1923
HIGHEST            80   04/23                         85  04/14
LOWEST             30   04/02                         25  04/08
                        04/01
AVG. MAXIMUM     66.7              62.4     4.3     58.9
AVG. MINIMUM     46.7              41.9     4.8     39.0
MEAN             56.7              52.2     4.5     48.9
DAYS MAX >= 90      0               0.1    -0.1        0
DAYS MAX <= 32      0               0.0     0.0        0
DAYS MIN <= 32      3               2.4     0.6        6
DAYS MIN <= 0       0               0.0     0.0        0

PRECIPITATION (INCHES)
RECORD
 MAXIMUM         9.46   2011
 MINIMUM         0.45   1985
TOTALS           3.24              3.10    0.14     3.98
DAILY AVG.       0.11              0.10    0.01     0.13
DAYS >= .01        12              10.8     1.2       13
DAYS >= .10         9               6.5     2.5        8
DAYS >= .50         2               2.3    -0.3        2
DAYS >= 1.00        0               0.9    -0.9        1
GREATEST
 24 HR. TOTAL    0.71   04/14 TO 04/14

SNOWFALL (INCHES)
RECORDS
 TOTAL           18.0   1894
TOTALS            0.0               0.4    -0.4      3.9
SINCE 7/1        40.9              30.6    10.3     38.0
SNOWDEPTH AVG.      0                MM      MM        0
DAYS >= 1.0         0               0.1    -0.1        1
GREATEST
 SNOW DEPTH         0   MM                             2  04/02

DEGREE_DAYS
HEATING TOTAL     248               392    -144      485
 SINCE 7/1       4775              5103    -328     5003
COOLING TOTAL       8                 6       2       12
 SINCE 1/1          8                 7       1       12
.................................................................

WIND (MPH)
AVERAGE WIND SPEED              8.2
HIGHEST WIND SPEED/DIRECTION    38/300    DATE  04/15
HIGHEST GUST SPEED/DIRECTION    48/310    DATE  04/15

SKY COVER
POSSIBLE SUNSHINE (PERCENT)   MM
AVERAGE SKY COVER           0.70
NUMBER OF DAYS FAIR            2
NUMBER OF DAYS PC             13
NUMBER OF DAYS CLOUDY         15

AVERAGE RH (PERCENT)     62

WEATHER CONDITIONS. NUMBER OF DAYS WITH
THUNDERSTORM              4     MIXED PRECIP                0
HEAVY RAIN                2     RAIN                        6
LIGHT RAIN               16     FREEZING RAIN               0
LT FREEZING RAIN          0     HAIL                        0
HEAVY SNOW                0     SNOW                        0
LIGHT SNOW                0     SLEET                       0
FOG                      15     FOG W/VIS <= 1/4 MILE       0
HAZE                      7

-  INDICATES NEGATIVE NUMBERS.
R  INDICATES RECORD WAS SET OR TIED.
MM INDICATES DATA IS MISSING.
T  INDICATES TRACE AMOUNT.

$$
MS
