000
CXUS54 KMEG 041517
CLMMEG


CLIMATE REPORT
NATIONAL WEATHER SERVICE MEMPHIS TN
1015 AM CDT SAT MAY 4 2019

...................................

...THE MEMPHIS/GERMANTOWN WFO CLIMATE SUMMARY FOR THE MONTH OF APRIL 2019...

CLIMATE NORMAL PERIOD 1981 TO 2010
CLIMATE RECORD PERIOD 1988 TO 2019

WEATHER         OBSERVED          NORMAL  DEPART  LAST YEAR`S
                 VALUE   DATE(S)  VALUE   FROM    VALUE  DATE(S)
                                          NORMAL
................................................................
TEMPERATURE (F)
RECORD
 HIGH              94   04/18/2006
 LOW               26   04/08/2007
                        04/12/1989
                        04/07/2007
HIGHEST            87   04/10        MM      MM       82  04/30
                                                          04/12
LOWEST             32   04/01        MM      MM       28  04/08
AVG. MAXIMUM     73.8              72.1     1.7     66.9
AVG. MINIMUM     51.2              48.8     2.4     43.7
MEAN             62.5              60.5     2.0     55.3
DAYS MAX >= 90      0               0.1    -0.1        0
DAYS MAX <= 32      0               0.0     0.0        0
DAYS MIN <= 32      1               1.0     0.0        2
DAYS MIN <= 0       0               0.0     0.0        0

PRECIPITATION (INCHES)
RECORD
 MAXIMUM           MM   MM
 MINIMUM           MM   MM
TOTALS           8.87              5.32    3.55     8.85
DAILY AVG.       0.30              0.18    0.12     0.30
DAYS >= .01        11               9.6     1.4        9
DAYS >= .10        10               6.6     3.4        6
DAYS >= .50         5               3.9     1.1        5
DAYS >= 1.00        3               1.9     1.1        3
GREATEST
 24 HR. TOTAL    3.34   04/13 TO 04/13

SNOWFALL (INCHES)
RECORDS
 TOTAL             MM   5
TOTALS            0.0               0.0     0.0      0.0
SINCE 7/1         0.5               2.4    -1.9      3.8
SNOWDEPTH AVG.      0                MM      MM        0
DAYS >= 1.0         0               0.0     0.0        0
GREATEST
 SNOW DEPTH         0   MM                             0  MM
 24 HR TOTAL      0.0   04/30 TO 04/30

DEGREE_DAYS
HEATING TOTAL     122               191     -69      297
 SINCE 7/1       3216              3373    -157     3213
COOLING TOTAL      54                54       0       14
 SINCE 1/1         56                66     -10       29
.................................................................



-  INDICATES NEGATIVE NUMBERS.
R  INDICATES RECORD WAS SET OR TIED.
MM INDICATES DATA IS MISSING.
T  INDICATES TRACE AMOUNT.

$$
