000
CXUS54 KMEG 030046
CLMMEG


CLIMATE REPORT
NATIONAL WEATHER SERVICE MEMPHIS TN
744 PM CDT TUE JUL 2 2019

...................................

...THE MEMPHIS/GERMANTOWN WFO CLIMATE SUMMARY FOR THE MONTH OF JUNE 2019...

CLIMATE NORMAL PERIOD 1981 TO 2010
CLIMATE RECORD PERIOD 1988 TO 2019

WEATHER         OBSERVED          NORMAL  DEPART  LAST YEAR`S
                 VALUE   DATE(S)  VALUE   FROM    VALUE  DATE(S)
                                          NORMAL
................................................................
TEMPERATURE (F)
RECORD
 HIGH             102   06/29/2012
 LOW               48   06/07/2000
HIGHEST            94   06/21        MM      MM       97  06/28
LOWEST             53   06/14        MM      MM       59  06/04
AVG. MAXIMUM     87.0              87.9    -0.9     91.6
AVG. MINIMUM     67.8              67.4     0.4     69.1
MEAN             77.4              77.7    -0.3     80.3
DAYS MAX >= 90     11              12.9    -1.9       21
DAYS MAX <= 32      0               0.0     0.0        0
DAYS MIN <= 32      0               0.0     0.0        0
DAYS MIN <= 0       0               0.0     0.0        0

PRECIPITATION (INCHES)
RECORD
 MAXIMUM           MM   MM
 MINIMUM           MM   MM
TOTALS           8.76              3.68    5.08     3.09
DAILY AVG.       0.29              0.12    0.17     0.10
DAYS >= .01        14               9.0     5.0       10
DAYS >= .10         9               5.9     3.1        9
DAYS >= .50         4               2.5     1.5        2
DAYS >= 1.00        3               1.2     1.8        0
GREATEST
 24 HR. TOTAL    3.10   06/07 TO 06/07

SNOWFALL (INCHES)
RECORDS
 TOTAL             MM   5
TOTALS            0.0               0.0     0.0      0.0
SINCE 7/1         0.5               2.4    -1.9      3.8
SNOWDEPTH AVG.      0                MM      MM        0
DAYS >= 1.0         0               0.0     0.0        0
GREATEST
 SNOW DEPTH         0   MM                             0  MM
 24 HR TOTAL      0.0   06/30 TO 06/30

DEGREE_DAYS
HEATING TOTAL       0                 2      -2        0
 SINCE 7/1       3230              3414    -184     3213
COOLING TOTAL     380               381      -1      466
 SINCE 1/1        722               632      90      859
.................................................................



-  INDICATES NEGATIVE NUMBERS.
R  INDICATES RECORD WAS SET OR TIED.
MM INDICATES DATA IS MISSING.
T  INDICATES TRACE AMOUNT.

$$
