000
CXUS54 KJAN 011231
CLMMEI


CLIMATE REPORT
NATIONAL WEATHER SERVICE JACKSON MS
723 AM CDT WED MAY 1 2019

...................................

...THE MERIDIAN CLIMATE SUMMARY FOR THE MONTH OF APRIL 2019...

CLIMATE NORMAL PERIOD 1981 TO 2010
CLIMATE RECORD PERIOD 1889 TO 2019

WEATHER         OBSERVED          NORMAL  DEPART  LAST YEAR`S
                 VALUE   DATE(S)  VALUE   FROM    VALUE  DATE(S)
                                          NORMAL
................................................................
TEMPERATURE (F)
RECORD
 HIGH              95   04/21/1987
 LOW               28   04/04/1987
                        04/06/1891
HIGHEST            88   04/10        87       1       87  04/03
LOWEST             37   04/01        34       3       36  04/16
                                                          04/08
AVG. MAXIMUM     78.0              76.2     1.8     75.0
AVG. MINIMUM     52.6              49.1     3.5     48.3
MEAN             65.3              62.7     2.6     61.6
DAYS MAX >= 90      0               0.2    -0.2        0
DAYS MAX <= 32      0               0.0     0.0        0
DAYS MIN <= 32      0               0.8    -0.8        0
DAYS MIN <= 0       0               0.0     0.0        0

PRECIPITATION (INCHES)
RECORD
 MAXIMUM        16.82   1964
 MINIMUM         0.79   1915
TOTALS          10.21              4.78    5.43     6.52
DAILY AVG.       0.34              0.16    0.18     0.22
DAYS >= .01        10               8.6     1.4        7
DAYS >= .10         8               6.0     2.0        5
DAYS >= .50         7               3.1     3.9        3
DAYS >= 1.00        5               1.9     3.1        3
GREATEST
 24 HR. TOTAL    3.03   04/18 TO 04/18              3.02

SNOWFALL (INCHES)
RECORDS
 TOTAL            2.7   1987
TOTALS            0.0               0.1    -0.1      0.0
SINCE 7/1         0.1               0.6    -0.5      5.3
DAYS >= TRACE       0
DAYS >= 1.0         0               0.0     0.0        0
GREATEST
 24 HR TOTAL      0.0   04/30 TO 04/30

DEGREE_DAYS
HEATING TOTAL      75               130     -55      120
 SINCE 7/1       1922              2534    -612     2104
COOLING TOTAL      88                59      29       27
 SINCE 1/1        151                83      68      145
.................................................................

WIND (MPH)
AVERAGE WIND SPEED              6.1
HIGHEST WIND SPEED/DIRECTION    31/230    DATE  04/13
HIGHEST GUST SPEED/DIRECTION    44/220    DATE  04/13

SKY COVER
POSSIBLE SUNSHINE (PERCENT)   MM
AVERAGE SKY COVER           0.30
NUMBER OF DAYS FAIR           18
NUMBER OF DAYS PC              8
NUMBER OF DAYS CLOUDY          3

AVERAGE RH (PERCENT)     68

NUMBER OF DAYS WITH WEATHER CONDITIONS
THUNDERSTORM              7     MIXED PRECIP               0
HEAVY RAIN                8     RAIN                       9
LIGHT RAIN               10     FREEZING RAIN              0
LT FREEZING RAIN          0     HAIL                       0
HEAVY SNOW                0     SNOW                       0
LIGHT SNOW                0     SLEET                      0
FOG                      15     FOG W/VIS <= 1/4 MILE      3
HAZE                      3

-  INDICATES NEGATIVE NUMBERS.
R  INDICATES RECORD WAS SET OR TIED.
MM INDICATES DATA IS MISSING.
T  INDICATES TRACE AMOUNT.

$$
