000
CXUS54 KJAN 012006
CLMMEI


CLIMATE REPORT
NATIONAL WEATHER SERVICE JACKSON MS
257 PM CDT MON JUL 1 2019

...................................

...THE MERIDIAN CLIMATE SUMMARY FOR THE MONTH OF JUNE 2019...

CLIMATE NORMAL PERIOD 1981 TO 2010
CLIMATE RECORD PERIOD 1889 TO 2019

WEATHER         OBSERVED          NORMAL  DEPART  LAST YEAR`S
                 VALUE   DATE(S)  VALUE   FROM    VALUE  DATE(S)
                                          NORMAL
................................................................
TEMPERATURE (F)
RECORD
 HIGH             104   06/29/1988
                        06/27/1988
 LOW               42   06/01/1984
HIGHEST            97   06/04        96       1       98  06/30
                        06/03                             06/28
LOWEST             57   06/14        55       2       63  06/07
                                                          06/06
AVG. MAXIMUM     91.1              89.2     1.9     92.8
AVG. MINIMUM     69.6              66.1     3.5     71.3
MEAN             80.3              77.6     2.7     82.1
DAYS MAX >= 90     20              13.8     6.2       24
DAYS MAX <= 32      0               0.0     0.0        0
DAYS MIN <= 32      0               0.0     0.0        0
DAYS MIN <= 0       0               0.0     0.0        0

PRECIPITATION (INCHES)
RECORD
 MAXIMUM        20.06   1900
 MINIMUM         0.21   1917
TOTALS           3.43              4.40   -0.97     4.70
DAILY AVG.       0.11              0.15   -0.04     0.16
DAYS >= .01        11              10.2     0.8       10
DAYS >= .10         6               7.1    -1.1        8
DAYS >= .50         2               3.0    -1.0        3
DAYS >= 1.00        1               1.3    -0.3        3
GREATEST
 24 HR. TOTAL    1.21   06/06 TO 06/06              1.33

SNOWFALL (INCHES)
RECORDS
 TOTAL            0.0   MM
TOTALS            0.0               0.0     0.0      0.0
SINCE 7/1         0.1               0.6    -0.5      5.3
DAYS >= TRACE       0
DAYS >= 1.0         0               0.0     0.0        0
GREATEST
 24 HR TOTAL      0.0   06/30 TO 06/30

DEGREE_DAYS
HEATING TOTAL       0                 0       0        0
 SINCE 7/1       1922              2553    -631     2104
COOLING TOTAL     469               380      89      520
 SINCE 1/1        965               663     302     1036
.................................................................

WIND (MPH)
AVERAGE WIND SPEED              5.1
HIGHEST WIND SPEED/DIRECTION    43/010    DATE  06/27
HIGHEST GUST SPEED/DIRECTION    52/360    DATE  06/27

SKY COVER
POSSIBLE SUNSHINE (PERCENT)   MM
AVERAGE SKY COVER           0.20
NUMBER OF DAYS FAIR           21
NUMBER OF DAYS PC              7
NUMBER OF DAYS CLOUDY          2

AVERAGE RH (PERCENT)     70

WEATHER CONDITIONS. NUMBER OF DAYS WITH
THUNDERSTORM             10     MIXED PRECIP               0
HEAVY RAIN                6     RAIN                       7
LIGHT RAIN               14     FREEZING RAIN              0
LT FREEZING RAIN          0     HAIL                       0
HEAVY SNOW                0     SNOW                       0
LIGHT SNOW                0     SLEET                      0
FOG                      15     FOG W/VIS <= 1/4 MILE      0
HAZE                      2

-  INDICATES NEGATIVE NUMBERS.
R  INDICATES RECORD WAS SET OR TIED.
MM INDICATES DATA IS MISSING.
T  INDICATES TRACE AMOUNT.

$$
