000
CXUS54 KMEG 031848
CLMMEM


CLIMATE REPORT
NATIONAL WEATHER SERVICE MEMPHIS TN
146 PM CDT SAT AUG 3 2019

...................................

...THE MEMPHIS CLIMATE SUMMARY FOR THE MONTH OF JULY 2019...

CLIMATE NORMAL PERIOD 1981 TO 2010
CLIMATE RECORD PERIOD 1872 TO 2019

WEATHER         OBSERVED          NORMAL  DEPART  LAST YEAR`S
                 VALUE   DATE(S)  VALUE   FROM    VALUE  DATE(S)
                                          NORMAL
................................................................
TEMPERATURE (F)
RECORD
 HIGH             108   07/13/1980
 LOW               52   07/23/1947
HIGHEST            95   07/08        92       3       97  07/13
                                                          07/11
                                                          07/05
LOWEST             62   07/25        73     -11       68  07/31
AVG. MAXIMUM     89.7              91.6    -1.9     92.0
AVG. MINIMUM     73.4              73.8    -0.4     74.1
MEAN             81.5              82.7    -1.2     83.0
DAYS MAX >= 90     22              20.9     1.1       24
DAYS MAX <= 32      0               0.0     0.0        0
DAYS MIN <= 32      0               0.0     0.0        0
DAYS MIN <= 0       0               0.0     0.0        0

PRECIPITATION (INCHES)
RECORD
 MAXIMUM         9.96   1998
 MINIMUM         0.01   1943
TOTALS           7.53              4.59    2.94     5.00
DAILY AVG.       0.24              0.15    0.09     0.16
DAYS >= .01        10               8.8     1.2        8
DAYS >= .10        10               6.2     3.8        5
DAYS >= .50         5               3.0     2.0        5
DAYS >= 1.00        3               1.6     1.4        2
GREATEST
 24 HR. TOTAL    2.28   07/16 TO 07/16

SNOWFALL (INCHES)
RECORDS
 TOTAL            0.0   2002
                        2001
                        2000
TOTALS            0.0               0.0     0.0      0.0
SINCE 7/1         0.0               0.0     0.0      0.0
SNOWDEPTH AVG.      0                MM      MM        0
DAYS >= 1.0         0               0.0     0.0        0
GREATEST
 SNOW DEPTH         0   MM                             0  MM
 24 HR TOTAL      0.0   07/31 TO 07/31

DEGREE_DAYS
HEATING TOTAL       0                 0       0        0
 SINCE 7/1          0                 0       0        0
COOLING TOTAL     523               549     -26      567
 SINCE 1/1       1256              1308     -52     1500
.................................................................

WIND (MPH)
AVERAGE WIND SPEED              7.1
HIGHEST WIND SPEED/DIRECTION    35/280    DATE  07/29
HIGHEST GUST SPEED/DIRECTION    45/280    DATE  07/29

SKY COVER
POSSIBLE SUNSHINE (PERCENT)   MM
AVERAGE SKY COVER           0.50
NUMBER OF DAYS FAIR            8
NUMBER OF DAYS PC             19
NUMBER OF DAYS CLOUDY          4

AVERAGE RH (PERCENT)     76

WEATHER CONDITIONS. NUMBER OF DAYS WITH
  0
  7
  0
  0
  0
  0
  0
HAZE                      3

-  INDICATES NEGATIVE NUMBERS.
R  INDICATES RECORD WAS SET OR TIED.
MM INDICATES DATA IS MISSING.
T  INDICATES TRACE AMOUNT.

$$
