000
CXUS54 KMEG 041517
CLMMEM


CLIMATE REPORT
NATIONAL WEATHER SERVICE MEMPHIS TN
1015 AM CDT SAT MAY 4 2019

...................................

...THE MEMPHIS CLIMATE SUMMARY FOR THE MONTH OF APRIL 2019...

CLIMATE NORMAL PERIOD 1981 TO 2010
CLIMATE RECORD PERIOD 1872 TO 2019

WEATHER         OBSERVED          NORMAL  DEPART  LAST YEAR`S
                 VALUE   DATE(S)  VALUE   FROM    VALUE  DATE(S)
                                          NORMAL
................................................................
TEMPERATURE (F)
RECORD
 HIGH              94   04/21/1987
 LOW               27   04/02/1881
                        04/01/1881
HIGHEST            84   04/10        73      11       80  04/12
LOWEST             35   04/01        52     -17       30  04/08
AVG. MAXIMUM     72.5              73.0    -0.5     67.0
AVG. MINIMUM     52.9              52.9     0.0     45.7
MEAN             62.7              62.9    -0.2     56.3
DAYS MAX >= 90      0               0.2    -0.2        0
DAYS MAX <= 32      0               0.0     0.0        0
DAYS MIN <= 32      0               0.2    -0.2        1
DAYS MIN <= 0       0               0.0     0.0        0

PRECIPITATION (INCHES)
RECORD
 MAXIMUM        17.13   1991
 MINIMUM         0.89   1925
TOTALS           7.89              5.50    2.39     7.86
DAILY AVG.       0.26              0.18    0.08     0.26
DAYS >= .01        11               9.6     1.4        9
DAYS >= .10         8               7.0     1.0        6
DAYS >= .50         5               3.8     1.2        4
DAYS >= 1.00        3               2.0     1.0        3
GREATEST
 24 HR. TOTAL    2.43   04/13 TO 04/13

SNOWFALL (INCHES)
RECORDS
 TOTAL              T   2008
                        1971
                        1920
TOTALS            0.0               0.0     0.0      0.0
SINCE 7/1         0.8               3.8    -3.0      2.5
SNOWDEPTH AVG.      0                MM      MM        0
DAYS >= 1.0         0               0.0     0.0        0
GREATEST
 SNOW DEPTH         0   MM                             0  MM
 24 HR TOTAL      0.0   04/30 TO 04/30

DEGREE_DAYS
HEATING TOTAL     113               137     -24      266
 SINCE 7/1       2955              2945      10     3018
COOLING TOTAL      53                75     -22       12
 SINCE 1/1         56                95     -39       30
.................................................................

WIND (MPH)
AVERAGE WIND SPEED              8.6
HIGHEST WIND SPEED/DIRECTION    33/170    DATE  04/11
HIGHEST GUST SPEED/DIRECTION    44/180    DATE  04/11

SKY COVER
POSSIBLE SUNSHINE (PERCENT)   MM
AVERAGE SKY COVER           0.60
NUMBER OF DAYS FAIR            7
NUMBER OF DAYS PC             13
NUMBER OF DAYS CLOUDY         10

AVERAGE RH (PERCENT)     69

WEATHER CONDITIONS. NUMBER OF DAYS WITH
  0
 10
  0
  0
  0
  0
  1
HAZE                      2

-  INDICATES NEGATIVE NUMBERS.
R  INDICATES RECORD WAS SET OR TIED.
MM INDICATES DATA IS MISSING.
T  INDICATES TRACE AMOUNT.

$$
