000
CXUS51 KCLE 041650
CLMMFD


CLIMATE REPORT
NATIONAL WEATHER SERVICE CLEVELAND OH
1238 PM EDT SUN AUG 4 2019

...................................

...THE MANSFIELD OH CLIMATE SUMMARY FOR THE MONTH OF JULY 2019...

CLIMATE NORMAL PERIOD 1981 TO 2010
CLIMATE RECORD PERIOD 1916 TO 2019

WEATHER         OBSERVED          NORMAL  DEPART  LAST YEAR`S
                 VALUE   DATE(S)  VALUE   FROM    VALUE
                                          NORMAL
.............................................................
TEMPERATURE (F)
RECORD
 HIGH             100   07/07/1988
 LOW               43   07/01/1988
HIGHEST            93   07/20
LOWEST             57   07/25
AVG. MAXIMUM     85.7              81.7     4.0     83.4
AVG. MINIMUM     66.4              61.3     5.1     63.4
MEAN             76.0              71.5     4.5     73.4
DAYS MAX >= 90      6               1.8     4.2        4
DAYS MAX <= 32      0               0.0     0.0        0
DAYS MIN <= 32      0               0.0     0.0        0
DAYS MIN <= 0       0               0.0     0.0        0

PRECIPITATION (INCHES)
RECORD
 MAXIMUM        13.23   1992
 MINIMUM         0.65   1997
TOTALS           7.20              4.38    2.82     2.96
DAYS >= .01        12              10.5     1.5       13
DAYS >= .10         9               6.9     2.1        8
DAYS >= .50         5               3.2     1.8        2
DAYS >= 1.00        2               1.3     0.7        0
GREATEST
 24 HR. TOTAL    2.11   07/21 TO 07/21              0.85

SNOWFALL (INCHES)
RECORDS
 TOTAL             MM   5
TOTALS            0.0               0.0     0.0      0.0
SINCE 7/1         0.0               0.0     0.0      0.0
DAYS >= 1.0         0               0.0     0.0        0
GREATEST
 24 HR TOTAL      0.0   07/31 TO 07/31

DEGREE_DAYS
HEATING TOTAL       0                 8      -8        0
 SINCE 7/1          0                 8      -8        0
COOLING TOTAL     348               210     138      269
 SINCE 1/1        554               390     164      585
..............................................................

WIND (MPH)
AVERAGE WIND SPEED              6.7
HIGHEST WIND SPEED/DIRECTION    28/260    DATE  07/16
HIGHEST GUST SPEED/DIRECTION    37/270    DATE  07/16

SKY COVER
AVERAGE SKY COVER           0.30

AVERAGE RH (PERCENT)     74

-  INDICATES NEGATIVE NUMBERS.
R  INDICATES RECORD WAS SET OR TIED.
MM INDICATES DATA IS MISSING.
T  INDICATES TRACE AMOUNT.

$$
