167
CXUS44 KBRO 020123
CLMMFE


CLIMATE REPORT
NATIONAL WEATHER SERVICE BROWNSVILLE TX
808 PM CDT MON JUL 1 2019

...................................

...THE MCALLEN CLIMATE SUMMARY FOR THE MONTH OF JUNE 2019...

CLIMATE NORMAL PERIOD 1981 TO 2010
CLIMATE RECORD PERIOD 1961 TO 2019

WEATHER         OBSERVED          NORMAL  DEPART  LAST YEAR`S
                 VALUE   DATE(S)  VALUE   FROM    VALUE  DATE(S)
                                          NORMAL
................................................................
TEMPERATURE (F)
HIGHEST           106   06/07        99       7      104  06/07
                                                          06/05
LOWEST             72   06/25        68       4       76  06/22
                        06/24                             06/21
                                                          06/20
AVG. MAXIMUM     98.2              96.2     2.0
AVG. MINIMUM     78.5              75.7     2.8
MEAN             88.3              85.9     2.4     88.7
DAYS MAX >= 90     30              27.8     2.2
DAYS MAX <= 32      0               0.0     0.0
DAYS MIN <= 32      0               0.0     0.0
DAYS MIN <= 0       0               0.0     0.0

PRECIPITATION (INCHES)
TOTALS           4.64              2.58    2.06    11.74
DAILY AVG.       0.15              0.09    0.06       MM
DAYS >= .01         5               5.4    -0.4        0
DAYS >= .10         4               3.5     0.5        0
DAYS >= .50         2               1.5     0.5        0
DAYS >= 1.00        1               0.7     0.3        0
GREATEST
 24 HR. TOTAL    3.30   06/24 TO 06/24
DEGREE_DAYS
HEATING TOTAL       0                 0       0        0
 SINCE 7/1        503               579     -76      550
COOLING TOTAL     708               628      80      649
 SINCE 1/1       2181              1883     298     2297
.................................................................

WIND (MPH)
AVERAGE WIND SPEED              11.2
HIGHEST WIND SPEED/DIRECTION    31/030    DATE  06/24
HIGHEST GUST SPEED/DIRECTION    41/030    DATE  06/24

SKY COVER
POSSIBLE SUNSHINE (PERCENT)   MM
AVERAGE SKY COVER           0.30
NUMBER OF DAYS FAIR           15
NUMBER OF DAYS PC             14
NUMBER OF DAYS CLOUDY          1

AVERAGE RH (PERCENT)     66

WEATHER CONDITIONS. NUMBER OF DAYS WITH
THUNDERSTORM              7     MIXED PRECIP                0
HEAVY RAIN                4     RAIN                        5
LIGHT RAIN               10     FREEZING RAIN               0
LT FREEZING RAIN          0     HAIL                        0
HEAVY SNOW                0     SNOW                        0
LIGHT SNOW                0     SLEET                       0
FOG                      14     FOG W/VIS <= 1/4 MILE       0
HAZE                      7

-  INDICATES NEGATIVE NUMBERS.
R  INDICATES RECORD WAS SET OR TIED.
MM INDICATES DATA IS MISSING.
T  INDICATES TRACE AMOUNT.

$$
