926
CXUS44 KBRO 011426
CLMMFE


CLIMATE REPORT
NATIONAL WEATHER SERVICE BROWNSVILLE TX
908 AM CDT WED MAY 1 2019

...................................

...THE MCALLEN CLIMATE SUMMARY FOR THE MONTH OF APRIL 2019...

CLIMATE NORMAL PERIOD 1981 TO 2010
CLIMATE RECORD PERIOD 1961 TO 2019

WEATHER         OBSERVED          NORMAL  DEPART  LAST YEAR`S
                 VALUE   DATE(S)  VALUE   FROM    VALUE  DATE(S)
                                          NORMAL
................................................................
TEMPERATURE (F)
HIGHEST            97   04/09        97       0       96  04/13
LOWEST             49   04/01        50      -1       53  04/08
AVG. MAXIMUM     88.1              87.1     1.0
AVG. MINIMUM     65.6              66.0    -0.4
MEAN             76.8              76.5     0.3     76.9
DAYS MAX >= 90     16              11.0     5.0
DAYS MAX <= 32      0               0.0     0.0
DAYS MIN <= 32      0               0.0     0.0
DAYS MIN <= 0       0               0.0     0.0

PRECIPITATION (INCHES)
TOTALS           0.51              1.34   -0.83     1.78
DAILY AVG.       0.02              0.04   -0.02     0.06
DAYS >= .01         5               4.2     0.8        5
DAYS >= .10         2               2.0     0.0        4
DAYS >= .50         0               0.8    -0.8        1
DAYS >= 1.00        0               0.3    -0.3        0
GREATEST
 24 HR. TOTAL    1.52   03/31 TO 04/01
                        04/01 TO 04/01
                        04/01 TO 04/02
SNOWFALL (INCHES)
TOTALS            0.0               0.0     0.0      0.0
SINCE 7/1         0.0               0.0     0.0      0.3

DEGREE_DAYS
HEATING TOTAL      13                 8       5        0
 SINCE 7/1        503               579     -76      550
COOLING TOTAL     378               354      24      363
 SINCE 1/1        858               731     127     1003
.................................................................

WIND (MPH)
AVERAGE WIND SPEED              11.9
HIGHEST WIND SPEED/DIRECTION    40/350    DATE  04/07
HIGHEST GUST SPEED/DIRECTION    53/350    DATE  04/07

SKY COVER
POSSIBLE SUNSHINE (PERCENT)   MM
AVERAGE SKY COVER           0.40
NUMBER OF DAYS FAIR           15
NUMBER OF DAYS PC             11
NUMBER OF DAYS CLOUDY          4

AVERAGE RH (PERCENT)     64

WEATHER CONDITIONS. NUMBER OF DAYS WITH
THUNDERSTORM              1     MIXED PRECIP                0
HEAVY RAIN                3     RAIN                        1
LIGHT RAIN                6     FREEZING RAIN               0
LT FREEZING RAIN          0     HAIL                        0
HEAVY SNOW                0     SNOW                        0
LIGHT SNOW                0     SLEET                       0
FOG                      16     FOG W/VIS <= 1/4 MILE       1
HAZE                     14

-  INDICATES NEGATIVE NUMBERS.
R  INDICATES RECORD WAS SET OR TIED.
MM INDICATES DATA IS MISSING.
T  INDICATES TRACE AMOUNT.

$$
