809
CXUS56 KMFR 101613
CLMMFR

CLIMATE REPORT
NATIONAL WEATHER SERVICE MEDFORD, OR
144 AM PDT MON APR 1 2019

...................................

...THE MEDFORD OR CLIMATE SUMMARY FOR THE MONTH OF MARCH 2019...

CLIMATE NORMAL PERIOD 1981 TO 2010
CLIMATE RECORD PERIOD 1911 TO 2019

WEATHER         OBSERVED          NORMAL  DEPART  LAST YEAR`S
                 VALUE   DATE(S)  VALUE   FROM    VALUE  DATE(S)
                                          NORMAL
................................................................
TEMPERATURE (F)
RECORD
 HIGH              86   03/28/1930
                        03/31/1911
                        03/30/1911
 LOW               14   03/01/1960
                        03/01/1917
HIGHEST            76   03/19                         73  03/31
                        03/18                             03/29
LOWEST             28   03/14                         25  03/05
AVG. MAXIMUM     59.5              59.5     0.0     58.9
AVG. MINIMUM     35.3              37.1    -1.8     34.9
MEAN             47.4              48.3    -0.9     46.9
DAYS MAX >= 90      0               0.0     0.0        0
DAYS MAX <= 32      0               0.0     0.0        0
DAYS MIN <= 32     10               6.2     3.8       10
DAYS MIN <= 0       0               0.0     0.0        0

PRECIPITATION (INCHES)
RECORD
 MAXIMUM         5.54   1957
TOTALS           0.94              1.71   -0.77     1.68
DAILY AVG.       0.03              0.06   -0.03     0.05
DAYS >= .01         8              12.0    -4.0       11
DAYS >= .10         5               5.5    -0.5        5
DAYS >= .50         0               0.4    -0.4        0
DAYS >= 1.00        0               0.0     0.0        0
GREATEST
 24 HR. TOTAL    0.22   03/23 TO 03/23

SNOWFALL (INCHES)
RECORDS
 TOTAL            8.1   1956
TOTALS            0.0               0.5    -0.5        T
SINCE 7/1         6.8               4.1     2.7      4.2

DEGREE_DAYS
HEATING TOTAL     537               518      19      554
 SINCE 7/1       3607              3632     -25     3647
COOLING TOTAL       0                 0       0        0
 SINCE 1/1          0                 0       0        0

FREEZE DATES
RECORD
 EARLIEST     09/13/1921
 LATEST       06/12/1952
EARLIEST                        10/18
LATEST                          04/29
.................................................................

WIND (MPH)
AVERAGE WIND SPEED              3.8
HIGHEST WIND SPEED/DIRECTION    32/140    DATE  03/25
HIGHEST GUST SPEED/DIRECTION    44/150    DATE  03/25

SKY COVER
POSSIBLE SUNSHINE (PERCENT)   MM
AVERAGE SKY COVER           0.40
NUMBER OF DAYS FAIR           10
NUMBER OF DAYS PC             16
NUMBER OF DAYS CLOUDY          5

AVERAGE RH (PERCENT)     61

WEATHER CONDITIONS. NUMBER OF DAYS WITH
  0
  2
  0
  0
  0
  0
  6
HAZE                      1

-  INDICATES NEGATIVE NUMBERS.
R  INDICATES RECORD WAS SET OR TIED.
MM INDICATES DATA IS MISSING.
T  INDICATES TRACE AMOUNT.

$$
