000
CXUS56 KMFR 011355
CLMMFR

CLIMATE REPORT
NATIONAL WEATHER SERVICE MEDFORD, OR
655 AM PDT TUE OCT 1 2019

...................................

...THE MEDFORD OR CLIMATE SUMMARY FOR THE MONTH OF SEPTEMBER 2019...

CLIMATE NORMAL PERIOD 1981 TO 2010
CLIMATE RECORD PERIOD 1911 TO 2019

WEATHER         OBSERVED          NORMAL  DEPART  LAST YEAR`S
                 VALUE   DATE(S)  VALUE   FROM    VALUE  DATE(S)
                                          NORMAL
................................................................
TEMPERATURE (F)
RECORD
 HIGH             110   09/02/1988
 LOW               29   09/30/1950
                        09/26/1934
                        09/26/1926
HIGHEST            96   09/04                         96  09/05
LOWEST             40   09/29                         42  09/24
                                                          09/20
                                                          09/16
AVG. MAXIMUM     77.5              83.5    -6.0     82.7
AVG. MINIMUM     53.1              50.0     3.1     49.1
MEAN             65.3              66.8    -1.5     65.9
DAYS MAX >= 90      4               8.8    -4.8       10
DAYS MAX <= 32      0               0.0     0.0        0
DAYS MIN <= 32      0               0.0     0.0        0
DAYS MIN <= 0       0               0.0     0.0        0

PRECIPITATION (INCHES)
RECORD
 MAXIMUM         4.22   1977
TOTALS           1.86              0.57    1.29     0.23
DAILY AVG.       0.06              0.02    0.04     0.01
DAYS >= .01        11               3.4     7.6        2
DAYS >= .10         4               1.6     2.4        1
DAYS >= .50         2               0.2     1.8        0
DAYS >= 1.00        0               0.1    -0.1        0
GREATEST
 24 HR. TOTAL    0.65   09/18 TO 09/18

SNOWFALL (INCHES)
RECORDS
 TOTAL            0.0   2010
TOTALS            0.0               0.0     0.0      0.0
SINCE 7/1         0.0               0.0     0.0      0.0

DEGREE_DAYS
HEATING TOTAL      91                59      32       47
 SINCE 7/1         91                69      22       47
COOLING TOTAL     108               112      -4       82
 SINCE 1/1        932               819     113      990

FREEZE DATES
RECORD
 EARLIEST     09/13/1921
 LATEST       06/12/1952
EARLIEST                        10/18
LATEST                          04/29
.................................................................

WIND (MPH)
AVERAGE WIND SPEED              4.0
HIGHEST WIND SPEED/DIRECTION    26/300    DATE  09/15
HIGHEST GUST SPEED/DIRECTION    35/300    DATE  09/16

SKY COVER
POSSIBLE SUNSHINE (PERCENT)   MM
AVERAGE SKY COVER           0.40
NUMBER OF DAYS FAIR           15
NUMBER OF DAYS PC              8
NUMBER OF DAYS CLOUDY          7

AVERAGE RH (PERCENT)     62

WEATHER CONDITIONS. NUMBER OF DAYS WITH
  0
  4
  0
  0
  0
  0
  3
HAZE                      3

-  INDICATES NEGATIVE NUMBERS.
R  INDICATES RECORD WAS SET OR TIED.
MM INDICATES DATA IS MISSING.
T  INDICATES TRACE AMOUNT.

&&

SEPTEMBER WAS COOLER AND WETTER THAN NORMAL. HOWEVER, THE FIRST WEEK
OF THE MONTH BEGAN WARMER THAN NORMAL WITH HIGHS IN THE UPPER 80S
AND 90S WHILE THE LAST FEW DAYS OF THE MONTH HAD HIGHS IN THE 50S TO
60. A SERIES OF FRONTS MOVED ACROSS THE STATE DURING THE MONTH WITH
FALL-LIKE WEATHER BEHIND THESE COLD FRONTS.

THIS WAS THE TENTH WETTEST SEPTEMBER ON RECORD OUT OF 109 YEARS AND
ON TWO DAYS THERE WAS MORE THAN ONE-HALF INCH OF RAIN. THERE WERE
FOUR DAYS WITH THUNDERSTORMS AND THE MOST NOTABLE THUNDERSTORM
OCCURRED ON THE EVENING OF THE 18TH. THIS STORM BROUGHT BRIEF
TORRENTIAL RAIN, SMALL HAIL COVERING THE GROUND, AND STRONG WINDS.

$$
