000
CXUS54 KBMX 011158
CLMMGM


CLIMATE REPORT
NATIONAL WEATHER SERVICE BIRMINGHAM, AL
656 AM CDT WED MAY 1 2019

...................................

...THE MONTGOMERY CLIMATE SUMMARY FOR THE MONTH OF APRIL 2019...

CLIMATE NORMAL PERIOD 1981 TO 2010
CLIMATE RECORD PERIOD 1872 TO 2019

WEATHER         OBSERVED          NORMAL  DEPART  LAST YEAR`S
                 VALUE   DATE(S)  VALUE   FROM    VALUE  DATE(S)
                                          NORMAL
................................................................
TEMPERATURE (F)
RECORD
 HIGH              94   04/30/2007
 LOW               28   04/01/1987
HIGHEST            88   04/30        MM      MM       85  04/18
                                                          04/03
LOWEST             40   04/21        MM      MM       37  04/16
                        04/01                             04/05
AVG. MAXIMUM     79.9              76.6     3.3     75.1
AVG. MINIMUM     52.8              51.6     1.2     48.9
MEAN             66.4                               62.0
DAYS MAX >= 90      0               0.1    -0.1        0
DAYS MAX <= 32      0               0.0     0.0        0
DAYS MIN <= 32      0               0.2    -0.2        0
DAYS MIN <= 0       0               0.0     0.0        0

PRECIPITATION (INCHES)
RECORD
 MAXIMUM        15.94   1912
 MINIMUM         0.38   1915
TOTALS           4.63              4.02    0.61     3.96
DAILY AVG.       0.15              0.13    0.02     0.13
DAYS >= .01         8               7.7     0.3        8
DAYS >= .10         5               5.1    -0.1        6
DAYS >= .50         4               2.7     1.3        4
DAYS >= 1.00        2               1.3     0.7        1

DEGREE_DAYS
HEATING TOTAL      61                99     -38      109
 SINCE 7/1       1774              2226    -452     2036
COOLING TOTAL     110                72      38       28
 SINCE 1/1        191               101      90      130
.................................................................

WIND (MPH)
AVERAGE WIND SPEED              6.1
HIGHEST WIND SPEED/DIRECTION    30/280    DATE  04/14
HIGHEST GUST SPEED/DIRECTION    39/180    DATE  04/14

AVERAGE RH (PERCENT)     68

WEATHER CONDITIONS. NUMBER OF DAYS WITH
THUNDERSTORM              5     MIXED PRECIP               0
HEAVY RAIN                4     RAIN                       5
LIGHT RAIN                9     FREEZING RAIN              0
LT FREEZING RAIN          0     HAIL                       0
HEAVY SNOW                0     SNOW                       0
LIGHT SNOW                0     SLEET                      0
FOG                      12     FOG W/VIS <= 1/4 MILE      2
HAZE                      0

-  INDICATES NEGATIVE NUMBERS.
R  INDICATES RECORD WAS SET OR TIED.
MM INDICATES DATA IS MISSING.
T  INDICATES TRACE AMOUNT.

$$
