000
CXUS54 KBMX 021813
CLMMGM


CLIMATE REPORT
NATIONAL WEATHER SERVICE BIRMINGHAM, AL
106 PM CDT TUE JUL 2 2019

...................................

...THE MONTGOMERY CLIMATE SUMMARY FOR THE MONTH OF JUNE 2019...

CLIMATE NORMAL PERIOD 1981 TO 2010
CLIMATE RECORD PERIOD 1872 TO 2019

WEATHER         OBSERVED          NORMAL  DEPART  LAST YEAR`S
                 VALUE   DATE(S)  VALUE   FROM    VALUE  DATE(S)
                                          NORMAL
................................................................
TEMPERATURE (F)
RECORD
 HIGH             106   06/27/1881
 LOW               48   06/01/1889
HIGHEST            98   06/04        MM      MM       98  06/28
                        06/03
LOWEST             60   06/14        MM      MM       64  06/06
                                                          06/05
AVG. MAXIMUM     91.6              89.8     1.8     92.3
AVG. MINIMUM     70.0              68.1     1.9     70.6
MEAN             80.8                               81.5
DAYS MAX >= 90     23              15.9     7.1       25
DAYS MAX <= 32      0               0.0     0.0        0
DAYS MIN <= 32      0               0.0     0.0        0
DAYS MIN <= 0       0               0.0     0.0        0

PRECIPITATION (INCHES)
RECORD
 MAXIMUM        15.59   1928
 MINIMUM         0.33   1979
TOTALS           4.50              4.07    0.43     1.52
DAILY AVG.       0.15              0.14    0.01     0.05
DAYS >= .01        13               9.7     3.3        7
DAYS >= .10        10               6.2     3.8        4
DAYS >= .50         3               2.8     0.2        0
DAYS >= 1.00        1               1.1    -0.1        0

DEGREE_DAYS
HEATING TOTAL       0                 0       0        0
 SINCE 7/1       1774              2236    -462     2036
COOLING TOTAL     483               419      64      503
 SINCE 1/1       1036               758     278      988
.................................................................

WIND (MPH)
AVERAGE WIND SPEED              5.1
HIGHEST WIND SPEED/DIRECTION    44/250    DATE  06/07
HIGHEST GUST SPEED/DIRECTION    59/230    DATE  06/07

AVERAGE RH (PERCENT)     71

WEATHER CONDITIONS. NUMBER OF DAYS WITH
THUNDERSTORM             14     MIXED PRECIP               0
HEAVY RAIN               10     RAIN                       7
LIGHT RAIN               12     FREEZING RAIN              0
LT FREEZING RAIN          0     HAIL                       0
HEAVY SNOW                0     SNOW                       0
LIGHT SNOW                0     SLEET                      0
FOG                      20     FOG W/VIS <= 1/4 MILE      1
HAZE                      6

-  INDICATES NEGATIVE NUMBERS.
R  INDICATES RECORD WAS SET OR TIED.
MM INDICATES DATA IS MISSING.
T  INDICATES TRACE AMOUNT.

$$
