000
CXUS51 KPBZ 011624
CLMMGW


CLIMATE REPORT
NATIONAL WEATHER SERVICE PITTSBURGH PA
1002 AM EDT WED MAY 1 2019

...................................

...THE MORGANTOWN WV CLIMATE SUMMARY FOR THE MONTH OF APRIL 2019...

CLIMATE NORMAL PERIOD 1981 TO 2010
CLIMATE RECORD PERIOD 1872 TO 2019

WEATHER         OBSERVED          NORMAL  DEPART  LAST YEAR`S
                 VALUE   DATE(S)  VALUE   FROM    VALUE  DATE(S)
                                          NORMAL
................................................................
TEMPERATURE (F)
RECORD
 HIGH              93   04/30/1899
 LOW               20   04/10/2016
HIGHEST            83   04/18        65      18       86  04/14
LOWEST             27   04/01        37      10       24  04/08
AVG. MAXIMUM     68.2              63.9     4.3     58.6
AVG. MINIMUM     46.8              41.6     5.2     37.4
MEAN             57.5              52.7     4.8     48.0
DAYS MAX >= 90      0               0.0     0.0        0
DAYS MAX <= 32      0               0.1    -0.1        0
DAYS MIN <= 32      3               5.4    -2.4       13
DAYS MIN <= 0       0               0.0     0.0        0

PRECIPITATION (INCHES)
RECORD
 MAXIMUM         7.23   2011
TOTALS           3.44              3.52   -0.08     5.68
DAILY AVG.       0.11              0.12   -0.01     0.19
DAYS >= .01        13              13.4    -0.4       14
DAYS >= .10         9               8.5     0.5       11
DAYS >= .50         3               2.0     1.0        4
DAYS >= 1.00        1               0.6     0.4        1
GREATEST
 24 HR. TOTAL    1.16   04/14 TO 04/14              1.83
 STORM TOTAL     1.19   04/14 to 04/15              2.97


DEGREE_DAYS
HEATING TOTAL     238               382    -144
 SINCE 7/1       4674              4983    -309
COOLING TOTAL      19                14       5
 SINCE 1/1         19                16       3
.................................................................

WIND (MPH)
AVERAGE WIND SPEED              5.5
HIGHEST WIND SPEED/DIRECTION    28/150    DATE  04/14
HIGHEST GUST SPEED/DIRECTION    44/160    DATE  04/14

AVERAGE RH (PERCENT)     61

WEATHER CONDITIONS. NUMBER OF DAYS WITH
THUNDERSTORM              4     MIXED PRECIP               0
HEAVY RAIN                5     RAIN                       5
LIGHT RAIN               14     FREEZING RAIN              0
LT FREEZING RAIN          0     HAIL                       0
HEAVY SNOW                0     SNOW                       0
LIGHT SNOW                0     SLEET                      0
FOG                      15     FOG W/VIS <= 1/4 MILE      1
HAZE                      6

-  INDICATES NEGATIVE NUMBERS.
R  INDICATES RECORD WAS SET OR TIED.
MM INDICATES DATA IS MISSING.
T  INDICATES TRACE AMOUNT.

$$
