000
CXUS53 KFSD 011640 RRA
CLMMHE

CLIMATE REPORT
NATIONAL WEATHER SERVICE SIOUX FALLS SD
1029 AM CDT THU AUG 1 2019

...................................

...THE MITCHELL SD CLIMATE SUMMARY FOR THE MONTH OF JULY 2019...

CLIMATE NORMAL PERIOD 1981 TO 2010
CLIMATE RECORD PERIOD 1893 TO 2019

WEATHER         OBSERVED          NORMAL  DEPART  LAST YEAR`S
                 VALUE   DATE(S)  VALUE   FROM    VALUE  DATE(S)
                                          NORMAL
................................................................
TEMPERATURE (F)
RECORD
 HIGH             116   07/24/1940
 LOW               38   07/12/1900
HIGHEST            96   07/15        MM      MM       99  07/11
                        07/14
LOWEST             58   07/22        MM      MM       50  07/27
AVG. MAXIMUM     87.0              86.6     0.4     86.3
AVG. MINIMUM     66.4              62.9     3.5     62.7
MEAN             76.7              74.8     1.9     74.5
DAYS MAX >= 90     10               9.4     0.6        7
DAYS MAX <= 32      0               0.0     0.0        0
DAYS MIN <= 32      0               0.0     0.0        0
DAYS MIN <= 0       0               0.0     0.0        0

PRECIPITATION (INCHES)
RECORD
 MAXIMUM           MM   MM
 MINIMUM           MM   MM
TOTALS           6.46              3.11    3.35     1.93
DAILY AVG.       0.21              0.10    0.11     0.06
DAYS >= .01        14                MM      MM        7
DAYS >= .10         8                MM      MM        4
DAYS >= .50         4                MM      MM        1
DAYS >= 1.00        2                MM      MM        1
GREATEST
 24 HR. TOTAL    1.72   07/28 TO 07/28

SNOWFALL (INCHES)
RECORDS
 TOTAL             MM   MM
TOTALS            0.0                MM      MM      0.0
SINCE 7/1         0.0                MM      MM      0.0
SNOWDEPTH AVG.      0                MM      MM        0
DAYS >= 1.0         0                MM      MM        0
GREATEST
 SNOW DEPTH         0   MM                             0  MM
 24 HR TOTAL      0.0   07/31 TO 07/31

DEGREE_DAYS
HEATING TOTAL       0                 5      -5        1
 SINCE 7/1          0                 5      -5        1
COOLING TOTAL     369               308      61      304
 SINCE 1/1        580               518      62      688
.................................................................

WIND (MPH)
AVERAGE WIND SPEED              8.3
HIGHEST WIND SPEED/DIRECTION    52/060    DATE  07/20
HIGHEST GUST SPEED/DIRECTION    70/060    DATE  07/20

SKY COVER
POSSIBLE SUNSHINE (PERCENT)   MM
AVERAGE SKY COVER           0.20
NUMBER OF DAYS FAIR           23
NUMBER OF DAYS PC              8
NUMBER OF DAYS CLOUDY          0

AVERAGE RH (PERCENT)     69

WEATHER CONDITIONS. NUMBER OF DAYS WITH
THUNDERSTORM        12     MIXED PRECIP                  0
HEAVY RAIN           5     RAIN                          8
LIGHT RAIN          17     FREEZING RAIN                 0
LT FREEZING RAIN     0     HAIL                          0
HEAVY SNOW           0     SNOW                          0
LIGHT SNOW           0     SLEET                         0
FOG                 15     FOG W/VIS <= 1/4 MILE         2
HAZE                 0

-  INDICATES NEGATIVE NUMBERS.
R  INDICATES RECORD WAS SET OR TIED.
MM INDICATES DATA IS MISSING.
T  INDICATES TRACE AMOUNT.

$$
