000
CXUS53 KTOP 011457
CLMMHK


CLIMATE REPORT
NATIONAL WEATHER SERVICE TOPEKA KS
956 AM CDT WED MAY 1 2019

...................................

...THE MANHATTAN KS CLIMATE SUMMARY FOR THE MONTH OF APRIL 2019...

CLIMATE NORMAL PERIOD 1981 TO 2010
CLIMATE RECORD PERIOD 9999 TO 9999

WEATHER         OBSERVED          NORMAL  DEPART  LAST YEAR`S
                 VALUE   DATE(S)  VALUE   FROM    VALUE
                                          NORMAL
.............................................................
TEMPERATURE (F)
HIGHEST            87   04/21                         89
                        04/10
LOWEST             26   04/13                         15
AVG. MAXIMUM     71.5              66.8     4.7     62.7
AVG. MINIMUM     44.2              41.2     3.0     33.9
MEAN             57.9              54.0     3.9     48.3
DAYS MAX >= 90      0               0.1    -0.1        0
DAYS MAX <= 32      0               0.1    -0.1        0
DAYS MIN <= 32      4               6.0    -2.0       15
DAYS MIN <= 0       0               0.0     0.0        0

PRECIPITATION (INCHES)
TOTALS           2.41              2.80   -0.39     0.29
DAILY AVG.       0.08                               0.01
DAYS >= .01         8                                  1
DAYS >= .10         4                                  1
DAYS >= .50         3                                  0
DAYS >= 1.00        0                                  0
GREATEST
 24 HR. TOTAL    0.96   04/30 TO 04/30              0.29

DEGREE_DAYS
HEATING TOTAL     230               345    -115      504
 SINCE 7/1       5116              5181     -65     4886
COOLING TOTAL      24                15       9       11
 SINCE 1/1         24                17       7       11
..............................................................

WIND (MPH)
AVERAGE WIND SPEED              8.7
HIGHEST WIND SPEED/DIRECTION    36/210    DATE  04/21
HIGHEST GUST SPEED/DIRECTION    47/200    DATE  04/21

SKY COVER
POSSIBLE SUNSHINE (PERCENT)   MM
AVERAGE SKY COVER           0.30
NUMBER OF DAYS FAIR           17
NUMBER OF DAYS PC              9
NUMBER OF DAYS CLOUDY          4

AVERAGE RH (PERCENT)     59


-  INDICATES NEGATIVE NUMBERS.
R  INDICATES RECORD WAS SET OR TIED.
MM INDICATES DATA IS MISSING.
T  INDICATES TRACE AMOUNT.

$$
