000
CXUS53 KTOP 011750
CLMMHK


CLIMATE REPORT
NATIONAL WEATHER SERVICE TOPEKA KS
1239 PM CDT THU AUG 1 2019

...................................

...THE MANHATTAN KS CLIMATE SUMMARY FOR THE MONTH OF JULY 2019...

CLIMATE NORMAL PERIOD 1981 TO 2010
CLIMATE RECORD PERIOD 9999 TO 9999

WEATHER         OBSERVED          NORMAL  DEPART  LAST YEAR`S
                 VALUE   DATE(S)  VALUE   FROM    VALUE
                                          NORMAL
.............................................................
TEMPERATURE (F)
HIGHEST           101   07/20                        105
                        07/19
                        07/17
LOWEST             54   07/24                         58
                        07/23
AVG. MAXIMUM     91.2              91.1     0.1     93.5
AVG. MINIMUM     68.3              67.0     1.3     67.6
MEAN             79.8              79.0     0.8     80.5
DAYS MAX >= 90     19              18.0     1.0       23
DAYS MAX <= 32      0               0.0     0.0        0
DAYS MIN <= 32      0               0.0     0.0        0
DAYS MIN <= 0       0               0.0     0.0        0

PRECIPITATION (INCHES)
TOTALS           3.32              3.97   -0.65     3.07
DAILY AVG.       0.11                               0.10
DAYS >= .01         7                                  9
DAYS >= .10         4                                  7
DAYS >= .50         1                                  1
DAYS >= 1.00        1                                  1
GREATEST
 24 HR. TOTAL    2.28   07/04 TO 07/04              1.57

DEGREE_DAYS
HEATING TOTAL       0                 1      -1        0
 SINCE 7/1          0                 1      -1        0
COOLING TOTAL     463               436      27      488
 SINCE 1/1        839               806      33     1255
..............................................................

WIND (MPH)
AVERAGE WIND SPEED              6.7
HIGHEST WIND SPEED/DIRECTION    26/360    DATE  07/10
HIGHEST GUST SPEED/DIRECTION    46/010    DATE  07/10

SKY COVER
POSSIBLE SUNSHINE (PERCENT)   MM
AVERAGE SKY COVER           0.10
NUMBER OF DAYS FAIR           27
NUMBER OF DAYS PC              4
NUMBER OF DAYS CLOUDY          0

AVERAGE RH (PERCENT)     66


-  INDICATES NEGATIVE NUMBERS.
R  INDICATES RECORD WAS SET OR TIED.
MM INDICATES DATA IS MISSING.
T  INDICATES TRACE AMOUNT.

$$
