000
CXUS51 KGYX 051027
CLMMHT

PWMCLMMHT 000
TTAA00 KGYX 030908


CLIMATE REPORT
NATIONAL WEATHER SERVICE GRAY ME
627 AM EDT SUN MAY 5 2019

...................................

...THE MANCHESTER CLIMATE SUMMARY FOR THE MONTH OF APRIL 2019...

CLIMATE NORMAL PERIOD 1981 TO 2010
CLIMATE RECORD PERIOD 1885 TO 2019

WEATHER         OBSERVED          NORMAL  DEPART  LAST YEAR`S
                 VALUE   DATE(S)  VALUE   FROM    VALUE
                                          NORMAL
.............................................................
TEMPERATURE (F)
HIGHEST            78   04/19        82      -4
LOWEST             24   04/02        27      -3
AVG. MAXIMUM     58.7              57.6     1.1
AVG. MINIMUM     39.3              37.0     2.3
MEAN             49.0              47.3     1.7
DAYS MAX >= 90      0               0.2    -0.2
DAYS MAX <= 32      0               0.1    -0.1
DAYS MIN <= 32      5               7.3    -2.3
DAYS MIN <= 0       0               0.0     0.0

PRECIPITATION (INCHES)
TOTALS           5.00              3.86    1.14
DAILY AVG.       0.17              0.13    0.04
DAYS >= .01        18              11.6     6.4
DAYS >= .10        11               7.1     3.9
DAYS >= .50         3               2.2     0.8
DAYS >= 1.00        1               0.6     0.4
GREATEST
 24 HR. TOTAL    1.11   04/26

SNOWFALL (INCHES)
TOTALS            0.1
SINCE 7/1        46.7
DAYS >= TRACE       2
DAYS >= 1.0         0
GREATEST
 SNOW DEPTH         0

DEGREE_DAYS
HEATING TOTAL     474               535     -61
 SINCE 7/1       6029              6095     -66     5727
COOLING TOTAL       2                 4      -2
 SINCE 1/1          2                 4      -2        0
..............................................................

WIND (MPH)
AVERAGE WIND SPEED              8.5
HIGHEST WIND SPEED/DIRECTION    32/290    DATE  04/03
HIGHEST GUST SPEED/DIRECTION    48/290    DATE  04/03

SKY COVER
AVERAGE SKY COVER           0.70

AVERAGE RH (PERCENT)     63

-  INDICATES NEGATIVE NUMBERS.
R  INDICATES RECORD WAS SET OR TIED.
MM INDICATES DATA IS MISSING.
T  INDICATES TRACE AMOUNT.

&&

APRIL BEGAN WITH MANY COOL DAYS WITH RAIN AND SNOW SHOWERS. ALTHOUGH
THERE WERE A FEW WARMER DAYS MIXED IN, THE COOL ONES WERE MORE
FREQUENT. THIS BEGAN TO CHANGE TOWARD THE MIDDLE OF THE MONTH WHEN A
SHIFT TOWARD WARMER CONDITIONS OCCURRED. THE TEMPERATURE SOARED TO
76 DEGREES ON APRIL 13 SIGNALING THE START OF THE WARMER PERIOD. THE
TEMPERATURE TOPPED 70 DEGREES FOR 4 STRAIGHT DAYS FROM APRIL 19 THRU
22. THEN IT TURNED COOL AND WET AGAIN FOR THE END OF THE MONTH. RAIN
FELL ON 12 OF THE LAST 13 DAYS OF THE MONTH.

THE AVERAGE TEMPERATURE FOR THE MONTH WAS 49.0 DEGREES WHICH WAS 1.7
DEGREES ABOVE NORMAL. THE WARMEST APRIL WAS IN 2010 WHEN THE AVERAGE
TEMPERATURE WAS 52.0 DEGREES. THE COOLEST WAS IN 1929 WHEN IT WAS
39.0 DEGREES.

A TOTAL OF 5.00 INCHES OF PRECIPITATION FELL WHICH WAS 1.14 INCHES
ABOVE NORMAL. OF THIS, 0.1 INCHES OF SNOW WAS RECORDED. THE HEAVIEST
RAIN CAME ON THE 26TH AND 27TH WHEN 1.59 INCHES FELL. THE WETTEST
APRIL WAS IN 1904 WHEN 8.55 INCHES WAS MEASURED. THE DRIEST WAS IN
1941 WHEN ONLY 0.39 INCHES WAS RECORDED.

HISTORICAL RECORDS AT MANCHESTER BEGAN IN 1885, BUT WITHIN THIS
RECORD THERE REMAIN NUMEROUS YEARS OF UNAVAILABLE DATA. DUE TO THIS,
HISTORICAL RECORDS SHOULD BE CONSIDERED INCOMPLETE AS SOME
SIGNIFICANT EXTREMES MAY BE MISSING FROM THE DATA. MORE CONSISTENT
MODERN RECORDS BEGAN IN 1998 AND CONTINUE TO THE PRESENT.

$$

KIMBLE
