000
CXUS51 KGYX 042115
CLMMHT

PWMCLMMHT 000
TTAA00 KGYX 031440


CLIMATE REPORT
NATIONAL WEATHER SERVICE GRAY ME
515 PM EDT THU JUL 4 2019

...................................

...THE MANCHESTER CLIMATE SUMMARY FOR THE MONTH OF JUNE 2019...

CLIMATE NORMAL PERIOD 1981 TO 2010
CLIMATE RECORD PERIOD 1885 TO 2019

WEATHER         OBSERVED          NORMAL  DEPART  LAST YEAR`S
                 VALUE   DATE(S)  VALUE   FROM    VALUE
                                          NORMAL
.............................................................
TEMPERATURE (F)
HIGHEST            91   06/28        93      -2
LOWEST             45   06/04        44       1
AVG. MAXIMUM     78.4              77.5     0.9
AVG. MINIMUM     57.5              56.6     0.9
MEAN             67.9              67.0     0.9
DAYS MAX >= 90      1               2.4    -1.4
DAYS MAX <= 32      0               0.0     0.0
DAYS MIN <= 32      0               0.0     0.0
DAYS MIN <= 0       0               0.0     0.0

PRECIPITATION (INCHES)
TOTALS           3.88              3.79    0.09
DAILY AVG.       0.13              0.13    0.00
DAYS >= .01        13              12.0     1.0
DAYS >= .10         8               7.3     0.7
DAYS >= .50         3               2.5     0.5
DAYS >= 1.00        0               0.8    -0.8
GREATEST
 24 HR. TOTAL    0.75   06/06

SNOWFALL (INCHES)
TOTALS            0.0
SINCE 7/1        46.7
DAYS >= TRACE       0
DAYS >= 1.0         0
GREATEST
 SNOW DEPTH         0

DEGREE_DAYS
HEATING TOTAL      26                58     -32
 SINCE 7/1       6312              6392     -80     5838
COOLING TOTAL     121               120       1
 SINCE 1/1        142               150      -8      241
..............................................................

WIND (MPH)
AVERAGE WIND SPEED              6.4
HIGHEST WIND SPEED/DIRECTION    40/350    DATE  06/29
HIGHEST GUST SPEED/DIRECTION    49/350    DATE  06/29

SKY COVER
AVERAGE SKY COVER           0.70

AVERAGE RH (PERCENT)     65

-  INDICATES NEGATIVE NUMBERS.
R  INDICATES RECORD WAS SET OR TIED.
MM INDICATES DATA IS MISSING.
T  INDICATES TRACE AMOUNT.

&&

JUNE BEGAN WITH SOME COOL AND WET WEATHER BEFORE THE FIRST SUSTAINED
WARMTH OF SUMMER ARRIVED. THE TEMPERATURE TOPPED 80 DEGREES FOR 6
STRAIGHT DAYS FROM JUNE 5 THRU 10. COOL AND RAINY WEATHER RETURNED
AGAIN FOR THE MIDDLE OF JUNE, BUT THE WARMTH CAME RIGHT BACK AT THE
END OF THE MONTH. THE TEMPERATURE TOPPED 80 ON 7 OF THE LAST 9 DAYS
OF JUNE INCLUDING THE FIRST 90 DEGREE READING OF THE SEASON ON JUNE
28.

THE AVERAGE TEMPERATURE FOR THE MONTH WAS 67.9 DEGREES WHICH WAS 0.9
DEGREES ABOVE NORMAL. THE WARMEST JUNE WAS 70.4 DEGREES IN 2005 AND
1999. THE COOLEST WAS 61.4 DEGREES IN 1947.

A TOTAL OF 3.88 INCHES OF RAIN FELL WHICH WAS 0.09 INCHES ABOVE
NORMAL. THE HEAVIEST RAIN CAME ON JUNE 5 AND 6 WHEN 1.09 INCHES
FELL. THE WETTEST JUNE ON RECORD WAS IN 1998 WHEN 10.79 INCHES FELL.
THE DRIEST WAS IN 1997 WHEN ONLY 0.88 INCHES WAS RECORDED.

HISTORICAL RECORDS AT MANCHESTER BEGAN IN 1885, BUT WITHIN THIS
RECORD THERE REMAIN NUMEROUS YEARS OF UNAVAILABLE DATA. DUE TO THIS,
HISTORICAL RECORDS SHOULD BE CONSIDERED INCOMPLETE AS SOME
SIGNIFICANT EXTREMES MAY BE MISSING FROM THE DATA. MORE CONSISTENT
MODERN RECORDS BEGAN IN 1998 AND CONTINUE TO THE PRESENT.

$$

KIMBLE
