918
CXUS53 KIND 011515
CLMMIE


CLIMATE REPORT
NATIONAL WEATHER SERVICE INDIANAPOLIS IN
1115 AM EDT WED MAY 1 2019

...................................

...THE MUNCIE IN CLIMATE SUMMARY FOR THE MONTH OF APRIL 2019...

CLIMATE NORMAL PERIOD 1981 TO 2010
CLIMATE RECORD PERIOD 9999 TO 9999

WEATHER         OBSERVED          NORMAL  DEPART  LAST YEAR`S
                 VALUE   DATE(S)  VALUE   FROM    VALUE  DATE(S)
                                          NORMAL
................................................................
TEMPERATURE (F)
HIGHEST            82   04/11                         82  04/13
LOWEST             22   04/01                         22  04/08
AVG. MAXIMUM     63.8              61.7     2.1     57.0
AVG. MINIMUM     44.4              41.1     3.3     35.3
MEAN             54.1              51.4     2.7     46.2
DAYS MAX >= 90      0               0.0     0.0        0
DAYS MAX <= 32      0               0.1    -0.1        0
DAYS MIN <= 32      1               5.2    -4.2       15
DAYS MIN <= 0       0               0.0     0.0        0

PRECIPITATION (INCHES)
TOTALS           6.20              3.67    2.53     3.88
DAILY AVG.       0.21              0.12    0.09     0.13
DAYS >= .01        14              12.3     1.7        9
DAYS >= .10        10               7.8     2.2        6
DAYS >= .50         4               2.3     1.7        2
DAYS >= 1.00        2               0.7     1.3        1
GREATEST
 24 HR. TOTAL    2.26   04/25 TO 04/25

DEGREE_DAYS
HEATING TOTAL     322               422    -100      568
 SINCE 7/1       5193              5592    -399     5347
COOLING TOTAL       4                14     -10        9
 SINCE 1/1          4                15     -11       13
.................................................................

WIND (MPH)
AVERAGE WIND SPEED              9.8
HIGHEST WIND SPEED/DIRECTION    33/190    DATE  04/12
HIGHEST GUST SPEED/DIRECTION    52/190    DATE  04/12

SKY COVER
POSSIBLE SUNSHINE (PERCENT)   MM
AVERAGE SKY COVER           0.50
NUMBER OF DAYS FAIR            9
NUMBER OF DAYS PC             15
NUMBER OF DAYS CLOUDY          6

AVERAGE RH (PERCENT)     64

WEATHER CONDITIONS. NUMBER OF DAYS WITH
THUNDERSTORM              2     MIXED PRECIP                0
HEAVY RAIN                5     RAIN                        8
LIGHT RAIN               16     FREEZING RAIN               0
LT FREEZING RAIN          0     HAIL                        0
HEAVY SNOW                0     SNOW                        0
LIGHT SNOW                2     SLEET                       0
FOG                      16     FOG W/VIS <= 1/4 MILE       1
HAZE                      8

-  INDICATES NEGATIVE NUMBERS.
R  INDICATES RECORD WAS SET OR TIED.
MM INDICATES DATA IS MISSING.
T  INDICATES TRACE AMOUNT.

$$
