000
CXUS53 KIND 011514
CLMMIE


CLIMATE REPORT
NATIONAL WEATHER SERVICE INDIANAPOLIS IN
1114 AM EDT MON JUL 1 2019

...................................

...THE MUNCIE IN CLIMATE SUMMARY FOR THE MONTH OF JUNE 2019...

CLIMATE NORMAL PERIOD 1981 TO 2010
CLIMATE RECORD PERIOD 9999 TO 9999

WEATHER         OBSERVED          NORMAL  DEPART  LAST YEAR`S
                 VALUE   DATE(S)  VALUE   FROM    VALUE  DATE(S)
                                          NORMAL
................................................................
TEMPERATURE (F)
HIGHEST            94   06/30                         96  06/18
                                                          06/17
LOWEST             50   06/11                         52  06/06
                        06/03
AVG. MAXIMUM     81.6              81.3     0.3     85.4
AVG. MINIMUM     63.0              61.5     1.5     66.3
MEAN             72.3              71.4     0.9     75.9
DAYS MAX >= 90      3               3.2    -0.2        9
DAYS MAX <= 32      0               0.0     0.0        0
DAYS MIN <= 32      0               0.0     0.0        0
DAYS MIN <= 0       0               0.0     0.0        0

PRECIPITATION (INCHES)
TOTALS           4.03              4.66   -0.63     4.20
DAILY AVG.       0.13              0.16   -0.03     0.14
DAYS >= .01        14              11.3     2.7       12
DAYS >= .10         8               7.7     0.3        9
DAYS >= .50         2               3.0    -1.0        3
DAYS >= 1.00        1               1.2    -0.2        1
GREATEST
 24 HR. TOTAL    1.85   06/15 TO 06/15

DEGREE_DAYS
HEATING TOTAL       9                24     -15        0
 SINCE 7/1       5320              5783    -463     5355
COOLING TOTAL     220               216       4      332
 SINCE 1/1        345               299      46      583
.................................................................

WIND (MPH)
AVERAGE WIND SPEED              8.0
HIGHEST WIND SPEED/DIRECTION    36/280    DATE  06/01
HIGHEST GUST SPEED/DIRECTION    56/240    DATE  06/23

SKY COVER
POSSIBLE SUNSHINE (PERCENT)   MM
AVERAGE SKY COVER           0.40
NUMBER OF DAYS FAIR           16
NUMBER OF DAYS PC              9
NUMBER OF DAYS CLOUDY          5

AVERAGE RH (PERCENT)     65

WEATHER CONDITIONS. NUMBER OF DAYS WITH
THUNDERSTORM              7     MIXED PRECIP                0
HEAVY RAIN                6     RAIN                        9
LIGHT RAIN               18     FREEZING RAIN               0
LT FREEZING RAIN          0     HAIL                        0
HEAVY SNOW                0     SNOW                        0
LIGHT SNOW                0     SLEET                       0
FOG                      13     FOG W/VIS <= 1/4 MILE       1
HAZE                      4

-  INDICATES NEGATIVE NUMBERS.
R  INDICATES RECORD WAS SET OR TIED.
MM INDICATES DATA IS MISSING.
T  INDICATES TRACE AMOUNT.

$$
