000
CXUS53 KMKX 021637
CLMMKE


CLIMATE REPORT
NATIONAL WEATHER SERVICE IN MILWAUKEE
1127 AM CDT TUE JUL 2 2019

...................................

...THE MILWAUKEE WI CLIMATE SUMMARY FOR THE MONTH OF JUNE 2019...

CLIMATE NORMAL PERIOD 1981 TO 2010
CLIMATE RECORD PERIOD 1871 TO 2019

WEATHER         OBSERVED          NORMAL  DEPART  LAST YEAR`S
                 VALUE   DATE(S)  VALUE   FROM    VALUE  DATE(S)
                                          NORMAL
................................................................
TEMPERATURE (F)
RECORD
 HIGH             104   06/01/1934
 LOW               33   06/04/1945
HIGHEST            85   06/26        91      -6       95  06/30
                                                          06/29
LOWEST             45   06/03        44       1       47  06/06
AVG. MAXIMUM     72.9              75.3    -2.4     74.5
AVG. MINIMUM     55.2              57.1    -1.9     58.8
MEAN             64.1              66.2    -2.1     66.6
DAYS MAX >= 90      0               1.5    -1.5        4
DAYS MAX <= 32      0               0.0     0.0        0
DAYS MIN <= 32      0               0.0     0.0        0
DAYS MIN <= 0       0               0.0     0.0        0

PRECIPITATION (INCHES)
RECORD
 MAXIMUM        12.27   2008
 MINIMUM         0.61   1921
TOTALS           4.42              3.90    0.52     5.62
DAILY AVG.       0.15              0.13    0.02     0.19
DAYS >= .01        15              10.4     4.6       15
DAYS >= .10        13               6.5     6.5        9
DAYS >= .50         2               2.7    -0.7        4
DAYS >= 1.00        1               1.0     0.0        2
GREATEST
 24 HR. TOTAL    1.23   06/12 TO 06/12              1.46

DEGREE_DAYS
HEATING TOTAL      89                84       5       60
 SINCE 7/1       6893              6894      -1     6559
COOLING TOTAL      67               120     -53      118
 SINCE 1/1         76               150     -74      217
.................................................................

WIND (MPH)
AVERAGE WIND SPEED              8.0
HIGHEST WIND SPEED/DIRECTION    33/220    DATE  06/14
HIGHEST GUST SPEED/DIRECTION    48/300    DATE  06/27

SKY COVER
AVERAGE SKY COVER           0.70
NUMBER OF DAYS FAIR            3
NUMBER OF DAYS PC             16
NUMBER OF DAYS CLOUDY         11

AVERAGE RH (PERCENT)     69

-  INDICATES NEGATIVE NUMBERS.
R  INDICATES RECORD WAS SET OR TIED.
MM INDICATES DATA IS MISSING.
T  INDICATES TRACE AMOUNT.

$$
