000
CXUS53 KMKX 011319
CLMMKE


CLIMATE REPORT
NATIONAL WEATHER SERVICE IN MILWAUKEE
815 AM CDT WED MAY 1 2019

...................................

...THE MILWAUKEE WI CLIMATE SUMMARY FOR THE MONTH OF APRIL 2019...

CLIMATE NORMAL PERIOD 1981 TO 2010
CLIMATE RECORD PERIOD 1871 TO 2019

WEATHER         OBSERVED          NORMAL  DEPART  LAST YEAR`S
                 VALUE   DATE(S)  VALUE   FROM    VALUE  DATE(S)
                                          NORMAL
................................................................
TEMPERATURE (F)
RECORD
 HIGH              91   04/22/1980
 LOW               12   04/07/1982
                        04/03/1886
                        04/16/1875
HIGHEST            76   04/22        77      -1       79  04/30
LOWEST             24   04/01        24       0       19  04/07
AVG. MAXIMUM     54.8              53.8     1.0     47.0
AVG. MINIMUM     38.0              37.3     0.7     30.7
MEAN             46.4              45.6     0.8     38.9
DAYS MAX >= 90      0               0.0     0.0        0
DAYS MAX <= 32      0               0.3    -0.3        0
DAYS MIN <= 32      5               6.3    -1.3       18
DAYS MIN <= 0       0               0.0     0.0        0

PRECIPITATION (INCHES)
RECORD
 MAXIMUM         7.38   2013
 MINIMUM         0.46   1915
TOTALS           3.77              3.56    0.21     3.11
DAILY AVG.       0.13              0.12    0.01     0.10
DAYS >= .01        14              12.1     1.9       11
DAYS >= .10         9               6.6     2.4        7
DAYS >= .50         3               2.6     0.4        2
DAYS >= 1.00        0               0.9    -0.9        0
GREATEST
 24 HR. TOTAL    0.68   04/22 TO 04/22              0.83

SNOWFALL (INCHES)
RECORDS
 TOTAL           15.8   1973
TOTALS            7.5               2.0     5.5     10.0
SINCE 7/1        56.1              46.8     9.3     46.7
SNOWDEPTH AVG.      0                MM      MM        1
DAYS >= 1.0         2               0.4     1.6        2
GREATEST
 SNOW DEPTH         4   04/15                          4  04/19
                                                          04/17
                                                          04/16
 24 HR TOTAL      4.9   04/14 TO 04/14               3.2

DEGREE_DAYS
HEATING TOTAL     550               588     -38      776
 SINCE 7/1       6470              6497     -27     6312
COOLING TOTAL       0                 5      -5        0
 SINCE 1/1          0                 5      -5        0
.................................................................

WIND (MPH)
AVERAGE WIND SPEED              11.2
HIGHEST WIND SPEED/DIRECTION    32/240    DATE  04/12
HIGHEST GUST SPEED/DIRECTION    47/240    DATE  04/12

SKY COVER
POSSIBLE SUNSHINE (PERCENT)   MM
AVERAGE SKY COVER           0.70
NUMBER OF DAYS FAIR            3
NUMBER OF DAYS PC             12
NUMBER OF DAYS CLOUDY         15

AVERAGE RH (PERCENT)     64

-  INDICATES NEGATIVE NUMBERS.
R  INDICATES RECORD WAS SET OR TIED.
MM INDICATES DATA IS MISSING.
T  INDICATES TRACE AMOUNT.

$$
