000
CXUS53 KGRR 061634
CLMMKG


CLIMATE REPORT
NATIONAL WEATHER SERVICE GRAND RAPIDS, MI
1232 PM EDT TUE AUG 6 2019

...................................

...THE MUSKEGON MI CLIMATE SUMMARY FOR THE MONTH OF JULY 2019...

CLIMATE NORMAL PERIOD 1981 TO 2010
CLIMATE RECORD PERIOD 1896 TO 2019

WEATHER         OBSERVED          NORMAL  DEPART  LAST YEAR`S
                 VALUE   DATE(S)  VALUE   FROM    VALUE  DATE(S)
                                          NORMAL
................................................................
TEMPERATURE (F)
RECORD
 HIGH              99   07/30/1913
 LOW               39   07/02/2001
HIGHEST            90   07/06        90       0       94  07/03
LOWEST             51   07/12        48       3       51  07/18
AVG. MAXIMUM     83.7              80.4     3.3     83.7
AVG. MINIMUM     65.0              61.9     3.1     63.2
MEAN             74.3              71.1     3.2     73.5
DAYS MAX >= 90      1               0.8     0.2        4
DAYS MAX <= 32      0               0.0     0.0        0
DAYS MIN <= 32      0               0.0     0.0        0
DAYS MIN <= 0       0               0.0     0.0        0

PRECIPITATION (INCHES)
RECORD
 MAXIMUM         7.11   1902
 MINIMUM         0.11   1916
TOTALS           2.99              2.37    0.62     1.34
DAILY AVG.       0.10              0.08    0.02     0.04
DAYS >= .01         6               9.5    -3.5        8
DAYS >= .10         3               5.3    -2.3        3
DAYS >= .50         2               1.6     0.4        1
DAYS >= 1.00        1               0.4     0.6        0
GREATEST
 24 HR. TOTAL    2.12   07/02 TO 07/02

SNOWFALL (INCHES)
RECORDS
 TOTAL            0.0   MM
 24 HR TOTAL      0.0   MM
 SNOW DEPTH         0   MM
TOTALS            0.0               0.0     0.0      0.0
SINCE 7/1         0.0               0.0     0.0      0.0
SNOWDEPTH AVG.      0                MM      MM        0
DAYS >= TRACE       0               0.0     0.0        0
DAYS >= 1.0         0               0.0     0.0        0
GREATEST
 SNOW DEPTH         0   MM                             0  MM
 24 HR TOTAL      0.0   07/31 TO 07/31

DEGREE_DAYS
HEATING TOTAL       1                11     -10        0
 SINCE 7/1          1                11     -10        0
COOLING TOTAL     288               202      86      270
 SINCE 1/1        371               336      35      510

FREEZE DATES
RECORD
 EARLIEST     09/22/1976
 LATEST       06/22/1992
EARLIEST                        10/14
LATEST                          05/04
.................................................................

WIND (MPH)
AVERAGE WIND SPEED              7.9
RESULTANT WIND SPEED/DIRECTION   3/233
HIGHEST WIND SPEED/DIRECTION    39/310    DATE  07/20
HIGHEST GUST SPEED/DIRECTION    65/300    DATE  07/20

SKY COVER
POSSIBLE SUNSHINE (PERCENT)   MM
AVERAGE SKY COVER           0.40
NUMBER OF DAYS FAIR            9
NUMBER OF DAYS PC             20
NUMBER OF DAYS CLOUDY          2

AVERAGE RH (PERCENT)     67

WEATHER CONDITIONS. NUMBER OF DAYS WITH
THUNDERSTORM              4     MIXED PRECIP                0
HEAVY RAIN                3     RAIN                        2
LIGHT RAIN                8     FREEZING RAIN               0
LT FREEZING RAIN          0     HAIL                        0
HEAVY SNOW                0     SNOW                        0
LIGHT SNOW                0     SLEET                       0
FOG                      11     FOG W/VIS <= 1/4 MILE       2
HAZE                      6     BLOWING SNOW                0
TORNADO                   0

-  INDICATES NEGATIVE NUMBERS.
R  INDICATES RECORD WAS SET OR TIED.
MM INDICATES DATA IS MISSING.
T  INDICATES TRACE AMOUNT.

$$
