675
CXUS52 KMLB 011718
CLMMLB


CLIMATE REPORT
NATIONAL WEATHER SERVICE MELBOURNE FL
1216 PM EDT MON JUL 1 2019

...................................

...THE MELBOURNE CLIMATE SUMMARY FOR THE MONTH OF JUNE 2019...

CLIMATE NORMAL PERIOD 1981 TO 2010
CLIMATE RECORD PERIOD 1939 TO 2019

WEATHER         OBSERVED          NORMAL  DEPART  LAST YEAR`S
                 VALUE   DATE(S)  VALUE   FROM    VALUE
                                          NORMAL
.............................................................
TEMPERATURE (F)
MONTHLY RECORD
 HOTTEST         85.0   1998
 COOLEST         77.0   1966
DAILY RECORD
 HIGH             101   06/14/1998
                        06/06/1998
 LOW               55   06/02/1984
JUNE 2019
HIGHEST            96   06/24                         94
                        06/21
LOWEST             71   06/02                         69
AVG. MAXIMUM     91.0              89.1     1.9     90.3
AVG. MINIMUM     75.1              71.7     3.4     74.6
MEAN             83.1              80.4     2.7     82.4
DAYS MAX >= 90     22              11.8    10.2       18
DAYS MAX <= 32      0               0.0     0.0        0
DAYS MIN <= 32      0               0.0     0.0        0
DAYS MIN <= 0       0               0.0     0.0        0

PRECIPITATION (INCHES)
MONTHLY RECORD
 MAXIMUM        15.98   1966
 MINIMUM         0.16   1998
DAILY RECORD
 MAXIMUM         5.28   06/02/2007
JUNE 2019
TOTALS           6.52              6.71   -0.19     7.34
DAYS >= .01        13              12.9     0.1       16
DAYS >= .10         9               9.2    -0.2       12
DAYS >= .50         6               4.6     1.4        3
DAYS >= 1.00        2               2.1    -0.1        3
GREATEST
 24 HR. TOTAL    1.66   06/13 TO 06/13

SNOWFALL (INCHES)
TOTALS            0.0               0.0     0.0      0.0
SINCE 7/1         0.0               0.0     0.0      0.0
DAYS >= TRACE       0                                  0

DEGREE_DAYS
HEATING TOTAL       0                 0       0        0
 SINCE 7/1        332               577    -245      342
COOLING TOTAL     551               462      89      528
 SINCE 1/1       1663              1188     475     1671
..............................................................

WIND (MPH)
AVERAGE WIND SPEED              7.6
HIGHEST WIND SPEED/DIRECTION    32/250    DATE  06/12
HIGHEST GUST SPEED/DIRECTION    45/240    DATE  06/12

SKY COVER
POSSIBLE SUNSHINE (PERCENT)   MM
AVERAGE SKY COVER           0.20
NUMBER OF DAYS FAIR           27
NUMBER OF DAYS PC              3
NUMBER OF DAYS CLOUDY          0

AVERAGE RH (PERCENT)     75

WEATHER CONDITIONS. NUMBER OF DAYS WITH
THUNDERSTORM             17     MIXED PRECIP                0
HEAVY RAIN               10     RAIN                       10
LIGHT RAIN               16     FREEZING RAIN               0
LT FREEZING RAIN          0     HAIL                        0
HEAVY SNOW                0     SNOW                        0
LIGHT SNOW                0     SLEET                       0
FOG                      14     FOG W/VIS <= 1/4 MILE       0
HAZE                      4


-  INDICATES NEGATIVE NUMBERS.
R  INDICATES RECORD WAS SET OR TIED.
MM INDICATES DATA IS MISSING.
T  INDICATES TRACE AMOUNT.

$$
