000
CXUS52 KMLB 011227
CLMMLB


CLIMATE REPORT
NATIONAL WEATHER SERVICE MELBOURNE FL
731 AM EDT WED MAY 1 2019

...................................

...THE MELBOURNE CLIMATE SUMMARY FOR THE MONTH OF APRIL 2019...

CLIMATE NORMAL PERIOD 1981 TO 2010
CLIMATE RECORD PERIOD 1939 TO 2019

WEATHER         OBSERVED          NORMAL  DEPART  LAST YEAR`S
                 VALUE   DATE(S)  VALUE   FROM    VALUE
                                          NORMAL
.............................................................
TEMPERATURE (F)
MONTHLY RECORD
 HOTTEST         77.1   2015
 COLDEST         65.7   1987
DAILY RECORD
 HIGH              97   04/15/1999
                        04/25/1967
 LOW               35   04/08/1971
APRIL 2019
HIGHEST            90   04/14                         91
LOWEST             54   04/21                         50
AVG. MAXIMUM     82.9              80.8     2.1     83.5
AVG. MINIMUM     65.2              60.0     5.2     64.5
MEAN             74.0              70.4     3.6     74.0
DAYS MAX >= 90      1               0.6     0.4        3
DAYS MAX <= 32      0               0.0     0.0        0
DAYS MIN <= 32      0               0.0     0.0        0
DAYS MIN <= 0       0               0.0     0.0        0

PRECIPITATION (INCHES)
MONTHLY RECORD
 MAXIMUM         8.15   1951
 MINIMUM         0.01   1987
DAILY RECORD
 MAXIMUM         4.29   04/04/1973
APRIL 2019
TOTALS           1.66              2.13   -0.47     3.03
DAYS >= .01         4               5.8    -1.8       10
DAYS >= .10         3               3.5    -0.5        7
DAYS >= .50         2               1.8     0.2        3
DAYS >= 1.00        0               0.5    -0.5        0
GREATEST
 24 HR. TOTAL    0.56   04/19 TO 04/19

SNOWFALL (INCHES)
TOTALS            0.0               0.0     0.0      0.0
SINCE 7/1         0.0               0.0     0.0      0.0
DAYS >= TRACE       0                                  0

DEGREE_DAYS
HEATING TOTAL       0                16     -16        2
 SINCE 7/1        332               576    -244      342
COOLING TOTAL     280               178     102      278
 SINCE 1/1        661               375     286      739
..............................................................

WIND (MPH)
AVERAGE WIND SPEED              9.7
HIGHEST WIND SPEED/DIRECTION    35/240    DATE  04/19
HIGHEST GUST SPEED/DIRECTION    46/220    DATE  04/19

SKY COVER
POSSIBLE SUNSHINE (PERCENT)   MM
AVERAGE SKY COVER           0.20
NUMBER OF DAYS FAIR           19
NUMBER OF DAYS PC             11
NUMBER OF DAYS CLOUDY          0

AVERAGE RH (PERCENT)     69

WEATHER CONDITIONS. NUMBER OF DAYS WITH

THUNDERSTORM              3     MIXED PRECIP                0
HEAVY RAIN                3     RAIN                        2
LIGHT RAIN                6     FREEZING RAIN               0
LT FREEZING RAIN          0     HAIL                        0
HEAVY SNOW                0     SNOW                        0
LIGHT SNOW                0     SLEET                       0
FOG                       9     FOG W/VIS <= 1/4 MILE       1
HAZE                      0

-  INDICATES NEGATIVE NUMBERS.
R  INDICATES RECORD WAS SET OR TIED.
MM INDICATES DATA IS MISSING.
T  INDICATES TRACE AMOUNT.

$$
