000
CXUS53 KDVN 011048
CLMMLI


CLIMATE REPORT
NATIONAL WEATHER SERVICE QUAD CITIES IA IL
548 AM CDT WED MAY 1 2019

...................................

...THE MOLINE CLIMATE SUMMARY FOR THE MONTH OF APRIL 2019...

CLIMATE NORMAL PERIOD 1981 TO 2010
CLIMATE RECORD PERIOD 1872 TO 2019

WEATHER         OBSERVED          NORMAL  DEPART
                 VALUE   DATE(S)  VALUE   FROM
                                          NORMAL
................................................
TEMPERATURE (F)
RECORD
 HIGH              93   04/25/1986
 LOW                7   04/07/1982
HIGHEST            84   04/21        68      16
LOWEST             27   04/15        35      -8
AVG. MAXIMUM     62.9              62.3     0.6
AVG. MINIMUM     41.1              40.5     0.6
MEAN             52.0              51.4     0.6
DAYS MAX >= 90      0               0.1    -0.1
DAYS MAX <= 32      0               0.1    -0.1
DAYS MIN <= 32      5               5.6    -0.6
DAYS MIN <= 0       0               0.0     0.0

PRECIPITATION (INCHES)
RECORD
 MAXIMUM        11.30   1973
 MINIMUM         0.32   1895
TOTALS           6.51              3.59    2.92
DAILY AVG.       0.22              0.12    0.10
DAYS >= .01        11              11.0     0.0
DAYS >= .10         7
DAYS >= .50         4
DAYS >= 1.00        3               0.9     2.1
GREATEST
 24 HR. TOTAL    2.68   04/28 TO 04/29

SNOWFALL (INCHES)
RECORDS
 TOTAL           13.3   1997
TOTALS            0.0               0.9    -0.9
SINCE 7/1        60.8              31.6    29.2
SNOWDEPTH AVG.      0
DAYS >= TRACE       0               0.7    -0.7
DAYS >= 1.0         0               0.2    -0.2
GREATEST
 SNOW DEPTH         0   MM
 24 HR TOTAL      0.0   04/30 TO 04/30

DEGREE_DAYS
HEATING TOTAL     389               421     -32
 SINCE 7/1       6201              6023     178
COOLING TOTAL       7                13      -6
 SINCE 1/1          7                14      -7
.................................................

WIND (MPH)
AVERAGE WIND SPEED              10.6
HIGHEST WIND SPEED/DIRECTION    37/250    DATE  04/12
HIGHEST GUST SPEED/DIRECTION    47/250    DATE  04/12

SKY COVER
POSSIBLE SUNSHINE (PERCENT)   MM
AVERAGE SKY COVER           0.50
NUMBER OF DAYS FAIR           13
NUMBER OF DAYS PC              9
NUMBER OF DAYS CLOUDY          8

AVERAGE RH (PERCENT)     64

WEATHER CONDITIONS. NUMBER OF DAYS WITH
THUNDERSTORM              5     HAIL                       0
SLEET                     0     FOG                       16
FOG W/VIS <= 1/4 MILE     0     HAZE                       8


-  INDICATES NEGATIVE NUMBERS.
R  INDICATES RECORD WAS SET OR TIED.
MM INDICATES DATA IS MISSING.
T  INDICATES TRACE AMOUNT.

$$
