000
CXUS53 KDVN 011545
CLMMLI


CLIMATE REPORT
NATIONAL WEATHER SERVICE QUAD CITIES IA IL
1045 AM CDT MON JUL 1 2019

...................................

...THE MOLINE CLIMATE SUMMARY FOR THE MONTH OF JUNE 2019...

CLIMATE NORMAL PERIOD 1981 TO 2010
CLIMATE RECORD PERIOD 1872 TO 2019

WEATHER         OBSERVED          NORMAL  DEPART
                 VALUE   DATE(S)  VALUE   FROM
                                          NORMAL
................................................
TEMPERATURE (F)
RECORD
 HIGH             104   06/25/1988
                        06/29/1936
                        06/02/1934
 LOW               39   06/01/1993
                        06/11/1972
                        06/04/1945
HIGHEST            95   06/30        86       9
                        06/29
LOWEST             53   06/13        56      -3
                        06/11
AVG. MAXIMUM     82.6              82.3     0.3
AVG. MINIMUM     62.4              60.7     1.7
MEAN             72.5              71.5     1.0
DAYS MAX >= 90      4               4.0     0.0
DAYS MAX <= 32      0               0.0     0.0
DAYS MIN <= 32      0               0.0     0.0
DAYS MIN <= 0       0               0.0     0.0

PRECIPITATION (INCHES)
RECORD
 MAXIMUM        13.21   1993
 MINIMUM         0.49   1886
TOTALS           4.53              4.49    0.04
DAILY AVG.       0.15              0.15    0.00
DAYS >= .01        14              10.5     3.5
DAYS >= .10         9
DAYS >= .50         2
DAYS >= 1.00        2               1.3     0.7
GREATEST
 24 HR. TOTAL    1.04   06/19 TO 06/19

SNOWFALL (INCHES)
RECORDS
 TOTAL             MM   MM
TOTALS            0.0               0.0     0.0
SINCE 7/1        60.8              31.6    29.2
SNOWDEPTH AVG.      0
DAYS >= TRACE       0               0.0     0.0
DAYS >= 1.0         0               0.0     0.0
GREATEST
 SNOW DEPTH         0   MM
 24 HR TOTAL      0.0   06/30 TO 06/30

DEGREE_DAYS
HEATING TOTAL       2                19     -17
 SINCE 7/1       6377              6203     174
COOLING TOTAL     233               214      19
 SINCE 1/1        299               290       9
.................................................

WIND (MPH)
AVERAGE WIND SPEED              7.3
HIGHEST WIND SPEED/DIRECTION    35/100    DATE  06/21
HIGHEST GUST SPEED/DIRECTION    53/340    DATE  06/30

SKY COVER
POSSIBLE SUNSHINE (PERCENT)   MM
AVERAGE SKY COVER           0.30
NUMBER OF DAYS FAIR           18
NUMBER OF DAYS PC             10
NUMBER OF DAYS CLOUDY          2

AVERAGE RH (PERCENT)     67

WEATHER CONDITIONS. NUMBER OF DAYS WITH
THUNDERSTORM             11     HAIL                       0
SLEET                     0     FOG                       13
FOG W/VIS <= 1/4 MILE     0     HAZE                       8


-  INDICATES NEGATIVE NUMBERS.
R  INDICATES RECORD WAS SET OR TIED.
MM INDICATES DATA IS MISSING.
T  INDICATES TRACE AMOUNT.

$$
