000
CXUS56 KPQR 011655 CCA
CLMMMV

CLIMATE REPORT
NATIONAL WEATHER SERVICE PORTLAND OREGON
945 AM PDT WED MAY 1 2019

...................................

...THE MCMINNVILLE OR CLIMATE SUMMARY FOR THE MONTH OF APRIL 2019...

CLIMATE NORMAL PERIOD 1981 TO 2010
CLIMATE RECORD PERIOD 1894 TO 2019

WEATHER         OBSERVED          NORMAL  DEPART  LAST YEAR`S
                 VALUE   DATE(S)  VALUE   FROM    VALUE  DATE(S)
                                          NORMAL
................................................................
TEMPERATURE (F)
HIGHEST            75                                 84  04/25
LOWEST             32                                 29  04/03
AVG. MAXIMUM     60.9              60.9     0.0     59.9
AVG. MINIMUM     43.1              39.3     3.8     41.1
MEAN             52.0              50.1     1.9     50.5
DAYS MAX >= 90      0               0.0     0.0        0
DAYS MAX <= 32      0               0.0     0.0        0
DAYS MIN <= 32      1               1.6    -0.6        1
DAYS MIN <= 0       0               0.0     0.0        0

PRECIPITATION (INCHES)
RECORD
 MAXIMUM         7.07   1937
 MINIMUM         0.30   1977
TOTALS           4.01              2.91    1.10     4.95
DAYS >= .01        16                MM      MM       18
DAYS >= .10        10                MM      MM       11
DAYS >= .50         3                MM      MM        4
DAYS >= 1.00        0                MM      MM        1
GREATEST
 24 HR. TOTAL    1.30   04/06 TO 04/07

DEGREE_DAYS
HEATING TOTAL     385               447     -62      428
 SINCE 7/1       4241              4398    -157     4005
COOLING TOTAL       0                 0       0        0
 SINCE 1/1          0                 0       0        0
.................................................................

WIND (MPH)
AVERAGE WIND SPEED              6.1
RESULTANT WIND SPEED/DIRECTION   2/256
HIGHEST WIND SPEED/DIRECTION    24/210    DATE  04/05
HIGHEST GUST SPEED/DIRECTION    32/200    DATE  04/05

SKY COVER
POSSIBLE SUNSHINE (PERCENT)   MM
AVERAGE SKY COVER           0.60

AVERAGE RH (PERCENT)     75

WEATHER CONDITIONS. NUMBER OF DAYS WITH
THUNDERSTORMS        0        MIXED PRECIP            0
HEAVY RAIN           0        RAIN                    8
LIGHT RAIN           18       FREEZING RAIN           0
LT FREEZING RAIN     0        HAIL                    0
HEAVY SNOW           0        SNOW                    0
LIGHT SNOW           0        SLEET                   0
FOG                  18       FOG W/VIS <=1/4 MILE    0
HAZE                 3


-  INDICATES NEGATIVE NUMBERS.
R  INDICATES RECORD WAS SET OR TIED.
MM INDICATES DATA IS MISSING.
T  INDICATES TRACE AMOUNT.

$$
