843
CXUS54 KMOB 011343
CLMMOB


CLIMATE REPORT
NATIONAL WEATHER SERVICE MOBILE AL
838 AM CDT WED MAY 1 2019

...................................

...THE MOBILE CLIMATE SUMMARY FOR THE MONTH OF APRIL 2019...

CLIMATE NORMAL PERIOD 1981 TO 2010
CLIMATE RECORD PERIOD 1842 TO 2019

WEATHER         OBSERVED          NORMAL  DEPART  LAST YEAR`S
                 VALUE   DATE(S)  VALUE   FROM    VALUE  DATE(S)
                                          NORMAL
................................................................
TEMPERATURE (F)
RECORD
 HIGH              94   04/21/1987
 LOW               32   04/05/1987
                        04/05/1891
                        04/02/1881
HIGHEST            87   04/10        MM      MM       84  04/29
LOWEST             42   04/21        MM      MM       38  04/16
                        04/15
                        04/03
AVG. MAXIMUM     78.2              77.5     0.7     76.6
AVG. MINIMUM     55.2              55.4    -0.2     52.0
MEAN             66.7              66.4     0.3     64.3
DAYS MAX >= 90      0               0.1    -0.1        0
DAYS MAX <= 32      0               0.0     0.0        0
DAYS MIN <= 32      0               0.0     0.0        0
DAYS MIN <= 0       0               0.0     0.0        0

PRECIPITATION (INCHES)
RECORD
 MAXIMUM           MM   MM
 MINIMUM           MM   MM
TOTALS           6.31              4.79    1.52     3.07
DAILY AVG.       0.21              0.16    0.05     0.10
DAYS >= .01         9               7.0     2.0        6
DAYS >= .10         8               5.0     3.0        4
DAYS >= .50         4               2.7     1.3        2
DAYS >= 1.00        4               1.4     2.6        2
GREATEST
 24 HR. TOTAL    1.80   04/14 TO 04/14

DEGREE_DAYS
HEATING TOTAL      58                60      -2       72
 SINCE 7/1       1374              1691    -317     1487
COOLING TOTAL     115               104      11       59
 SINCE 1/1        237               159      78      221
.................................................................

WIND (MPH)
AVERAGE WIND SPEED              7.6
HIGHEST WIND SPEED/DIRECTION    37/210    DATE  04/18
HIGHEST GUST SPEED/DIRECTION    55/210    DATE  04/18

SKY COVER
POSSIBLE SUNSHINE (PERCENT)   MM
AVERAGE SKY COVER           0.50
NUMBER OF DAYS FAIR           12
NUMBER OF DAYS PC             11
NUMBER OF DAYS CLOUDY          7

AVERAGE RH (PERCENT)     73

WEATHER CONDITIONS. NUMBER OF DAYS WITH
THUNDERSTORM              8     MIXED PRECIP               0
HEAVY RAIN                6     RAIN                       7
LIGHT RAIN                9     FREEZING RAIN              0
LT FREEZING RAIN          0     HAIL                       0
HEAVY SNOW                0     SNOW                       0
LIGHT SNOW                0     SLEET                      0
FOG                      14     FOG W/VIS <= 1/4 MILE      5
HAZE                      6

-  INDICATES NEGATIVE NUMBERS.
R  INDICATES RECORD WAS SET OR TIED.
MM INDICATES DATA IS MISSING.
T  INDICATES TRACE AMOUNT.

$$
