853
CXUS54 KMOB 011604
CLMMOB


CLIMATE REPORT
NATIONAL WEATHER SERVICE MOBILE AL
1056 AM CDT THU AUG 1 2019

...................................

...THE MOBILE CLIMATE SUMMARY FOR THE MONTH OF JULY 2019...

CLIMATE NORMAL PERIOD 1981 TO 2010
CLIMATE RECORD PERIOD 1842 TO 2019

WEATHER         OBSERVED          NORMAL  DEPART  LAST YEAR`S
                 VALUE   DATE(S)  VALUE   FROM    VALUE  DATE(S)
                                          NORMAL
................................................................
TEMPERATURE (F)
RECORD
 HIGH             104   07/25/1952
 LOW               62   07/16/1967
                        07/15/1967
                        07/23/1947
HIGHEST           100   07/06                         96  07/28
                                                          07/22
                                                          07/21
LOWEST             68   07/31                         72  07/25
                                                          07/24
                                                          07/12
AVG. MAXIMUM     92.3              91.0     1.3     92.0
AVG. MINIMUM     73.9              72.7     1.2     74.2
MEAN             83.1              81.8     1.3     83.1
DAYS MAX >= 90     25              20.0     5.0       26
DAYS MAX <= 32      0               0.0     0.0        0
DAYS MIN <= 32      0               0.0     0.0        0
DAYS MIN <= 0       0               0.0     0.0        0

PRECIPITATION (INCHES)
RECORD
 MAXIMUM        20.50   1916
 MINIMUM         1.13   1947
TOTALS           6.24              7.25   -1.01     6.96
DAILY AVG.       0.20              0.23   -0.03     0.23
DAYS >= .01        14              14.7    -0.7       12
DAYS >= .10         8              10.0    -2.0        7
DAYS >= .50         3               4.7    -1.7        5
DAYS >= 1.00        1               2.2    -1.2        4
GREATEST
 24 HR. TOTAL    3.78   07/13 TO 07/13

DEGREE_DAYS
COOLING TOTAL     570               522      48      570
 SINCE 1/1       1702              1411     291     1690
.................................................................

WIND (MPH)
AVERAGE WIND SPEED              5.8
HIGHEST WIND SPEED/DIRECTION    26/140    DATE  07/11
HIGHEST GUST SPEED/DIRECTION    33/130    DATE  07/11

SKY COVER
POSSIBLE SUNSHINE (PERCENT)   MM
AVERAGE SKY COVER           0.50
NUMBER OF DAYS FAIR            6
NUMBER OF DAYS PC             24
NUMBER OF DAYS CLOUDY          1

AVERAGE RH (PERCENT)     76

WEATHER CONDITIONS. NUMBER OF DAYS WITH
THUNDERSTORM             14     MIXED PRECIP               0
HEAVY RAIN                6     RAIN                       6
LIGHT RAIN               11     FREEZING RAIN              0
LT FREEZING RAIN          0     HAIL                       0
HEAVY SNOW                0     SNOW                       0
LIGHT SNOW                0     SLEET                      0
FOG                      20     FOG W/VIS <= 1/4 MILE      1
HAZE                      6

-  INDICATES NEGATIVE NUMBERS.
R  INDICATES RECORD WAS SET OR TIED.
MM INDICATES DATA IS MISSING.
T  INDICATES TRACE AMOUNT.

$$
