000
CXUS51 KPHI 021513
CLMMPO


CLIMATE REPORT
NATIONAL WEATHER SERVICE MOUNT HOLLY NJ
1109 AM EDT THU MAY 2 2019

...................................

...THE MOUNT POCONO PA CLIMATE SUMMARY FOR THE MONTH OF APRIL 2019...

CLIMATE NORMAL PERIOD 1981 TO 2010
CLIMATE RECORD PERIOD 1901 TO 2019

WEATHER         OBSERVED          NORMAL  DEPART  LAST YEAR`S
                 VALUE   DATE(S)  VALUE   FROM    VALUE
                                          NORMAL
.............................................................
TEMPERATURE (F)
RECORD
 HIGH              88   04/18/1976
                        04/26/1915
                        04/25/1915
 LOW                0   04/16/1908
HIGHEST            73                MM      MM       80
LOWEST             21                MM      MM       17
AVG. MAXIMUM     56.7              55.2     1.5     48.5
AVG. MINIMUM     37.0              35.4     1.6     29.9
MEAN             46.8              45.3     1.5     39.2
DAYS MAX >= 90      0               0.0     0.0        0
DAYS MAX <= 32      1               0.5     0.5        1
DAYS MIN <= 32     11              10.8     0.2       22
DAYS MIN <= 0       0               0.0     0.0        0

PRECIPITATION (INCHES)
RECORD
 MAXIMUM        11.65   1983
 MINIMUM         0.00   1914
TOTALS           6.13              4.02    2.11     4.43
DAILY AVG.       0.20              0.13    0.07     0.15
DAYS >= .01        15                MM      MM       14
DAYS >= .10         9                MM      MM        9
DAYS >= .50         5                MM      MM        2
DAYS >= 1.00        2                MM      MM        1
GREATEST
 24 HR. TOTAL    1.23   04/26 TO 04/26              1.73

DEGREE_DAYS
HEATING TOTAL     537               596     -59      766
 SINCE 7/1       6708              6694      14     6842
COOLING TOTAL       0                 4      -4        0
 SINCE 1/1          0                 4      -4        0
..............................................................

WIND (MPH)
AVERAGE WIND SPEED              10.7
HIGHEST WIND SPEED/DIRECTION    36/290    DATE  04/15
HIGHEST GUST SPEED/DIRECTION    51/290    DATE  04/15

SKY COVER
POSSIBLE SUNSHINE (PERCENT)   MM
AVERAGE SKY COVER           0.50
NUMBER OF DAYS FAIR            9
NUMBER OF DAYS PC             12
NUMBER OF DAYS CLOUDY          9

AVERAGE RH (PERCENT)     69

WEATHER CONDITIONS. NUMBER OF DAYS WITH
THUNDERSTORM              2     MIXED PRECIP               0
HEAVY RAIN                5     RAIN                      10
LIGHT RAIN               19     FREEZING RAIN              0
LT FREEZING RAIN          1     HEAVY SNOW                 0
SNOW                      0     LIGHT SNOW                 2
SLEET                     1     FOG                       11
FOG W/VIS <= 1/4 MILE     1     HAZE                       0

-  INDICATES NEGATIVE NUMBERS.
R  INDICATES RECORD WAS SET OR TIED.
MM INDICATES DATA IS MISSING.
T  INDICATES TRACE AMOUNT.

$$
