000
CXUS51 KPHI 031136
CLMMPO


CLIMATE REPORT
NATIONAL WEATHER SERVICE MOUNT HOLLY NJ
732 AM EDT SAT AUG 3 2019

...................................

...THE MOUNT POCONO PA CLIMATE SUMMARY FOR THE MONTH OF JULY 2019...

CLIMATE NORMAL PERIOD 1981 TO 2010
CLIMATE RECORD PERIOD 1901 TO 2019

WEATHER         OBSERVED          NORMAL  DEPART  LAST YEAR`S
                 VALUE   DATE(S)  VALUE   FROM    VALUE
                                          NORMAL
.............................................................
TEMPERATURE (F)
RECORD
 HIGH             103   07/03/1911
 LOW               34   07/09/1909
                        07/04/1907
HIGHEST            89                MM      MM       88
LOWEST             52                MM      MM       45
AVG. MAXIMUM     80.5              78.1     2.4     78.9
AVG. MINIMUM     60.6              58.3     2.3     58.0
MEAN             70.6              68.2     2.4     68.5
DAYS MAX >= 90      0               0.6    -0.6        0
DAYS MAX <= 32      0               0.0     0.0        0
DAYS MIN <= 32      0               0.0     0.0        0
DAYS MIN <= 0       0               0.0     0.0        0

PRECIPITATION (INCHES)
RECORD
 MAXIMUM        15.86   1945
 MINIMUM         0.60   1960
TOTALS           4.65              4.64    0.01    10.85
DAILY AVG.       0.15              0.15    0.00     0.35
DAYS >= .01        14                MM      MM       14
DAYS >= .10         7                MM      MM        9
DAYS >= .50         4                MM      MM        8
DAYS >= 1.00        1                MM      MM        2
GREATEST
 24 HR. TOTAL    1.68   07/22 TO 07/22              3.48

DEGREE_DAYS
HEATING TOTAL       1                22     -21       22
 SINCE 7/1          1                22     -21       22
COOLING TOTAL     181               121      60      140
 SINCE 1/1        225               202      23      234
..............................................................

WIND (MPH)
AVERAGE WIND SPEED              6.6
HIGHEST WIND SPEED/DIRECTION    35/310    DATE  07/21
HIGHEST GUST SPEED/DIRECTION    43/320    DATE  07/21

SKY COVER
POSSIBLE SUNSHINE (PERCENT)   MM
AVERAGE SKY COVER           0.40
NUMBER OF DAYS FAIR           17
NUMBER OF DAYS PC              9
NUMBER OF DAYS CLOUDY          5

AVERAGE RH (PERCENT)     78

WEATHER CONDITIONS. NUMBER OF DAYS WITH
THUNDERSTORM              9     MIXED PRECIP               0
HEAVY RAIN                3     RAIN                       5
LIGHT RAIN               14     FREEZING RAIN              0
LT FREEZING RAIN          0     HEAVY SNOW                 0
SNOW                      0     LIGHT SNOW                 0
SLEET                     0     FOG                       11
FOG W/VIS <= 1/4 MILE     4     HAZE                       0

-  INDICATES NEGATIVE NUMBERS.
R  INDICATES RECORD WAS SET OR TIED.
MM INDICATES DATA IS MISSING.
T  INDICATES TRACE AMOUNT.

$$
