000
CXUS53 KMQT 011323
CLMMQT

ARBCLMMQT 000
TTAA00 KMQT 011322


CLIMATE REPORT
NATIONAL WEATHER SERVICE MARQUETTE MI
922 AM EDT THU AUG 1 2019

...................................

...THE MARQUETTE MI CLIMATE SUMMARY FOR THE MONTH OF JULY 2019...

CLIMATE NORMAL PERIOD 1981 TO 2010
CLIMATE RECORD PERIOD 1961 TO 2019

WEATHER         OBSERVED          NORMAL  DEPART  LAST YEAR`S
                 VALUE   DATE(S)  VALUE   FROM    VALUE  DATE(S)
                                          NORMAL
................................................................
TEMPERATURE (F)
RECORD
 HIGH              99   07/28/1988
                        07/19/1977
 LOW               34   07/10/1968
                        07/05/1967
HIGHEST            88   07/10        75      13       89  07/04
LOWEST             44   07/07        54     -10       43  07/18
AVG. MAXIMUM     78.4              76.4     2.0     77.4
AVG. MINIMUM     56.1              54.6     1.5     55.5
MEAN             67.3              65.5     1.8     66.5
DAYS MAX >= 90      0               1.3    -1.3        0
DAYS MAX <= 32      0               0.0     0.0        0
DAYS MIN <= 32      0               0.0     0.0        0
DAYS MIN <= 0       0               0.0     0.0        0

PRECIPITATION (INCHES)
RECORD
 MAXIMUM         5.60   1970
 MINIMUM         0.57   1981
TOTALS           1.97              2.84   -0.87     3.31
DAILY AVG.       0.06              0.09   -0.03     0.11
DAYS >= .01         8              11.6    -3.6       11
DAYS >= .10         4               6.6    -2.6        9
DAYS >= .50         1               1.7    -0.7        3
DAYS >= 1.00        0               0.4    -0.4        1
GREATEST
 24 HR. TOTAL    0.57   07/15 TO 07/15

SNOWFALL (INCHES)
RECORDS
 TOTAL              T   2017
                        2016
                        2007
TOTALS            0.0               0.0     0.0      0.0
SINCE 7/1         0.0               0.0     0.0      0.0
SNOWDEPTH AVG.      0                MM      MM        0
DAYS >= 1.0         0               0.0     0.0        0
GREATEST
 SNOW DEPTH         0   MM                             0  MM
 24 HR TOTAL      0.0   07/31 TO 07/31

DEGREE_DAYS
HEATING TOTAL      38                79     -41       45
 SINCE 7/1         38                79     -41       45
COOLING TOTAL     116                94      22       98
 SINCE 1/1        147               154      -7      176
.................................................................

WIND (MPH)
AVERAGE WIND SPEED              MM
HIGHEST WIND SPEED/DIRECTION    MM        DATE   MM
HIGHEST GUST SPEED/DIRECTION   180/020    DATE  07/04

SKY COVER
POSSIBLE SUNSHINE (PERCENT)   MM
AVERAGE SKY COVER             MM
NUMBER OF DAYS FAIR            0
NUMBER OF DAYS PC              0
NUMBER OF DAYS CLOUDY          0

AVERAGE RH (PERCENT)     MM

WEATHER CONDITIONS. NUMBER OF DAYS WITH
THUNDERSTORM              6     MIXED PRECIP               0
HEAVY RAIN                1     RAIN                       4
LIGHT RAIN               11     FREEZING RAIN              0
LT FREEZING RAIN          0     HAIL                       0
HEAVY SNOW                0     SNOW                       0
LIGHT SNOW                0     SLEET                      0
FOG                       2     FOG W/VIS <= 1/4 MILE      1
HAZE                      0

-  INDICATES NEGATIVE NUMBERS.
R  INDICATES RECORD WAS SET OR TIED.
MM INDICATES DATA IS MISSING.
T  INDICATES TRACE AMOUNT.

$$
