000
CXUS53 KMQT 020332
CLMMQT

ARBCLMMQT 000
TTAA00 KMQT 020332


CLIMATE REPORT
NATIONAL WEATHER SERVICE MARQUETTE MI
1131 PM EDT WED MAY 1 2019

...................................

...THE MARQUETTE MI CLIMATE SUMMARY FOR THE MONTH OF APRIL 2019...

CLIMATE NORMAL PERIOD 1981 TO 2010
CLIMATE RECORD PERIOD 1961 TO 2019

WEATHER         OBSERVED          NORMAL  DEPART  LAST YEAR`S
                 VALUE   DATE(S)  VALUE   FROM    VALUE  DATE(S)
                                          NORMAL
................................................................
TEMPERATURE (F)
RECORD
 HIGH              92   04/22/1980
 LOW               -9   04/06/2003
HIGHEST            65   04/20        46      19       73  04/30
LOWEST             11   04/04        27     -16       -2  04/08
AVG. MAXIMUM     43.7              47.8    -4.1     39.7
AVG. MINIMUM     26.9              28.0    -1.1     18.6
MEAN             35.3              37.9    -2.6     29.2
DAYS MAX >= 90      0               0.0     0.0        0
DAYS MAX <= 32      2               2.6    -0.6       11
DAYS MIN <= 32     24              21.1     2.9       29
DAYS MIN <= 0       0               0.1    -0.1        1

PRECIPITATION (INCHES)
RECORD
 MAXIMUM         6.56   1985
 MINIMUM         0.90   1998
TOTALS           5.02              3.01    2.01     3.28
DAILY AVG.       0.17              0.10    0.07     0.11
DAYS >= .01        16              12.2     3.8       11
DAYS >= .10         8               6.9     1.1        4
DAYS >= .50         4               1.7     2.3        1
DAYS >= 1.00        1               0.6     0.4        1
GREATEST
 24 HR. TOTAL    1.31   04/22 TO 04/22

SNOWFALL (INCHES)
RECORDS
 TOTAL           55.2   2007
                        0
                        0
TOTALS            8.6              14.5    -5.9     35.2
SINCE 7/1       221.7             201.8    19.9    175.3
SNOWDEPTH AVG.     12                11       1       20
DAYS >= 1.0         2               3.3    -1.3        5
GREATEST
 SNOW DEPTH        23   04/02                         36  04/17
                        04/01
 24 HR TOTAL      5.4   04/11 TO 04/11

DEGREE_DAYS
HEATING TOTAL     881               815      66     1066
 SINCE 7/1       9229              8702     527     9081
COOLING TOTAL       0                 1      -1        0
 SINCE 1/1          0                 1      -1        0
.................................................................

WIND (MPH)
AVERAGE WIND SPEED              MM
HIGHEST WIND SPEED/DIRECTION    MM        DATE   MM
HIGHEST GUST SPEED/DIRECTION    36/315    DATE  04/26

SKY COVER
POSSIBLE SUNSHINE (PERCENT)   MM
AVERAGE SKY COVER             MM
NUMBER OF DAYS FAIR            0
NUMBER OF DAYS PC              0
NUMBER OF DAYS CLOUDY          0

AVERAGE RH (PERCENT)     MM

WEATHER CONDITIONS. NUMBER OF DAYS WITH
THUNDERSTORM              0     MIXED PRECIP               2
HEAVY RAIN                1     RAIN                       3
LIGHT RAIN               15     FREEZING RAIN              0
LT FREEZING RAIN          2     HAIL                       1
HEAVY SNOW                1     SNOW                       1
LIGHT SNOW               10     SLEET                      2
FOG                       8     FOG W/VIS <= 1/4 MILE      7
HAZE                      0

-  INDICATES NEGATIVE NUMBERS.
R  INDICATES RECORD WAS SET OR TIED.
MM INDICATES DATA IS MISSING.
T  INDICATES TRACE AMOUNT.

$$
