000
CXUS54 KHUN 012143
CLMMSL


CLIMATE REPORT
NATIONAL WEATHER SERVICE HUNTSVILLE AL
443 PM CDT THU AUG 01 2019

...................................

...THE MUSCLE SHOALS CLIMATE SUMMARY FOR THE MONTH OF JULY 2019...

CLIMATE NORMAL PERIOD 1981 TO 2010
CLIMATE RECORD PERIOD 1893 TO 2019

WEATHER         OBSERVED          NORMAL  DEPART   LAST YEAR`S
                VALUE   DATE(S)   VALUE   FROM     VALUE
                                          NORMAL
..............................................................
TEMPERATURE (F)
RECORD
 HIGH            108   07/29/1930
                       07/28/1930
                       07/13/1930
 LOW              49   07/01/1937
HIGHEST           97   07/01         MM      MM       98
                       07/09
LOWEST            61   07/25         MM      MM       63
AVG. MAXIMUM    92.2               90.8     1.4     91.9
AVG. MINIMUM    72.3               70.0     2.3     71.3
MEAN            82.3               80.4     1.9     81.6
DAYS MAX >= 90    24               18.2     5.8       22
DAYS MAX <= 32     0                0.0     0.0        0
DAYS MIN <= 32     0                0.0     0.0        0
DAYS MIN <= 0      0                0.0     0.0        0

PRECIPITATION (INCHES)
RECORD
 MAXIMUM       14.60   1916
 MINIMUM        0.77
TOTALS          6.23               4.30    1.93     3.40
DAILY AVG.      0.20               0.14    0.06
DAYS >= .01       12               10.2     1.8        5
DAYS >= .10       12                7.0     5.0        5
DAYS >= .50        4                2.7     1.3        3
DAYS >= 1.00       2                1.1     0.9        1
GREATEST
 24 HR. TOTAL   2.91   07/16 TO 07/17               0.68

SNOWFALL (INCHES)
RECORDS
 TOTAL           0.0   2002
 24 HR TOTAL     0.0   MM
TOTALS            MM                0.0      MM      0.0
SINCE 7/1         MM                0.0      MM       MM
DAYS >= TRACE     MM                0.0      MM
DAYS >= 1.0       MM                0.0      MM
GREATEST
 24 HR TOTAL      MM                                  MM

DEGREE DAYS
HEATING TOTAL      0                  0       0        0
 SINCE 7/1         0                  0       0       MM
COOLING TOTAL    542                477      65      523
 SINCE 1/1      1344               1083     261       MM

FREEZE DATES
RECORD
 EARLIEST     10/03/1908
 LATEST       04/27/1919
EARLIEST                        11/10
LATEST                          03/05
..............................................................

WIND (MPH)
AVERAGE WIND SPEED              MM
HIGHEST WIND SPEED/DIRECTION    28/280    DATE  07/16
HIGHEST GUST SPEED/DIRECTION    34/280    DATE  07/16

SKY COVER
POSSIBLE SUNSHINE (PERCENT)   MM


WEATHER CONDITIONS. NUMBER OF DAYS WITH
THUNDERSTORM             10     MIXED PRECIP               0
HEAVY RAIN                7     RAIN                       7
LIGHT RAIN               18     FREEZING RAIN              0
LT FREEZING RAIN          0     HAIL                       0
HEAVY SNOW                0     SNOW                       0
LIGHT SNOW                0     SLEET                      0
FOG                       0     FOG W/VIS <= 1/4 MILE      0

-  INDICATES NEGATIVE NUMBERS.
R  INDICATES RECORD WAS SET OR TIED.
MM INDICATES DATA IS MISSING.
T  INDICATES TRACE AMOUNT.

$$
