000
CXUS53 KMKX 021637
CLMMSN


CLIMATE REPORT
NATIONAL WEATHER SERVICE IN MILWAUKEE
1127 AM CDT TUE JUL 2 2019

...................................

...THE MADISON WI CLIMATE SUMMARY FOR THE MONTH OF JUNE 2019...

CLIMATE NORMAL PERIOD 1981 TO 2010
CLIMATE RECORD PERIOD 1871 TO 2019

WEATHER         OBSERVED          NORMAL  DEPART  LAST YEAR`S
                 VALUE   DATE(S)  VALUE   FROM    VALUE  DATE(S)
                                          NORMAL
................................................................
TEMPERATURE (F)
RECORD
 HIGH             101   06/20/1988
 LOW               31   06/10/1972
HIGHEST            90   06/29        90       0       93  06/29
LOWEST             45   06/03        43       2       49  06/06
AVG. MAXIMUM     77.1              77.9    -0.8     78.4
AVG. MINIMUM     56.2              56.1     0.1     60.0
MEAN             66.6              67.0    -0.4     69.2
DAYS MAX >= 90      1               1.3    -0.3        3
DAYS MAX <= 32      0               0.0     0.0        0
DAYS MIN <= 32      0               0.0     0.0        0
DAYS MIN <= 0       0               0.0     0.0        0

PRECIPITATION (INCHES)
RECORD
 MAXIMUM        10.93   2008
 MINIMUM         0.31   2012
TOTALS           5.16              4.54    0.62     5.67
DAILY AVG.       0.17              0.15    0.02     0.19
DAYS >= .01        15              11.1     3.9       13
DAYS >= .10        10               7.3     2.7        9
DAYS >= .50         3               2.7     0.3        4
DAYS >= 1.00        1               1.2    -0.2        2
GREATEST
 24 HR. TOTAL    1.48   06/27 TO 06/28              1.80

DEGREE_DAYS
HEATING TOTAL      42                60     -18       16
 SINCE 7/1       7501              7333     168     7207
COOLING TOTAL      98               120     -22      146
 SINCE 1/1        118               150     -32      247
.................................................................

WIND (MPH)
AVERAGE WIND SPEED              6.2
HIGHEST WIND SPEED/DIRECTION    36/060    DATE  06/23
HIGHEST GUST SPEED/DIRECTION    45/270    DATE  06/27

SKY COVER
AVERAGE SKY COVER           0.60
NUMBER OF DAYS FAIR            5
NUMBER OF DAYS PC             18
NUMBER OF DAYS CLOUDY          7

AVERAGE RH (PERCENT)     70

-  INDICATES NEGATIVE NUMBERS.
R  INDICATES RECORD WAS SET OR TIED.
MM INDICATES DATA IS MISSING.
T  INDICATES TRACE AMOUNT.

$$
