000
CXUS53 KMKX 011319
CLMMSN


CLIMATE REPORT
NATIONAL WEATHER SERVICE IN MILWAUKEE
815 AM CDT WED MAY 1 2019

...................................

...THE MADISON WI CLIMATE SUMMARY FOR THE MONTH OF APRIL 2019...

CLIMATE NORMAL PERIOD 1981 TO 2010
CLIMATE RECORD PERIOD 1871 TO 2019

WEATHER         OBSERVED          NORMAL  DEPART  LAST YEAR`S
                 VALUE   DATE(S)  VALUE   FROM    VALUE  DATE(S)
                                          NORMAL
................................................................
TEMPERATURE (F)
RECORD
 HIGH              94   04/22/1980
 LOW                0   04/07/1982
HIGHEST            80   04/21        77       3       81  04/30
LOWEST             22   04/15        21       1       14  04/08
                                                          04/07
                                                          04/05
AVG. MAXIMUM     57.1              57.3    -0.2     48.1
AVG. MINIMUM     36.7              35.8     0.9     27.0
MEAN             46.9              46.6     0.3     37.6
DAYS MAX >= 90      0               0.0     0.0        0
DAYS MAX <= 32      0               0.3    -0.3        2
DAYS MIN <= 32     10              10.3    -0.3       21
DAYS MIN <= 0       0               0.0     0.0        0

PRECIPITATION (INCHES)
RECORD
 MAXIMUM         7.19   1909
 MINIMUM            T   1877
TOTALS           3.22              3.40   -0.18     2.14
DAILY AVG.       0.11              0.11    0.00     0.07
DAYS >= .01        13              12.1     0.9       10
DAYS >= .10        10               7.0     3.0        5
DAYS >= .50         2               2.2    -0.2        2
DAYS >= 1.00        1               0.7     0.3        0
GREATEST
 24 HR. TOTAL    1.00   04/22 TO 04/22              0.77

SNOWFALL (INCHES)
RECORDS
 TOTAL           17.4   1973
TOTALS            2.9               2.6     0.3     13.5
SINCE 7/1        57.2              50.7     6.5     44.4
SNOWDEPTH AVG.      0                MM      MM        1
DAYS >= 1.0         2               0.7     1.3        3
GREATEST
 SNOW DEPTH         1   04/28                          7  04/19
 24 HR TOTAL      1.7   04/10 TO 04/10               7.2

DEGREE_DAYS
HEATING TOTAL     535               558     -23      817
 SINCE 7/1       7163              7007     156     7085
COOLING TOTAL       0                 4      -4        0
 SINCE 1/1          0                 4      -4        0
.................................................................

WIND (MPH)
AVERAGE WIND SPEED              9.1
HIGHEST WIND SPEED/DIRECTION    30/070    DATE  04/11
HIGHEST GUST SPEED/DIRECTION    40/080    DATE  04/11

SKY COVER
POSSIBLE SUNSHINE (PERCENT)   MM
AVERAGE SKY COVER           0.60
NUMBER OF DAYS FAIR            5
NUMBER OF DAYS PC             13
NUMBER OF DAYS CLOUDY         12

AVERAGE RH (PERCENT)     67

-  INDICATES NEGATIVE NUMBERS.
R  INDICATES RECORD WAS SET OR TIED.
MM INDICATES DATA IS MISSING.
T  INDICATES TRACE AMOUNT.

$$
