000
CXUS55 KMSO 072044 RRA
CLMMSO

CLIMATE REPORT
NATIONAL WEATHER SERVICE MISSOULA, MT
244 PM MDT TUE MAY 7 2019

...................................

...THE MISSOULA MT CLIMATE SUMMARY FOR THE MONTH OF MARCH 2019...

CLIMATE NORMAL PERIOD 1981 TO 2010
CLIMATE RECORD PERIOD 1893 TO 2019

WEATHER         OBSERVED          NORMAL  DEPART  LAST YEAR`S
                 VALUE   DATE(S)  VALUE   FROM    VALUE
                                          NORMAL
.............................................................
TEMPERATURE (F)
RECORD
 HIGH              78   03/30/2004
 LOW              -13   03/05/1955
HIGHEST            56   03/31        MM      MM       61
LOWEST            -10   03/05        MM      MM       13
AVG. MAXIMUM     39.9              49.8    -9.9     47.3
AVG. MINIMUM     16.2              27.7   -11.5     26.5
MEAN             28.0              38.8   -10.8     36.9
DAYS MAX >= 90      0               0.0     0.0        0
DAYS MAX <= 32      7               0.9     6.1        0
DAYS MIN <= 32     29              23.0     6.0       27
DAYS MIN <= 0       4               0.1     3.9        0

PRECIPITATION (INCHES)
RECORD
 MAXIMUM         2.31   1901
 MINIMUM         0.11   1911
TOTALS           0.55              1.00   -0.45     0.76
DAILY AVG.       0.02              0.03   -0.01     0.02
DAYS >= .01         9              11.4    -2.4        9
DAYS >= .10         1               3.4    -2.4        2
DAYS >= .50         0               0.1    -0.1        0
DAYS >= 1.00        0               0.0     0.0        0
GREATEST
 24 HR. TOTAL    0.27   03/27 TO 03/27              0.30

SNOWFALL (INCHES)
TOTALS            2.1               5.1    -3.0      1.2
SINCE 7/1        59.4              36.5    22.9     51.6
DAYS >= TRACE       8               5.1     2.9        9
DAYS >= 1.0         0               1.8    -1.8        0
GREATEST
 SNOW DEPTH        13   03/01                          5
 24 HR TOTAL      0.7   03/07 TO 03/07               0.6

DEGREE_DAYS
HEATING TOTAL    1139               814     325
 SINCE 7/1       6857              6183     674
COOLING TOTAL       0                 0       0
 SINCE 1/1          0                 0       0
..............................................................

WIND (MPH)
AVERAGE WIND SPEED              4.2
HIGHEST WIND SPEED/DIRECTION    30/090    DATE  03/01
HIGHEST GUST SPEED/DIRECTION    37/090    DATE  03/01

SKY COVER
POSSIBLE SUNSHINE (PERCENT)   MM
AVERAGE SKY COVER           0.40
NUMBER OF DAYS FAIR           14
NUMBER OF DAYS PC             11
NUMBER OF DAYS CLOUDY          6

AVERAGE RH (PERCENT)     68

-  INDICATES NEGATIVE NUMBERS.
R  INDICATES RECORD WAS SET OR TIED.
MM INDICATES DATA IS MISSING.
T  INDICATES TRACE AMOUNT.

$$
