000
CXUS53 KMPX 010736
CLMMSP


CLIMATE REPORT
NATIONAL WEATHER SERVICE CHANHASSEN MN
235 AM CDT WED MAY 1 2019

...................................

...THE TWIN CITIES MN CLIMATE SUMMARY FOR THE MONTH OF APRIL 2019...

CLIMATE NORMAL PERIOD 1981 TO 2010
CLIMATE RECORD PERIOD 1871 TO 2019

WEATHER         OBSERVED          NORMAL  DEPART  LAST YEAR`S
                 VALUE   DATE(S)  VALUE   FROM    VALUE  DATE(S)
                                          NORMAL
................................................................
TEMPERATURE (F)
RECORD
 HIGH              95   04/21/1980
 LOW                2   04/13/1962
HIGHEST            78   04/20        67      11       84  04/30
LOWEST             24   04/14        28      -4        8  04/04
AVG. MAXIMUM     55.2              57.8    -2.6     47.4
AVG. MINIMUM     37.1              37.2    -0.1     27.7
MEAN             46.2              47.5    -1.3     37.6
DAYS MAX >= 90      0               0.0     0.0        0
DAYS MAX <= 32      0               0.3    -0.3        8
DAYS MIN <= 32     10               8.6     1.4       20
DAYS MIN <= 0       0               0.0     0.0        0

PRECIPITATION (INCHES)
RECORD
 MAXIMUM         7.00   2001
 MINIMUM         0.16   1987
TOTALS           3.91              2.66    1.25     2.21
DAILY AVG.       0.13              0.09    0.04     0.07
DAYS >= .01        10              10.7    -0.7        8
DAYS >= .10         7               5.9     1.1        6
DAYS >= .50         2               1.7     0.3        2
DAYS >= 1.00        1               0.4     0.6        0
GREATEST
 24 HR. TOTAL    1.10   04/17 TO 04/17

SNOWFALL (INCHES)
RECORDS
 TOTAL           26.1   2018
TOTALS            9.8               2.4     7.4     26.1
SINCE 7/1        77.1              54.4    22.7     78.3
SNOWDEPTH AVG.      0                MM      MM        3
DAYS >= 1.0         2               0.6     1.4        6
GREATEST
 SNOW DEPTH         6   04/11                         11  04/16
 24 HR TOTAL      4.6   04/10 TO 04/10

DEGREE_DAYS
HEATING TOTAL     559               530      29      822
 SINCE 7/1       7712              7318     394     7515
COOLING TOTAL       0                 5      -5        4
 SINCE 1/1          0                 5      -5        4
.................................................................

WIND (MPH)
AVERAGE WIND SPEED              10.0
HIGHEST WIND SPEED/DIRECTION    38/080    DATE  04/11
HIGHEST GUST SPEED/DIRECTION    50/090    DATE  04/11

SKY COVER
POSSIBLE SUNSHINE (PERCENT)   MM
AVERAGE SKY COVER           0.70
NUMBER OF DAYS FAIR            5
NUMBER OF DAYS PC             10
NUMBER OF DAYS CLOUDY         15

AVERAGE RH (PERCENT)     64

WEATHER CONDITIONS. NUMBER OF DAYS WITH
  0
  7
  0
  1
  2
  1
  2
HAZE                      5

-  INDICATES NEGATIVE NUMBERS.
R  INDICATES RECORD WAS SET OR TIED.
MM INDICATES DATA IS MISSING.
T  INDICATES TRACE AMOUNT.

$$
