000
CXUS53 KMPX 010711
CLMMSP


CLIMATE REPORT
NATIONAL WEATHER SERVICE CHANHASSEN MN
210 AM CDT THU AUG 1 2019

...................................

...THE TWIN CITIES MN CLIMATE SUMMARY FOR THE MONTH OF JULY 2019...

CLIMATE NORMAL PERIOD 1981 TO 2010
CLIMATE RECORD PERIOD 1871 TO 2019

WEATHER         OBSERVED          NORMAL  DEPART  LAST YEAR`S
                 VALUE   DATE(S)  VALUE   FROM    VALUE  DATE(S)
                                          NORMAL
................................................................
TEMPERATURE (F)
RECORD
 HIGH             108   07/14/1936
 LOW               43   07/04/1972
HIGHEST            95   07/19        93       2       95  07/12
LOWEST             59   07/30        56       3       58  07/28
                                                          07/27
AVG. MAXIMUM     83.8              83.4     0.4     84.2
AVG. MINIMUM     66.9              64.1     2.8     65.8
MEAN             75.4              73.8     1.6     75.0
DAYS MAX >= 90      3               4.9    -1.9        4
DAYS MAX <= 32      0               0.0     0.0        0
DAYS MIN <= 32      0               0.0     0.0        0
DAYS MIN <= 0       0               0.0     0.0        0

PRECIPITATION (INCHES)
RECORD
 MAXIMUM        17.90   1987
 MINIMUM         0.11   1936
TOTALS           6.48              4.04    2.44     4.44
DAILY AVG.       0.21              0.13    0.08     0.14
DAYS >= .01        13              10.2     2.8        9
DAYS >= .10         9               6.4     2.6        4
DAYS >= .50         3               2.4     0.6        3
DAYS >= 1.00        3               0.9     2.1        2
GREATEST
 24 HR. TOTAL    2.02   07/01 TO 07/01

SNOWFALL (INCHES)
RECORDS
 TOTAL              T   2012
TOTALS            0.0               0.0     0.0      0.0
SINCE 7/1         0.0               0.0     0.0      0.0
SNOWDEPTH AVG.      0                MM      MM        0
DAYS >= 1.0         0               0.0     0.0        0
GREATEST
 SNOW DEPTH         0   MM                             0  MM
 24 HR TOTAL      0.0   07/31 TO 07/31

DEGREE_DAYS
HEATING TOTAL       0                 5      -5        0
 SINCE 7/1          0                 5      -5        0
COOLING TOTAL     326               276      50      317
 SINCE 1/1        507               476      31      717
.................................................................

WIND (MPH)
AVERAGE WIND SPEED              7.6
HIGHEST WIND SPEED/DIRECTION    31/040    DATE  07/20
HIGHEST GUST SPEED/DIRECTION    52/250    DATE  07/12

SKY COVER
POSSIBLE SUNSHINE (PERCENT)   MM
AVERAGE SKY COVER           0.50
NUMBER OF DAYS FAIR            8
NUMBER OF DAYS PC             19
NUMBER OF DAYS CLOUDY          4

AVERAGE RH (PERCENT)     68

WEATHER CONDITIONS. NUMBER OF DAYS WITH
  0
  4
  0
  0
  0
  0
  0
HAZE                      7

-  INDICATES NEGATIVE NUMBERS.
R  INDICATES RECORD WAS SET OR TIED.
MM INDICATES DATA IS MISSING.
T  INDICATES TRACE AMOUNT.

$$
