000
CXUS55 KGJT 011917
CLMMTJ

CLIMATE REPORT
NATIONAL WEATHER SERVICE GRAND JUNCTION CO
419 AM MDT WED MAY 1 2019

...................................

...THE MONTROSE CO CLIMATE SUMMARY FOR THE MONTH OF APRIL 2019...

CLIMATE NORMAL PERIOD 1981 TO 2010
CLIMATE RECORD PERIOD 9999 TO 9999

WEATHER         OBSERVED          NORMAL  DEPART  LAST YEAR`S
                 VALUE   DATE(S)  VALUE   FROM    VALUE  DATE(S)
                                          NORMAL
................................................................
TEMPERATURE (F)
HIGHEST            74   04/28        MM      MM       77  04/27
                        04/26
                        04/25
LOWEST             26   04/01        MM      MM       23  04/18
AVG. MAXIMUM     64.9              62.8     2.2     64.7
AVG. MINIMUM     37.9              35.1     2.7     35.9
MEAN             51.4              49.0     2.4     50.3
DAYS MAX >= 90      0               0.0     0.0        0
DAYS MAX <= 32      0               0.0     0.0        0
DAYS MIN <= 32      8               8.6    -0.6       12
DAYS MIN <= 0       0               0.0     0.0        0

PRECIPITATION (INCHES)
TOTALS           1.16              0.97    0.19     0.63
DAILY AVG.       0.04              0.03    0.01     0.02
DAYS >= .01         7                MM      MM        6
DAYS >= .10         3                MM      MM        1
DAYS >= .50         1                MM      MM        0
DAYS >= 1.00        0                MM      MM        0
GREATEST
 24 HR. TOTAL    0.51   04/29 TO 04/29              0.41

SNOWFALL (INCHES)
TOTALS             MM                MM      MM       MM
SINCE 7/1          MM                MM      MM       MM
SNOWDEPTH AVG.     MM                MM      MM       MM
DAYS >= 1.0        MM                MM      MM       MM
GREATEST
 SNOW DEPTH        MM                                 MM  MM
 24 HR TOTAL       MM                                 MM

DEGREE_DAYS
HEATING TOTAL     389               482     -93      434
 SINCE 7/1       5980              5938      42     5277
COOLING TOTAL       0                 0       0        0
 SINCE 1/1          0                 0       0        0
.................................................................

WIND (MPH)
AVERAGE WIND SPEED              7.9
HIGHEST WIND SPEED/DIRECTION    38/230    DATE  04/28
HIGHEST GUST SPEED/DIRECTION    54/210    DATE  04/28

SKY COVER
POSSIBLE SUNSHINE (PERCENT)   MM
AVERAGE SKY COVER           0.30
NUMBER OF DAYS FAIR           21
NUMBER OF DAYS PC              5
NUMBER OF DAYS CLOUDY          3

AVERAGE RH (PERCENT)     45

WEATHER CONDITIONS. NUMBER OF DAYS WITH
THUNDERSTORM              5     MIXED PRECIP                0
HEAVY RAIN                1     RAIN                        3
LIGHT RAIN               11     FREEZING RAIN               0
LT FREEZING RAIN          0     HAIL                        0
HEAVY SNOW                0     SNOW                        1
LIGHT SNOW                4     SLEET                       0
FOG                       3     FOG W/VIS <= 1/4 MILE       0
HAZE                      7

-  INDICATES NEGATIVE NUMBERS.
R  INDICATES RECORD WAS SET OR TIED.
MM INDICATES DATA IS MISSING.
T  INDICATES TRACE AMOUNT.

$$
