000
CXUS53 KILX 011805
CLMMTO
CLIMATE REPORT
NATIONAL WEATHER SERVICE LINCOLN IL
105 PM CDT MON APR 01 2024
...................................
...THE MATTOON IL AIRPORT CLIMATE SUMMARY FOR THE MONTH OF MARCH 2024...
CLIMATE NORMAL PERIOD 1991 TO 2020
CLIMATE RECORD PERIOD 9999 TO 9999
WEATHER OBSERVED NORMAL DEPART LAST YEAR`S
VALUE DATE(S) VALUE FROM VALUE
NORMAL
..............................................................
TEMPERATURE (F)
RECORD
HIGH MM MM
LOW 11 03/12/2022
HIGHEST 76 03/14 MM MM 71
LOWEST 26 03/18 MM MM 16
AVG. MAXIMUM 58.8 52.2 6.6 51.4
AVG. MINIMUM 37.7 33.0 4.7 32.7
MEAN 48.3 42.6 5.7 42.1
DAYS MAX >= 90 0 0.0 0.0 0
DAYS MAX <= 32 0 1.5 -1.5 1
DAYS MIN <= 32 11 15.8 -4.8 13
DAYS MIN <= 0 0 0.1 -0.1 0
PRECIPITATION (INCHES)
RECORD
MAXIMUM 6.30 2022
MINIMUM 3.26 2021
TOTALS 3.00R 2.22 0.78 5.64
DAILY AVG. 0.10 0.07 0.03 0.18
DAYS >= .01 7 9.4 -2.4 15
DAYS >= .10 5 5.5 -0.5 9
DAYS >= .50 3 1.2 1.8 3
DAYS >= 1.00 0 0.3 -0.3 2
GREATEST
24 HR. TOTAL 0.94 03/05 TO 03/05 1.63
DEGREE DAYS
HEATING TOTAL 511 697 -186 702
SINCE 7/1 3818 4806 -988 MM
COOLING TOTAL 0 3 -3 0
SINCE 1/1 0 3 -3 MM
..............................................................
WIND (MPH)
AVERAGE WIND SPEED 11.6
HIGHEST WIND SPEED/DIRECTION 36/010 DATE 03/22
HIGHEST GUST SPEED/DIRECTION 49/160 DATE 03/25
AVERAGE RH (PERCENT) 66
WEATHER CONDITIONS. NUMBER OF DAYS WITH
THUNDERSTORM 4 MIXED PRECIP 0
HEAVY RAIN 4 RAIN 4
LIGHT RAIN 10 FREEZING RAIN 0
LT FREEZING RAIN 0 HAIL 0
HEAVY SNOW 0 SNOW 0
LIGHT SNOW 1 SLEET 0
FOG 12 FOG W/VIS <= 1/4 MILE 1
HAZE 0
- INDICATES NEGATIVE NUMBERS.
R INDICATES RECORD WAS SET OR TIED.
MM INDICATES DATA IS MISSING.
T INDICATES TRACE AMOUNT.
$$