643
CXUS53 KILX 011352
CLMMTO


CLIMATE REPORT
NATIONAL WEATHER SERVICE LINCOLN IL
841 AM CDT THU AUG 1 2019

...................................

...THE MATTOON IL AIRPORT CLIMATE SUMMARY FOR THE MONTH OF JULY 2019...

CLIMATE NORMAL PERIOD 1981 TO 2010
CLIMATE RECORD PERIOD 9999 TO 9999

WEATHER         OBSERVED          NORMAL  DEPART  LAST YEAR`S
                 VALUE   DATE(S)  VALUE   FROM    VALUE
                                          NORMAL
.............................................................
TEMPERATURE (F)
RECORD
 HIGH              MM   MM
 LOW               MM   MM
HIGHEST            93   07/10        MM      MM       94
LOWEST             53   07/23        MM      MM       56
AVG. MAXIMUM     86.4              85.7     0.7     84.4
AVG. MINIMUM     67.4              65.6     1.8     65.4
MEAN             76.9              75.6     1.3     74.9
DAYS MAX >= 90      6               6.4    -0.4        6
DAYS MAX <= 32      0               0.0     0.0        0
DAYS MIN <= 32      0               0.0     0.0        0
DAYS MIN <= 0       0               0.0     0.0        0

PRECIPITATION (INCHES)
RECORD
 MAXIMUM           MM   MM
 MINIMUM           MM   MM
TOTALS           2.76              4.25   -1.49     5.69
DAILY AVG.       0.09              0.14   -0.05     0.18
DAYS >= .01        10                MM      MM       10
DAYS >= .10         5                MM      MM        6
DAYS >= .50         2                MM      MM        5
DAYS >= 1.00        1                MM      MM        2
GREATEST
 24 HR. TOTAL    1.24   07/05 TO 07/05              1.50

DEGREE_DAYS
HEATING TOTAL       0                 1      -1        0
 SINCE 7/1          0                 1      -1        0
COOLING TOTAL     377               330      47      313
 SINCE 1/1        718               641      77      867
..............................................................

WIND (MPH)
AVERAGE WIND SPEED              6.2
HIGHEST WIND SPEED/DIRECTION    21/280    DATE  07/03
HIGHEST GUST SPEED/DIRECTION    33/230    DATE  07/04

AVERAGE RH (PERCENT)     73

WEATHER CONDITIONS. NUMBER OF DAYS WITH
THUNDERSTORM              7     MIXED PRECIP               0
HEAVY RAIN                4     RAIN                       6
LIGHT RAIN               11     FREEZING RAIN              0
LT FREEZING RAIN          0     HAIL                       0
HEAVY SNOW                0     SNOW                       0
LIGHT SNOW                0     SLEET                      0
FOG                      14     FOG W/VIS <= 1/4 MILE      2
HAZE                      5

-  INDICATES NEGATIVE NUMBERS.
R  INDICATES RECORD WAS SET OR TIED.
MM INDICATES DATA IS MISSING.
T  INDICATES TRACE AMOUNT.

$$
